Back
From: Nigel Horne
Subject: FAIL JQuery-DataTables-Heavy-0.04 v5.16.3 GNU/Linux
Date: 2015-04-29T23:29:40Z
This distribution has been tested as part of the CPAN Testers
project, supporting the Perl programming language. See
http://wiki.cpantesters.org/ for more information or email
questions to cpan-testers-discuss@perl.org
--
Dear Yusuke Watase,
This is a computer-generated report for JQuery-DataTables-Heavy-0.04
on perl 5.16.3, created by CPAN-Reporter-1.2014.
Thank you for uploading your work to CPAN. However, there was a problem
testing your distribution.
If you think this report is invalid, please consult the CPAN Testers Wiki
for suggestions on how to avoid getting FAIL reports for missing library
or binary dependencies, unsupported operating systems, and so on:
http://wiki.cpantesters.org/wiki/CPANAuthorNotes
Sections of this report:
* Tester comments
* Program output
* Prerequisites
* Environment and other context
------------------------------
TESTER COMMENTS
------------------------------
Additional comments from tester:
this report is from an automated smoke testing program
and was not reviewed by a human for accuracy
------------------------------
PROGRAM OUTPUT
------------------------------
Output from './Build test':
t/00_compile.t ....................... ok
Can't locate DBIx/Class/Schema.pm in @INC (@INC contains: . /home/njh/.cpan/build/JQuery-DataTables-Heavy-0.04-F0iDop/blib/lib /home/njh/.cpan/build/JQuery-DataTables-Heavy-0.04-F0iDop/blib/arch /home/njh/.cpan/build/JQuery-DataTables-Heavy-0.04-F0iDop/_build/lib /home/njh/.cpan/build/Test-Mock-Guard-0.10-pGP3l_/blib/arch /home/njh/.cpan/build/Test-Mock-Guard-0.10-pGP3l_/blib/lib /home/njh/.cpan/build/SQL-Abstract-Limit-0.141-oSTv4C/blib/arch /home/njh/.cpan/build/SQL-Abstract-Limit-0.141-oSTv4C/blib/lib /home/njh/.cpan/build/SQL-Abstract-1.81-EsqWMk/blib/arch /home/njh/.cpan/build/SQL-Abstract-1.81-EsqWMk/blib/lib /home/njh/.cpan/build/Hash-Merge-0.200-iQ0UFb/blib/arch /home/njh/.cpan/build/Hash-Merge-0.200-iQ0UFb/blib/lib /home/njh/perl5/perlbrew/perls/perl-5.16.3/lib/site_perl/5.16.3/x86_64-linux-thread-multi /home/njh/perl5/perlbrew/perls/perl-5.16.3/lib/site_perl/5.16.3 /home/njh/perl5/perlbrew/perls/perl-5.16.3/lib/5.16.3/x86_64-linux-thread-multi /home/njh/perl5/perlbrew/perls/perl-5.16.3/lib/5.16.3) at /home/njh/.cpan/build/Test-Mock-Guard-0.10-pGP3l_/blib/lib/Test/Mock/Guard.pm line 41.
Test::Mock::Guard::new("Test::Mock::Guard", "DBIx::Class::Schema", HASH(0x2323db0)) called at /home/njh/.cpan/build/Test-Mock-Guard-0.10-pGP3l_/blib/lib/Test/Mock/Guard.pm line 18
Test::Mock::Guard::mock_guard("DBIx::Class::Schema", HASH(0x2323db0)) called at t/10_jquery-datatables-heavy-dbic.t line 13
# Tests were run but no plan was declared and done_testing() was not seen.
# Looks like your test exited with 2 just after 1.
t/10_jquery-datatables-heavy-dbic.t ..
Dubious, test returned 2 (wstat 512, 0x200)
All 1 subtests passed
t/11_jquery-datatables-heavy-dbi.t ... ok
Test Summary Report
-------------------
t/10_jquery-datatables-heavy-dbic.t (Wstat: 512 Tests: 1 Failed: 0)
Non-zero exit status: 2
Parse errors: No plan found in TAP output
Files=3, Tests=12, 0 wallclock secs ( 0.03 usr 0.01 sys + 0.27 cusr 0.02 csys = 0.33 CPU)
Result: FAIL
Failed 1/3 test programs. 0/12 subtests failed.
------------------------------
PREREQUISITES
------------------------------
Prerequisite modules loaded:
requires:
Module Need Have
---------------------- -------- --------
Class::Load 0 0.20
Hash::Merge 0 0.200
Moo 0 1.004002
MooX::Types::MooseLike 0 0.25
perl 5.008005 5.016003
SQL::Abstract::Limit 0 0.141
version 0.77 0.9904
build_requires:
Module Need Have
---------------------- -------- --------
Test::Mock::Guard 0.09 0.10
Test::More 0.98 1.001002
configure_requires:
Module Need Have
---------------------- -------- --------
Module::Build 0.38 0.4206
------------------------------
ENVIRONMENT AND OTHER CONTEXT
------------------------------
Environment variables:
AUTOMATED_TESTING = 1
LANG = en_GB.UTF-8
LANGUAGE = en_GB:en
LD_LIBRARY_PATH = /usr/local/lib::
PATH = /home/njh/perl5/perlbrew/bin:/home/njh/perl5/perlbrew/perls/perl-5.16.3/bin:/home/njh/perl5/perlbrew/bin:/usr/local/bin:/usr/bin:/bin:/usr/local/games:/usr/games:/home/njh/bin:/sbin
PERL5LIB = /home/njh/.cpan/build/Test-Mock-Guard-0.10-pGP3l_/blib/arch:/home/njh/.cpan/build/Test-Mock-Guard-0.10-pGP3l_/blib/lib:/home/njh/.cpan/build/SQL-Abstract-Limit-0.141-oSTv4C/blib/arch:/home/njh/.cpan/build/SQL-Abstract-Limit-0.141-oSTv4C/blib/lib:/home/njh/.cpan/build/SQL-Abstract-1.81-EsqWMk/blib/arch:/home/njh/.cpan/build/SQL-Abstract-1.81-EsqWMk/blib/lib:/home/njh/.cpan/build/Hash-Merge-0.200-iQ0UFb/blib/arch:/home/njh/.cpan/build/Hash-Merge-0.200-iQ0UFb/blib/lib
PERL5OPT =
PERL5_CPANPLUS_IS_RUNNING = 651
PERL5_CPAN_IS_RUNNING = 651
PERL5_MINISMOKEBOX = 0.58
PERLBREW_BASHRC_VERSION = 0.73
PERLBREW_HOME = /home/njh/.perlbrew
PERLBREW_LIB =
PERLBREW_MANPATH = /home/njh/perl5/perlbrew/perls/perl-5.16.3/man
PERLBREW_PATH = /home/njh/perl5/perlbrew/bin:/home/njh/perl5/perlbrew/perls/perl-5.16.3/bin
PERLBREW_PERL = perl-5.16.3
PERLBREW_ROOT = /home/njh/perl5/perlbrew
PERLBREW_VERSION = 0.73
PERL_EXTUTILS_AUTOINSTALL = --defaultdeps
PERL_LOCAL_LIB_ROOT =
PERL_MM_USE_DEFAULT = 1
SHELL = /bin/bash
TMPDIR = /home/njh/tmp
Perl special variables (and OS-specific diagnostics, for MSWin32):
$^X = /home/njh/perl5/perlbrew/perls/perl-5.16.3/bin/perl
$UID/$EUID = 1000 / 1000
$GID = 1000 4 24 25 29 30 44 46 108 112 1000
$EGID = 1000 4 24 25 29 30 44 46 108 112 1000
Perl module toolchain versions installed:
Module Have
------------------- --------
CPAN 1.9800
CPAN::Meta 2.133380
Cwd 3.40
ExtUtils::CBuilder 0.280216
ExtUtils::Command 1.18
ExtUtils::Install 1.58
ExtUtils::MakeMaker 7.04
ExtUtils::Manifest 1.65
ExtUtils::ParseXS 3.22
File::Spec 3.40
JSON 2.61
JSON::PP 2.27203
Module::Build 0.4206
Module::Signature 0.73
Parse::CPAN::Meta 1.4409
Test::Harness 3.30
Test::More 1.001002
YAML 0.88
YAML::Syck 1.29
version 0.9904
--
Summary of my perl5 (revision 5 version 16 subversion 3) configuration:
Platform:
osname=linux, osvers=3.2.0-4-amd64, archname=x86_64-linux-thread-multi
uname='linux nigelhorne.force9.co.uk 3.2.0-4-amd64 #1 smp debian 3.2.32-1 x86_64 gnulinux '
config_args='-de -Dprefix=/home/njh/perl5/perlbrew/perls/perl-5.16.3 -Duseithreads -Dusemultiplicity -Accflags=-O2 -W -Wformat=2 -Wswitch -Wshadow -Wwrite-strings -Wuninitialized -Wall -pipe -mtune=native -march=native -fomit-frame-pointer -msse2 -msse -mmmx -mfpmath=sse -pedantic -D_FORTIFY_SOURCE=2 -Wpointer-arith -Wstrict-prototypes -fstack-protector -Wstack-protector -Wextra -Wbad-function-cast -Wcast-align -Wcast-qual -Wdisabled-optimization -Wendif-labels -Wfloat-equal -Wformat-nonliteral -Winline -Wmissing-declarations -Wmissing-prototypes -Wnested-externs -Wpointer-arith -Wundef -Wformat-security -ftree-vectorize -fassociative-math -ftree-vectorizer-verbose=2 -Aeval:scriptdir=/home/njh/perl5/perlbrew/perls/perl-5.16.3/bin'
hint=recommended, useposix=true, d_sigaction=define
useithreads=define, usemultiplicity=define
useperlio=define, d_sfio=undef, uselargefiles=define, usesocks=undef
use64bitint=define, use64bitall=define, uselongdouble=undef
usemymalloc=n, bincompat5005=undef
Compiler:
cc='cc', ccflags ='-D_REENTRANT -D_GNU_SOURCE -O2 -W -Wformat=2 -Wswitch -Wshadow -Wwrite-strings -Wuninitialized -Wall -pipe -mtune=native -march=native -fomit-frame-pointer -msse2 -msse -mmmx -mfpmath=sse -pedantic -D_FORTIFY_SOURCE=2 -Wpointer-arith -Wstrict-prototypes -fstack-protector -Wstack-protector -Wextra -Wbad-function-cast -Wcast-align -Wcast-qual -Wdisabled-optimization -Wendif-labels -Wfloat-equal -Wformat-nonliteral -Winline -Wmissing-declarations -Wmissing-prototypes -Wnested-externs -Wpointer-arith -Wundef -Wformat-security -ftree-vectorize -fassociative-math -ftree-vectorizer-verbose=2 -fno-strict-aliasing -I/usr/local/include -D_LARGEFILE_SOURCE -D_FILE_OFFSET_BITS=64',
optimize='-O2',
cppflags='-D_REENTRANT -D_GNU_SOURCE -O2 -W -Wformat=2 -Wswitch -Wshadow -Wwrite-strings -Wuninitialized -Wall -pipe -mtune=native -march=native -fomit-frame-pointer -msse2 -msse -mmmx -mfpmath=sse -pedantic -D_FORTIFY_SOURCE=2 -Wpointer-arith -Wstrict-prototypes -fstack-protector -Wstack-protector -Wextra -Wbad-function-cast -Wcast-align -Wcast-qual -Wdisabled-optimization -Wendif-labels -Wfloat-equal -Wformat-nonliteral -Winline -Wmissing-declarations -Wmissing-prototypes -Wnested-externs -Wpointer-arith -Wundef -Wformat-security -ftree-vectorize -fassociative-math -ftree-vectorizer-verbose=2 -fno-strict-aliasing -I/usr/local/include'
ccversion='', gccversion='4.7.2', gccosandvers=''
intsize=4, longsize=8, ptrsize=8, doublesize=8, byteorder=12345678
d_longlong=define, longlongsize=8, d_longdbl=define, longdblsize=16
ivtype='long', ivsize=8, nvtype='double', nvsize=8, Off_t='off_t', lseeksize=8
alignbytes=8, prototype=define
Linker and Libraries:
ld='cc', ldflags =' -fstack-protector -L/usr/local/lib'
libpth=/usr/local/lib /lib/x86_64-linux-gnu /lib/../lib /usr/lib/x86_64-linux-gnu /usr/lib/../lib /lib /usr/lib
libs=-lnsl -lgdbm -ldb -ldl -lm -lcrypt -lutil -lpthread -lc -lgdbm_compat
perllibs=-lnsl -ldl -lm -lcrypt -lutil -lpthread -lc
libc=, so=so, useshrplib=false, libperl=libperl.a
gnulibc_version='2.13'
Dynamic Linking:
dlsrc=dl_dlopen.xs, dlext=so, d_dlsymun=undef, ccdlflags='-Wl,-E'
cccdlflags='-fPIC', lddlflags='-shared -O2 -L/usr/local/lib -fstack-protector'
Characteristics of this binary (from libperl):
Compile-time options: HAS_TIMES MULTIPLICITY PERLIO_LAYERS
PERL_DONT_CREATE_GVSV PERL_IMPLICIT_CONTEXT
PERL_MALLOC_WRAP PERL_PRESERVE_IVUV USE_64_BIT_ALL
USE_64_BIT_INT USE_ITHREADS USE_LARGE_FILES
USE_LOCALE USE_LOCALE_COLLATE USE_LOCALE_CTYPE
USE_LOCALE_NUMERIC USE_PERLIO USE_PERL_ATOF
USE_REENTRANT_API
Built under linux
Compiled at Mar 22 2013 12:27:08
%ENV:
PERL5LIB="/home/njh/.cpan/build/Test-Mock-Guard-0.10-pGP3l_/blib/arch:/home/njh/.cpan/build/Test-Mock-Guard-0.10-pGP3l_/blib/lib:/home/njh/.cpan/build/SQL-Abstract-Limit-0.141-oSTv4C/blib/arch:/home/njh/.cpan/build/SQL-Abstract-Limit-0.141-oSTv4C/blib/lib:/home/njh/.cpan/build/SQL-Abstract-1.81-EsqWMk/blib/arch:/home/njh/.cpan/build/SQL-Abstract-1.81-EsqWMk/blib/lib:/home/njh/.cpan/build/Hash-Merge-0.200-iQ0UFb/blib/arch:/home/njh/.cpan/build/Hash-Merge-0.200-iQ0UFb/blib/lib"
PERL5OPT=""
PERL5_CPANPLUS_IS_RUNNING="651"
PERL5_CPAN_IS_RUNNING="651"
PERL5_MINISMOKEBOX="0.58"
PERLBREW_BASHRC_VERSION="0.73"
PERLBREW_HOME="/home/njh/.perlbrew"
PERLBREW_LIB=""
PERLBREW_MANPATH="/home/njh/perl5/perlbrew/perls/perl-5.16.3/man"
PERLBREW_PATH="/home/njh/perl5/perlbrew/bin:/home/njh/perl5/perlbrew/perls/perl-5.16.3/bin"
PERLBREW_PERL="perl-5.16.3"
PERLBREW_ROOT="/home/njh/perl5/perlbrew"
PERLBREW_VERSION="0.73"
PERL_EXTUTILS_AUTOINSTALL="--defaultdeps"
PERL_LOCAL_LIB_ROOT=""
PERL_MM_USE_DEFAULT="1"
@INC:
/home/njh/.cpan/build/Test-Mock-Guard-0.10-pGP3l_/blib/arch
/home/njh/.cpan/build/Test-Mock-Guard-0.10-pGP3l_/blib/lib
/home/njh/.cpan/build/SQL-Abstract-Limit-0.141-oSTv4C/blib/arch
/home/njh/.cpan/build/SQL-Abstract-Limit-0.141-oSTv4C/blib/lib
/home/njh/.cpan/build/SQL-Abstract-1.81-EsqWMk/blib/arch
/home/njh/.cpan/build/SQL-Abstract-1.81-EsqWMk/blib/lib
/home/njh/.cpan/build/Hash-Merge-0.200-iQ0UFb/blib/arch
/home/njh/.cpan/build/Hash-Merge-0.200-iQ0UFb/blib/lib
/home/njh/perl5/perlbrew/perls/perl-5.16.3/lib/site_perl/5.16.3/x86_64-linux-thread-multi
/home/njh/perl5/perlbrew/perls/perl-5.16.3/lib/site_perl/5.16.3
/home/njh/perl5/perlbrew/perls/perl-5.16.3/lib/5.16.3/x86_64-linux-thread-multi
/home/njh/perl5/perlbrew/perls/perl-5.16.3/lib/5.16.3
.