Back
From: metabase:user:9820532a-708b-1014-9a05-b18a96298da1
Subject: FAIL Parallel-Workers-0.0.9 v5.15.5 FreeBSD
Date: 2011-11-28T22:52:15Z
This distribution has been tested as part of the CPAN Testers
project, supporting the Perl programming language. See
http://wiki.cpantesters.org/ for more information or email
questions to cpan-testers-discuss@perl.org
--
Dear Olivier Evalet,
This is a computer-generated report for Parallel-Workers-0.0.9
on perl 5.15.5, created by CPAN-Reporter-1.2002.
Thank you for uploading your work to CPAN. However, there was a problem
testing your distribution.
If you think this report is invalid, please consult the CPAN Testers Wiki
for suggestions on how to avoid getting FAIL reports for missing library
or binary dependencies, unsupported operating systems, and so on:
http://wiki.cpantesters.org/wiki/CPANAuthorNotes
Sections of this report:
* Tester comments
* Program output
* Prerequisites
* Environment and other context
------------------------------
TESTER COMMENTS
------------------------------
Additional comments from tester:
this report is from an automated smoke testing program
and was not reviewed by a human for accuracy
------------------------------
PROGRAM OUTPUT
------------------------------
Output from '/usr/bin/make test':
PERL_DL_NONLAZY=1 /usr/home/test/perl5/perlbrew/perls/perl-5.15.5/bin/perl5.15.5 "-MExtUtils::Command::MM" "-e" "test_harness(0, 'blib/lib', 'blib/arch')" t/*.t
# Failed test 'use Parallel::Workers;'
# at t/00.load.t line 4.
# Tried to use 'Parallel::Workers'.
# Error: This Perl not built to support threads
# Compilation failed in require at /usr/home/test/.cpan/build/Parallel-Workers-0.0.9-dTB_52/blib/lib/Parallel/Workers.pm line 8.
# BEGIN failed--compilation aborted at /usr/home/test/.cpan/build/Parallel-Workers-0.0.9-dTB_52/blib/lib/Parallel/Workers.pm line 8.
# Compilation failed in require at (eval 4) line 2.
# BEGIN failed--compilation aborted at (eval 4) line 2.
# Failed test 'use Parallel::Workers::Backend::SSH;'
# at t/00.load.t line 7.
# Tried to use 'Parallel::Workers::Backend::SSH'.
# Error: Can't locate Net/SSH/Perl.pm in @INC (@INC contains: /usr/home/test/.cpan/build/Parallel-Workers-0.0.9-dTB_52/blib/lib /usr/home/test/.cpan/build/Parallel-Workers-0.0.9-dTB_52/blib/arch /home/test/perl5/perlbrew/perls/perl-5.15.5/lib/site_perl/5.15.5/amd64-freebsd /home/test/perl5/perlbrew/perls/perl-5.15.5/lib/site_perl/5.15.5 /home/test/perl5/perlbrew/perls/perl-5.15.5/lib/5.15.5/amd64-freebsd /home/test/perl5/perlbrew/perls/perl-5.15.5/lib/5.15.5 .) at /usr/home/test/.cpan/build/Parallel-Workers-0.0.9-dTB_52/blib/lib/Parallel/Workers/Backend/SSH.pm line 6.
# BEGIN failed--compilation aborted at /usr/home/test/.cpan/build/Parallel-Workers-0.0.9-dTB_52/blib/lib/Parallel/Workers/Backend/SSH.pm line 6.
# Compilation failed in require at (eval 31) line 2.
# BEGIN failed--compilation aborted at (eval 31) line 2.
Use of uninitialized value $Parallel::Workers::VERSION in concatenation (.) or string at t/00.load.t line 10.
# Testing Parallel::Workers
# Looks like you failed 2 tests of 4.
t/00.load.t ........
Dubious, test returned 2 (wstat 512, 0x200)
Failed 2/4 subtests
Name "Parallel::Workers::WARN" used only once: possible typo at t/process-0.t line 29.
# Failed test 'use Parallel::Workers;'
# at t/process-0.t line 3.
# Tried to use 'Parallel::Workers'.
# Error: This Perl not built to support threads
# Compilation failed in require at /usr/home/test/.cpan/build/Parallel-Workers-0.0.9-dTB_52/blib/lib/Parallel/Workers.pm line 8.
# BEGIN failed--compilation aborted at /usr/home/test/.cpan/build/Parallel-Workers-0.0.9-dTB_52/blib/lib/Parallel/Workers.pm line 8.
# Compilation failed in require at (eval 4) line 2.
# BEGIN failed--compilation aborted at (eval 4) line 2.
Can't locate object method "new" via package "Parallel::Workers" at t/process-0.t line 33.
# Looks like you planned 6 tests but ran 1.
# Looks like you failed 1 test of 1 run.
# Looks like your test exited with 255 just after 1.
t/process-0.t ......
Dubious, test returned 255 (wstat 65280, 0xff00)
Failed 6/6 subtests
# Failed test 'use Parallel::Workers;'
# at t/ssh-0.t line 3.
# Tried to use 'Parallel::Workers'.
# Error: This Perl not built to support threads
# Compilation failed in require at /usr/home/test/.cpan/build/Parallel-Workers-0.0.9-dTB_52/blib/lib/Parallel/Workers.pm line 8.
# BEGIN failed--compilation aborted at /usr/home/test/.cpan/build/Parallel-Workers-0.0.9-dTB_52/blib/lib/Parallel/Workers.pm line 8.
# Compilation failed in require at (eval 4) line 2.
# BEGIN failed--compilation aborted at (eval 4) line 2.
Can't locate object method "new" via package "Parallel::Workers" at t/ssh-0.t line 14.
# Looks like you planned 3 tests but ran 1.
# Looks like you failed 1 test of 1 run.
# Looks like your test exited with 255 just after 1.
t/ssh-0.t ..........
Dubious, test returned 255 (wstat 65280, 0xff00)
Failed 3/3 subtests
Name "Parallel::Workers::WARN" used only once: possible typo at t/transaction-0.t line 13.
# Failed test 'use Parallel::Workers;'
# at t/transaction-0.t line 3.
# Tried to use 'Parallel::Workers'.
# Error: This Perl not built to support threads
# Compilation failed in require at /usr/home/test/.cpan/build/Parallel-Workers-0.0.9-dTB_52/blib/lib/Parallel/Workers.pm line 8.
# BEGIN failed--compilation aborted at /usr/home/test/.cpan/build/Parallel-Workers-0.0.9-dTB_52/blib/lib/Parallel/Workers.pm line 8.
# Compilation failed in require at (eval 4) line 2.
# BEGIN failed--compilation aborted at (eval 4) line 2.
# Failed test 'use Parallel::Workers::Transaction;'
# at t/transaction-0.t line 4.
# Tried to use 'Parallel::Workers::Transaction'.
# Error: Attempt to reload threads.pm aborted.
# Compilation failed in require at /usr/home/test/.cpan/build/Parallel-Workers-0.0.9-dTB_52/blib/lib/Parallel/Workers/Shared.pm line 8.
# BEGIN failed--compilation aborted at /usr/home/test/.cpan/build/Parallel-Workers-0.0.9-dTB_52/blib/lib/Parallel/Workers/Shared.pm line 8.
# Compilation failed in require at /usr/home/test/.cpan/build/Parallel-Workers-0.0.9-dTB_52/blib/lib/Parallel/Workers/Transaction.pm line 8.
# BEGIN failed--compilation aborted at /usr/home/test/.cpan/build/Parallel-Workers-0.0.9-dTB_52/blib/lib/Parallel/Workers/Transaction.pm line 8.
# Compilation failed in require at (eval 8) line 2.
# BEGIN failed--compilation aborted at (eval 8) line 2.
Can't locate object method "new" via package "Parallel::Workers" at t/transaction-0.t line 17.
# Looks like you planned 7 tests but ran 2.
# Looks like you failed 2 tests of 2 run.
# Looks like your test exited with 255 just after 2.
t/transaction-0.t ..
Dubious, test returned 255 (wstat 65280, 0xff00)
Failed 7/7 subtests
Test Summary Report
-------------------
t/00.load.t (Wstat: 512 Tests: 4 Failed: 2)
Failed tests: 1, 4
Non-zero exit status: 2
t/process-0.t (Wstat: 65280 Tests: 1 Failed: 1)
Failed test: 1
Non-zero exit status: 255
Parse errors: Bad plan. You planned 6 tests but ran 1.
t/ssh-0.t (Wstat: 65280 Tests: 1 Failed: 1)
Failed test: 1
Non-zero exit status: 255
Parse errors: Bad plan. You planned 3 tests but ran 1.
t/transaction-0.t (Wstat: 65280 Tests: 2 Failed: 2)
Failed tests: 1-2
Non-zero exit status: 255
Parse errors: Bad plan. You planned 7 tests but ran 2.
Files=4, Tests=8, 1 wallclock secs ( 0.06 usr 0.09 sys + 0.23 cusr 0.16 csys = 0.53 CPU)
Result: FAIL
Failed 4/4 test programs. 6/8 subtests failed.
*** Error code 255
Stop in /usr/home/test/.cpan/build/Parallel-Workers-0.0.9-dTB_52.
------------------------------
PREREQUISITES
------------------------------
Prerequisite modules loaded:
requires:
Module Need Have
------------------- ---- ----
Data::Serializer 0 0.59
File::Find::Rule 0 0.33
File::Temp 0 0.22
Getopt::Long 0 2.38
Math::BigInt::GMP 0 1.37
build_requires:
Module Need Have
------------------- ---- ----
ExtUtils::MakeMaker 0 6.62
------------------------------
ENVIRONMENT AND OTHER CONTEXT
------------------------------
Environment variables:
AUTOMATED_TESTING = 1
LANG = C
LC_ALL = C
PATH = /home/test/perl5/perlbrew/bin:/home/test/perl5/perlbrew/perls/perl-5.15.5/bin:~/bin:/sbin:/bin:/usr/sbin:/usr/bin:/usr/games:/usr/local/sbin:/usr/local/bin:/home/test/bin
PATH_WITHOUT_PERLBREW = ~/bin:/sbin:/bin:/usr/sbin:/usr/bin:/usr/games:/usr/local/sbin:/usr/local/bin:/home/test/bin
PERL5LIB =
PERL5OPT =
PERL5_CPANPLUS_IS_RUNNING = 14345
PERL5_CPAN_IS_RUNNING = 14345
PERL5_CPAN_IS_RUNNING_IN_RECURSION = 1056,14345
PERLBREW_BASHRC_VERSION = 0.33
PERLBREW_HOME = /home/test/.perlbrew
PERLBREW_PATH = /home/test/perl5/perlbrew/bin:/home/test/perl5/perlbrew/perls/perl-5.15.5/bin
PERLBREW_PERL = perl-5.15.5
PERLBREW_ROOT = /home/test/perl5/perlbrew
PERLBREW_VERSION = 0.33
PERL_CPANM_OPT = --prompt --mirror http://172.16.1.3/cpan/
PERL_CR_SMOKER_CURRENT = Parallel-Workers-0.0.9
PERL_EXTUTILS_AUTOINSTALL = --defaultdeps
PERL_MM_USE_DEFAULT = 1
SHELL = /usr/local/bin/bash
TERM = linux
Perl special variables (and OS-specific diagnostics, for MSWin32):
$^X = /usr/home/test/perl5/perlbrew/perls/perl-5.15.5/bin/perl5.15.5
$UID/$EUID = 1002 / 1002
$GID = 1002 1002
$EGID = 1002 1002
Perl module toolchain versions installed:
Module Have
------------------- --------
CPAN 1.9800
CPAN::Meta 2.112621
Cwd 3.33
ExtUtils::CBuilder 0.280202
ExtUtils::Command 1.17
ExtUtils::Install 1.57
ExtUtils::MakeMaker 6.62
ExtUtils::Manifest 1.60
ExtUtils::ParseXS 3.05
File::Spec 3.33
JSON 2.53
JSON::PP 2.27008
Module::Build 0.39_01
Module::Signature n/a
Parse::CPAN::Meta 1.4401
Test::Harness 3.23
Test::More 0.98
YAML 0.73
YAML::Syck 1.19
version 0.95
--
Summary of my perl5 (revision 5 version 15 subversion 5) configuration:
Platform:
osname=freebsd, osvers=8.1-release, archname=amd64-freebsd
uname='freebsd fbsd.local 8.1-release freebsd 8.1-release #0: mon jul 19 02:36:49 utc 2010 root@mason.cse.buffalo.edu:usrobjusrsrcsysgeneric amd64 '
config_args='-de -Dprefix=/home/test/perl5/perlbrew/perls/perl-5.15.5 -Dusedevel'
hint=recommended, useposix=true, d_sigaction=define
useithreads=undef, usemultiplicity=undef
useperlio=define, d_sfio=undef, uselargefiles=define, usesocks=undef
use64bitint=define, use64bitall=define, uselongdouble=undef
usemymalloc=n, bincompat5005=undef
Compiler:
cc='cc', ccflags ='-DHAS_FPSETMASK -DHAS_FLOATINGPOINT_H -fno-strict-aliasing -pipe -fstack-protector -I/usr/local/include',
optimize='-O',
cppflags='-DHAS_FPSETMASK -DHAS_FLOATINGPOINT_H -fno-strict-aliasing -pipe -fstack-protector -I/usr/local/include'
ccversion='', gccversion='4.2.1 20070719 [FreeBSD]', gccosandvers=''
intsize=4, longsize=8, ptrsize=8, doublesize=8, byteorder=12345678
d_longlong=define, longlongsize=8, d_longdbl=define, longdblsize=16
ivtype='long', ivsize=8, nvtype='double', nvsize=8, Off_t='off_t', lseeksize=8
alignbytes=8, prototype=define
Linker and Libraries:
ld='cc', ldflags ='-Wl,-E -fstack-protector -L/usr/local/lib'
libpth=/usr/lib /usr/local/lib
libs=-lm -lcrypt -lutil -lc
perllibs=-lm -lcrypt -lutil -lc
libc=, so=so, useshrplib=false, libperl=libperl.a
gnulibc_version=''
Dynamic Linking:
dlsrc=dl_dlopen.xs, dlext=so, d_dlsymun=undef, ccdlflags=' '
cccdlflags='-DPIC -fPIC', lddlflags='-shared -L/usr/local/lib -fstack-protector'
Characteristics of this binary (from libperl):
Compile-time options: HAS_TIMES PERLIO_LAYERS PERL_DONT_CREATE_GVSV
PERL_MALLOC_WRAP PERL_PRESERVE_IVUV PERL_USE_DEVEL
USE_64_BIT_ALL USE_64_BIT_INT USE_LARGE_FILES
USE_LOCALE USE_LOCALE_COLLATE USE_LOCALE_CTYPE
USE_LOCALE_NUMERIC USE_PERLIO USE_PERL_ATOF
Built under freebsd
Compiled at Nov 22 2011 00:07:42
%ENV:
PERL5LIB=""
PERL5OPT=""
PERL5_CPANPLUS_IS_RUNNING="14345"
PERL5_CPAN_IS_RUNNING="14345"
PERL5_CPAN_IS_RUNNING_IN_RECURSION="1056,14345"
PERLBREW_BASHRC_VERSION="0.33"
PERLBREW_HOME="/home/test/.perlbrew"
PERLBREW_PATH="/home/test/perl5/perlbrew/bin:/home/test/perl5/perlbrew/perls/perl-5.15.5/bin"
PERLBREW_PERL="perl-5.15.5"
PERLBREW_ROOT="/home/test/perl5/perlbrew"
PERLBREW_VERSION="0.33"
PERL_CPANM_OPT="--prompt --mirror http://172.16.1.3/cpan/"
PERL_CR_SMOKER_CURRENT="Parallel-Workers-0.0.9"
PERL_EXTUTILS_AUTOINSTALL="--defaultdeps"
PERL_MM_USE_DEFAULT="1"
@INC:
/home/test/perl5/perlbrew/perls/perl-5.15.5/lib/site_perl/5.15.5/amd64-freebsd
/home/test/perl5/perlbrew/perls/perl-5.15.5/lib/site_perl/5.15.5
/home/test/perl5/perlbrew/perls/perl-5.15.5/lib/5.15.5/amd64-freebsd
/home/test/perl5/perlbrew/perls/perl-5.15.5/lib/5.15.5
.