Net-RabbitMQ v0.1.5 Perl 5 v5.12.0 darwin-thread-multi-64int-2level

Status
Fail
From
Chris Williams (BINGOS)
Dist
Net-RabbitMQ v0.1.5
Platform
Perl 5 v5.12.0 darwin-thread-multi-64int-2level
Date
2010-07-16T21:32:22
ID
9ec88bf6-9121-11df-a1aa-55996e8696e0
This distribution has been tested as part of the CPAN Testers
project, supporting the Perl programming language.  See
http://wiki.cpantesters.org/ for more information or email
questions to cpan-testers-discuss@perl.org


--

Dear Theo Schlossnagle,
    
This is a computer-generated error report created automatically by
CPANPLUS, version 0.9006. Testers personal comments may appear 
at the end of this report.


Thank you for uploading your work to CPAN.  However, it appears that
there were some problems testing your distribution.

TEST RESULTS:

Below is the error stack from stage 'make test':

[MSG] [Fri Jul 16 22:34:35 2010] Checking if your kit is complete...
Looks good
Writing Makefile for Net::RabbitMQ

[MSG] [Fri Jul 16 22:34:35 2010] DEFAULT 'filter_prereqs' HANDLER RETURNING 'sub return value'
[MSG] [Fri Jul 16 22:34:35 2010] Checking for previous PASS result for "Net-RabbitMQ-0.1.5"
[MSG] [Fri Jul 16 22:35:10 2010] cp RabbitMQ.pm blib/lib/Net/RabbitMQ.pm
/Volumes/Media/smoke/rel/perl-5.12.0/bin/perl /Volumes/Media/smoke/rel/perl-5.12.0/lib/5.12.0/ExtUtils/xsubpp  -typemap /Volumes/Media/smoke/rel/perl-5.12.0/lib/5.12.0/ExtUtils/typemap -typemap typemap  RabbitMQ.xs > RabbitMQ.xsc && mv RabbitMQ.xsc RabbitMQ.c
cc -c   -fno-common -DPERL_DARWIN -no-cpp-precomp -fno-strict-aliasing -pipe -I/usr/local/include -O3   -DVERSION=\"0.1.5\" -DXS_VERSION=\"0.1.5\"  "-I/Volumes/Media/smoke/rel/perl-5.12.0/lib/5.12.0/darwin-thread-multi-64int-2level/CORE"   RabbitMQ.c
RabbitMQ.xs: In function 'XS_Net__RabbitMQ_ack':
RabbitMQ.xs:383: warning: pointer targets in assignment differ in signedness
cc -c   -fno-common -DPERL_DARWIN -no-cpp-precomp -fno-strict-aliasing -pipe -I/usr/local/include -O3   -DVERSION=\"0.1.5\" -DXS_VERSION=\"0.1.5\"  "-I/Volumes/Media/smoke/rel/perl-5.12.0/lib/5.12.0/darwin-thread-multi-64int-2level/CORE"   amqp_api.c
cc -c   -fno-common -DPERL_DARWIN -no-cpp-precomp -fno-strict-aliasing -pipe -I/usr/local/include -O3   -DVERSION=\"0.1.5\" -DXS_VERSION=\"0.1.5\"  "-I/Volumes/Media/smoke/rel/perl-5.12.0/lib/5.12.0/darwin-thread-multi-64int-2level/CORE"   amqp_connection.c
cc -c   -fno-common -DPERL_DARWIN -no-cpp-precomp -fno-strict-aliasing -pipe -I/usr/local/include -O3   -DVERSION=\"0.1.5\" -DXS_VERSION=\"0.1.5\"  "-I/Volumes/Media/smoke/rel/perl-5.12.0/lib/5.12.0/darwin-thread-multi-64int-2level/CORE"   amqp_debug.c
cc -c   -fno-common -DPERL_DARWIN -no-cpp-precomp -fno-strict-aliasing -pipe -I/usr/local/include -O3   -DVERSION=\"0.1.5\" -DXS_VERSION=\"0.1.5\"  "-I/Volumes/Media/smoke/rel/perl-5.12.0/lib/5.12.0/darwin-thread-multi-64int-2level/CORE"   amqp_framing.c
cc -c   -fno-common -DPERL_DARWIN -no-cpp-precomp -fno-strict-aliasing -pipe -I/usr/local/include -O3   -DVERSION=\"0.1.5\" -DXS_VERSION=\"0.1.5\"  "-I/Volumes/Media/smoke/rel/perl-5.12.0/lib/5.12.0/darwin-thread-multi-64int-2level/CORE"   amqp_mem.c
In file included from amqp_mem.c:10:
amqp_config.h:1:1: warning: "VERSION" redefined
<command line>:1:1: warning: this is the location of the previous definition
cc -c   -fno-common -DPERL_DARWIN -no-cpp-precomp -fno-strict-aliasing -pipe -I/usr/local/include -O3   -DVERSION=\"0.1.5\" -DXS_VERSION=\"0.1.5\"  "-I/Volumes/Media/smoke/rel/perl-5.12.0/lib/5.12.0/darwin-thread-multi-64int-2level/CORE"   amqp_socket.c
cc -c   -fno-common -DPERL_DARWIN -no-cpp-precomp -fno-strict-aliasing -pipe -I/usr/local/include -O3   -DVERSION=\"0.1.5\" -DXS_VERSION=\"0.1.5\"  "-I/Volumes/Media/smoke/rel/perl-5.12.0/lib/5.12.0/darwin-thread-multi-64int-2level/CORE"   amqp_table.c
Running Mkbootstrap for Net::RabbitMQ ()
chmod 644 RabbitMQ.bs
rm -f blib/arch/auto/Net/RabbitMQ/RabbitMQ.bundle
env MACOSX_DEPLOYMENT_TARGET=10.3 cc  -bundle -undefined dynamic_lookup -L/usr/local/lib RabbitMQ.o amqp_api.o amqp_connection.o amqp_debug.o amqp_framing.o amqp_mem.o amqp_socket.o amqp_table.o  -o blib/arch/auto/Net/RabbitMQ/RabbitMQ.bundle 	\
     	\
  
chmod 755 blib/arch/auto/Net/RabbitMQ/RabbitMQ.bundle
cp RabbitMQ.bs blib/arch/auto/Net/RabbitMQ/RabbitMQ.bs
chmod 644 blib/arch/auto/Net/RabbitMQ/RabbitMQ.bs
Manifying blib/man3/Net::RabbitMQ.3

[ERROR] [Fri Jul 16 22:35:18 2010] MAKE TEST failed: No such file or directory PERL_DL_NONLAZY=1 /Volumes/Media/smoke/rel/perl-5.12.0/bin/perl "-MExtUtils::Command::MM" "-e" "test_harness(0, 'blib/lib', 'blib/arch')" t/*.t

#   Failed test 'connect'
#   at t/001_declare_exchange.t line 12.
#          got: 'Opening socket: Connection refused
# '
#     expected: ''

#   Failed test 'channel_open'
#   at t/001_declare_exchange.t line 14.
#          got: 'Opening channel: Operation not permitted
# '
#     expected: ''
t/001_declare_exchange.t .. 
Dubious, test returned 3 (wstat 768, 0x300)
Failed 3/5 subtests 

#   Failed test 'exchange_delcare'
#   at t/001_declare_exchange.t line 16.
#          got: 'Declaring exchange: Operation not permitted
# '
#     expected: ''
# Looks like you failed 3 tests of 5.

#   Failed test 'connect'
#   at t/002_publish.t line 12.
#          got: 'Opening socket: Connection refused
# '
#     expected: ''

#   Failed test 'channel_open'
#   at t/002_publish.t line 14.
#          got: 'Opening channel: Operation not permitted
# '
#     expected: ''

#   Failed test 'queue_declare'
#   at t/002_publish.t line 16.
#          got: 'Declaring queue: Operation not permitted
# '
#     expected: ''

#   Failed test 'queue_bind'
#   at t/002_publish.t line 18.
#          got: 'Binding queue: Operation not permitted
# '
#     expected: ''
# Looks like you failed 4 tests of 7.
t/002_publish.t ........... 
Dubious, test returned 4 (wstat 1024, 0x400)
Failed 4/7 subtests 

#   Failed test 'connect'
#   at t/003_consume.t line 13.
#          got: 'Opening socket: Connection refused
# '
#     expected: ''

#   Failed test 'channel_open'
#   at t/003_consume.t line 15.
#          got: 'Opening channel: Operation not permitted
# '
#     expected: ''

#   Failed test 'consume'
#   at t/003_consume.t line 17.
#          got: 'Consume queue: Operation not permitted
# '
#     expected: ''

#   Failed test 'recv'
#   at t/003_consume.t line 21.
#          got: 'Bad frame read. at t/003_consume.t line 20.
# '
#     expected: ''
Use of uninitialized value in substitution (s///) at t/003_consume.t line 22.

#   Failed test 'payload'
#   at t/003_consume.t line 23.
#     Structures begin differing at:
#          $got->{body} = Does not exist
#     $expected->{body} = 'Magic Payload'
# Looks like you failed 5 tests of 7.
t/003_consume.t ........... 
Dubious, test returned 5 (wstat 1280, 0x500)
Failed 5/7 subtests 

#   Failed test 'connect'
#   at t/004_selfconsume.t line 13.
#          got: 'Opening socket: Connection refused
# '
#     expected: ''

#   Failed test 'channel_open'
#   at t/004_selfconsume.t line 15.
#          got: 'Opening channel: Operation not permitted
# '
#     expected: ''

#   Failed test 'queue_declare'
#   at t/004_selfconsume.t line 18.
#          got: 'Declaring queue: Operation not permitted
# '
#     expected: ''

#   Failed test 'queue_declare -> private name'
#   at t/004_selfconsume.t line 19.
#          got: ''
#     expected: anything else

#   Failed test 'queue_bind'
#   at t/004_selfconsume.t line 21.
#          got: 'Binding queue: Operation not permitted
# '
#     expected: ''

#   Failed test 'consume'
#   at t/004_selfconsume.t line 24.
#          got: 'Consume queue: Operation not permitted
# '
#     expected: ''

#   Failed test 'recv'
#   at t/004_selfconsume.t line 28.
#          got: 'Bad frame read. at t/004_selfconsume.t line 27.
# '
#     expected: ''
Use of uninitialized value in substitution (s///) at t/004_selfconsume.t line 29.

#   Failed test 'payload'
#   at t/004_selfconsume.t line 30.
#     Structures begin differing at:
#          $got->{body} = Does not exist
#     $expected->{body} = 'Magic Transient Payload'
# Looks like you failed 8 tests of 10.
t/004_selfconsume.t ....... 
Dubious, test returned 8 (wstat 2048, 0x800)
Failed 8/10 subtests 

#   Failed test 'connect'
#   at t/005_noack.t line 13.
#          got: 'Opening socket: Connection refused
# '
#     expected: ''

#   Failed test 'channel_open'
#   at t/005_noack.t line 15.
#          got: 'Opening channel: Operation not permitted
# '
#     expected: ''

#   Failed test 'queue_declare'
#   at t/005_noack.t line 17.
#          got: 'Declaring queue: Operation not permitted
# '
#     expected: ''

#   Failed test 'queue_bind'
#   at t/005_noack.t line 19.
#          got: 'Binding queue: Operation not permitted
# '
#     expected: ''

#   Failed test 'purge'
#   at t/005_noack.t line 21.
#          got: 'Purging queue: Operation not permitted
# '
#     expected: ''

#   Failed test 'consuming'
#   at t/005_noack.t line 25.
#          got: 'Consume queue: Operation not permitted
# '
#     expected: ''
Use of uninitialized value in substitution (s///) at t/005_noack.t line 28.

#   Failed test 'payload'
#   at t/005_noack.t line 29.
#     Structures begin differing at:
#          $got->{body} = Does not exist
#     $expected->{body} = 'Magic Payload 10814'

#   Failed test 'disconnect'
#   at t/005_noack.t line 38.
#          got: 'Closing connection: Operation not permitted
# '
#     expected: ''

#   Failed test 'connect'
#   at t/005_noack.t line 41.
#          got: 'Opening socket: Connection refused
# '
#     expected: ''

#   Failed test 'channel_open'
#   at t/005_noack.t line 43.
#          got: 'Opening channel: Operation not permitted
# '
#     expected: ''

#   Failed test 'consuming'
#   at t/005_noack.t line 45.
#          got: 'Consume queue: Operation not permitted
# '
#     expected: ''
Use of uninitialized value in substitution (s///) at t/005_noack.t line 49.

#   Failed test 'payload'
#   at t/005_noack.t line 50.
#     Structures begin differing at:
#          $got->{body} = Does not exist
#     $expected->{body} = 'Magic Payload 10814'
Use of uninitialized value in subroutine entry at t/005_noack.t line 58.
t/005_noack.t ............. 
Dubious, test returned 13 (wstat 3328, 0xd00)
Failed 13/16 subtests 

#   Failed test 'acking'
#   at t/005_noack.t line 59.
#          got: 'bad tag at t/005_noack.t line 58.
# '
#     expected: ''
# Looks like you failed 13 tests of 16.

#   Failed test 'connect'
#   at t/006_txn.t line 13.
#          got: 'Opening socket: Connection refused
# '
#     expected: ''

#   Failed test 'channel_open'
#   at t/006_txn.t line 15.
#          got: 'Opening channel: Operation not permitted
# '
#     expected: ''

#   Failed test 'queue_declare'
#   at t/006_txn.t line 18.
#          got: 'Declaring queue: Operation not permitted
# '
#     expected: ''

#   Failed test 'queue_declare -> private name'
#   at t/006_txn.t line 19.
#          got: ''
#     expected: anything else

#   Failed test 'queue_bind'
#   at t/006_txn.t line 21.
#          got: 'Binding queue: Operation not permitted
# '
#     expected: ''

#   Failed test 'tx_select'
#   at t/006_txn.t line 23.
#          got: 'Selecting transaction: Operation not permitted
# '
#     expected: ''

#   Failed test 'tx_rollback'
#   at t/006_txn.t line 26.
#          got: 'Rolling Back transaction: Operation not permitted
# '
#     expected: ''

#   Failed test 'tx_commit'
#   at t/006_txn.t line 29.
#          got: 'Commiting transaction: Operation not permitted
# '
#     expected: ''

#   Failed test 'consume'
#   at t/006_txn.t line 31.
#          got: 'Consume queue: Operation not permitted
# '
#     expected: ''

#   Failed test 'recv'
#   at t/006_txn.t line 35.
#          got: 'Bad frame read. at t/006_txn.t line 34.
# '
#     expected: ''
Use of uninitialized value in substitution (s///) at t/006_txn.t line 36.

#   Failed test 'payload'
#   at t/006_txn.t line 37.
#     Structures begin differing at:
#          $got->{body} = Does not exist
#     $expected->{body} = 'Magic Transient Payload (Commit)'
# Looks like you failed 11 tests of 13.
t/006_txn.t ............... 
Dubious, test returned 11 (wstat 2816, 0xb00)
Failed 11/13 subtests 

#   Failed test 'connect'
#   at t/007_get.t line 13.
#          got: 'Opening socket: Connection refused
# '
#     expected: ''

#   Failed test 'channel_open'
#   at t/007_get.t line 15.
#          got: 'Opening channel: Operation not permitted
# '
#     expected: ''

#   Failed test 'queue_declare'
#   at t/007_get.t line 18.
#          got: 'Declaring queue: Operation not permitted
# '
#     expected: ''

#   Failed test 'queue_declare -> private name'
#   at t/007_get.t line 19.
#          got: ''
#     expected: anything else

#   Failed test 'queue_bind'
#   at t/007_get.t line 21.
#          got: 'Binding queue: Operation not permitted
# '
#     expected: ''

#   Failed test 'get'
#   at t/007_get.t line 25.
#          got: 'basic_get: Operation not permitted
# '
#     expected: ''

#   Failed test 'get'
#   at t/007_get.t line 31.
#          got: 'basic_get: Operation not permitted
# '
#     expected: ''
Use of uninitialized value in substitution (s///) at t/007_get.t line 32.

#   Failed test 'get should see message'
#   at t/007_get.t line 33.
#     Structures begin differing at:
#          $got->{body} = Does not exist
#     $expected->{body} = 'Magic Transient Payload'

#   Failed test 'get'
#   at t/007_get.t line 64.
#          got: 'basic_get: Operation not permitted
# '
#     expected: ''
Use of uninitialized value in substitution (s///) at t/007_get.t line 65.

#   Failed test 'get should see message'
#   at t/007_get.t line 67.
#     Structures begin differing at:
#          $got->{body} = Does not exist
#     $expected->{body} = 'Magic Transient Payload 2'
# Looks like you failed 10 tests of 13.
t/007_get.t ............... 
Dubious, test returned 10 (wstat 2560, 0xa00)
Failed 10/13 subtests 

#   Failed test 'connect'
#   at t/008_queue_declare.t line 12.
#          got: 'Opening socket: Connection refused
# '
#     expected: ''

#   Failed test 'channel_open'
#   at t/008_queue_declare.t line 14.
#          got: 'Opening channel: Operation not permitted
# '
#     expected: ''

#   Failed test 'queue_declare'
#   at t/008_queue_declare.t line 18.
#          got: 'Declaring queue: Operation not permitted
# '
#     expected: ''
Use of uninitialized value $queuename in concatenation (.) or string at t/008_queue_declare.t line 19.

#   Failed test 'queue_declare ->  = test.net.rabbitmq.perl'
#   at t/008_queue_declare.t line 19.
#          got: undef
#     expected: 'test.net.rabbitmq.perl'
# Looks like you failed 4 tests of 6.
t/008_queue_declare.t ..... 
Dubious, test returned 4 (wstat 1024, 0x400)
Failed 4/6 subtests 

Test Summary Report
-------------------
t/001_declare_exchange.t (Wstat: 768 Tests: 5 Failed: 3)
  Failed tests:  3-5
  Non-zero exit status: 3
t/002_publish.t         (Wstat: 1024 Tests: 7 Failed: 4)
  Failed tests:  3-6
  Non-zero exit status: 4
t/003_consume.t         (Wstat: 1280 Tests: 7 Failed: 5)
  Failed tests:  3-7
  Non-zero exit status: 5
t/004_selfconsume.t     (Wstat: 2048 Tests: 10 Failed: 8)
  Failed tests:  3-10
  Non-zero exit status: 8
t/005_noack.t           (Wstat: 3328 Tests: 16 Failed: 13)
  Failed tests:  3-7, 9-16
  Non-zero exit status: 13
t/006_txn.t             (Wstat: 2816 Tests: 13 Failed: 11)
  Failed tests:  3-13
  Non-zero exit status: 11
t/007_get.t             (Wstat: 2560 Tests: 13 Failed: 10)
  Failed tests:  3-8, 10-13
  Non-zero exit status: 10
t/008_queue_declare.t   (Wstat: 1024 Tests: 6 Failed: 4)
  Failed tests:  3-6
  Non-zero exit status: 4
Files=8, Tests=77,  7 wallclock secs ( 0.44 usr  0.20 sys +  2.26 cusr  0.52 csys =  3.42 CPU)
Result: FAIL
Failed 8/8 test programs. 58/77 subtests failed.
make: *** [test_dynamic] Error 4

[MSG] [Fri Jul 16 22:35:18 2010] DEFAULT 'proceed_on_test_failure' HANDLER RETURNING 'sub return value'


Perl module toolchain versions installed:
	Module Name                        Have
	CPANPLUS                         0.9006
	CPANPLUS::Dist::Build              0.46
	Cwd                                3.31
	ExtUtils::CBuilder               0.2703
	ExtUtils::Command                  1.16
	ExtUtils::Install                  1.55
	ExtUtils::MakeMaker                6.56
	ExtUtils::Manifest                 1.58
	ExtUtils::ParseXS                2.2206
	File::Spec                         3.31
	Module::Build                    0.3607
	Test::Harness                      3.21
	Test::More                         0.94
	version                            0.82

******************************** NOTE ********************************
The comments above are created mechanically, possibly without manual
checking by the sender.  As there are many people performing automatic
tests on each upload to CPAN, it is likely that you will receive 
identical messages about the same problem.

If you believe that the message is mistaken, please reply to the first
one with correction and/or additional informations, and do not take
it personally.  We appreciate your patience. :)
**********************************************************************

Additional comments:
 

This report was machine-generated by CPANPLUS::Dist::YACSmoke 0.58.
Powered by minismokebox version 0.26

------------------------------
ENVIRONMENT AND OTHER CONTEXT
------------------------------

Environment variables:

    AUTOMATED_TESTING = 1
    PATH = /bin:/sbin:/usr/bin:/usr/sbin:/usr/local/bin:/usr/local/sbin
    PERL5LIB = :/Volumes/Media/smoke/rel/conf/perl-5.12.0/.cpanplus/5.12.0/build/Net-RabbitMQ-0.1.5/blib/lib:/Volumes/Media/smoke/rel/conf/perl-5.12.0/.cpanplus/5.12.0/build/Net-RabbitMQ-0.1.5/blib/arch
    PERL5_CPANPLUS_IS_RUNNING = 10646
    PERL5_CPANPLUS_IS_VERSION = 0.9006
    PERL5_MINISMOKEBOX = 0.26
    PERL5_YACSMOKE_BASE = /Volumes/Media/smoke/rel/conf/perl-5.12.0
    PERL_EXTUTILS_AUTOINSTALL = --defaultdeps
    PERL_MM_USE_DEFAULT = 1
    SHELL = /bin/bash
    TERM = screen

Perl special variables (and OS-specific diagnostics, for MSWin32):

    Perl: $^X = /Volumes/Media/smoke/rel/perl-5.12.0/bin/perl
    UID:  $<  = 502
    EUID: $>  = 502
    GID:  $(  = 502 502
    EGID: $)  = 502 502


-------------------------------


--

Summary of my perl5 (revision 5 version 12 subversion 0) configuration:
   
  Platform:
    osname=darwin, osvers=8.11.0, archname=darwin-thread-multi-64int-2level
    uname='darwin afalglas.bingosnet.co.uk 8.11.0 darwin kernel version 8.11.0: wed oct 10 18:26:00 pdt 2007; root:xnu-792.24.17~1release_ppc power macintosh powerpc '
    config_args='-de -Dprefix=/Volumes/Media/smoke/rel/perl-5.12.0 -Dusethreads -Duse64bitint'
    hint=recommended, useposix=true, d_sigaction=define
    useithreads=define, usemultiplicity=define
    useperlio=define, d_sfio=undef, uselargefiles=define, usesocks=undef
    use64bitint=define, use64bitall=undef, uselongdouble=undef
    usemymalloc=n, bincompat5005=undef
  Compiler:
    cc='cc', ccflags ='-fno-common -DPERL_DARWIN -no-cpp-precomp -fno-strict-aliasing -pipe -I/usr/local/include',
    optimize='-O3',
    cppflags='-no-cpp-precomp -fno-common -DPERL_DARWIN -no-cpp-precomp -fno-strict-aliasing -pipe -I/usr/local/include'
    ccversion='', gccversion='4.0.1 (Apple Computer, Inc. build 5367)', gccosandvers=''
    intsize=4, longsize=4, ptrsize=4, doublesize=8, byteorder=87654321
    d_longlong=define, longlongsize=8, d_longdbl=define, longdblsize=16
    ivtype='long long', ivsize=8, nvtype='double', nvsize=8, Off_t='off_t', lseeksize=8
    alignbytes=8, prototype=define
  Linker and Libraries:
    ld='env MACOSX_DEPLOYMENT_TARGET=10.3 cc', ldflags =' -L/usr/local/lib'
    libpth=/usr/local/lib /usr/lib
    libs=-ldbm -ldl -lm -lc
    perllibs=-ldl -lm -lc
    libc=/usr/lib/libc.dylib, so=dylib, useshrplib=false, libperl=libperl.a
    gnulibc_version=''
  Dynamic Linking:
    dlsrc=dl_dlopen.xs, dlext=bundle, d_dlsymun=undef, ccdlflags=' '
    cccdlflags=' ', lddlflags=' -bundle -undefined dynamic_lookup -L/usr/local/lib'


Characteristics of this binary (from libperl): 
  Compile-time options: MULTIPLICITY PERL_DONT_CREATE_GVSV
                        PERL_IMPLICIT_CONTEXT PERL_MALLOC_WRAP USE_64_BIT_INT
                        USE_ITHREADS USE_LARGE_FILES USE_PERLIO USE_PERL_ATOF
                        USE_REENTRANT_API
  Built under darwin
  Compiled at Apr 15 2010 11:39:45
  %ENV:
    PERL5LIB=":/Volumes/Media/smoke/rel/conf/perl-5.12.0/.cpanplus/5.12.0/build/Net-RabbitMQ-0.1.5/blib/lib:/Volumes/Media/smoke/rel/conf/perl-5.12.0/.cpanplus/5.12.0/build/Net-RabbitMQ-0.1.5/blib/arch"
    PERL5_CPANPLUS_IS_RUNNING="10646"
    PERL5_CPANPLUS_IS_VERSION="0.9006"
    PERL5_MINISMOKEBOX="0.26"
    PERL5_YACSMOKE_BASE="/Volumes/Media/smoke/rel/conf/perl-5.12.0"
    PERL_EXTUTILS_AUTOINSTALL="--defaultdeps"
    PERL_MM_USE_DEFAULT="1"
  @INC:
    /Volumes/Media/smoke/rel/conf/perl-5.12.0/.cpanplus/5.12.0/build/Net-RabbitMQ-0.1.5/blib/lib
    /Volumes/Media/smoke/rel/conf/perl-5.12.0/.cpanplus/5.12.0/build/Net-RabbitMQ-0.1.5/blib/arch
    /Volumes/Media/smoke/rel/perl-5.12.0/lib/site_perl/5.12.0/darwin-thread-multi-64int-2level
    /Volumes/Media/smoke/rel/perl-5.12.0/lib/site_perl/5.12.0
    /Volumes/Media/smoke/rel/perl-5.12.0/lib/5.12.0/darwin-thread-multi-64int-2level
    /Volumes/Media/smoke/rel/perl-5.12.0/lib/5.12.0
    .