Test-WWW-Mechanize-Catalyst v0.62 Perl 5 v5.16.3 MSWin32-x64-multi-thread
- Status
- Fail
- From
- twata
- Dist
-
Test-WWW-Mechanize-Catalyst v0.62
- Platform
- Perl 5 v5.16.3 MSWin32-x64-multi-thread
- Date
- 2024-02-25 05:30:43
- ID
- a237ac4f-6ecf-1014-839c-3238cb952333
This distribution has been tested as part of the CPAN Testers
project, supporting the Perl programming language. See
http://wiki.cpantesters.org/ for more information or email
questions to cpan-testers-discuss@perl.org
--
Dear Matt S Trout,
This is a computer-generated report for Test-WWW-Mechanize-Catalyst-0.62
on perl 5.16.3, created by CPAN-Reporter-1.2019.
Thank you for uploading your work to CPAN. However, there was a problem
testing your distribution.
If you think this report is invalid, please consult the CPAN Testers Wiki
for suggestions on how to avoid getting FAIL reports for missing library
or binary dependencies, unsupported operating systems, and so on:
http://wiki.cpantesters.org/wiki/CPANAuthorNotes
Sections of this report:
* Tester comments
* Program output
* Prerequisites
* Environment and other context
------------------------------
TESTER COMMENTS
------------------------------
Additional comments from tester:
none provided
------------------------------
PROGRAM OUTPUT
------------------------------
Output from 'C:\Strawberry\c\bin\dmake.exe test':
C:\"Strawberry\perl\bin\perl.exe" "-MExtUtils::Command::MM" "-MTest::Harness" "-e" "undef *Test::Harness::Switches; test_harness(0, 'inc', 'blib\lib', 'blib\arch')" t/*.t
t/auth-test.t ........... ok
t/cookies.t ............. ok
t/decoded_content.t ..... ok
#
# ###################################################################
# Starting an external Catalyst HTTP server on port 7357
# To change the port, please set the TWMC_TEST_PORT env variable.
# (The server will be automatically shut-down right after the tests).
# ###################################################################
t/multi_content_type.t ..
Dubious, test returned 255 (wstat 65280, 0xff00)
All 1 subtests passed
t/pod.t ................. ok
t/redirect.t ............ ok
t/simple.t .............. ok
t/two_app.t ............. ok
t/useragent.t ........... ok
t/utf8.t ................ ok
t/white_label.t ......... ok
Test Summary Report
-------------------
t/multi_content_type.t (Wstat: 65280 (exited 255) Tests: 1 Failed: 0)
Non-zero exit status: 255
Parse errors: No plan found in TAP output
Files=11, Tests=100, 34 wallclock secs ( 0.08 usr + 0.08 sys = 0.16 CPU)
Result: FAIL
Failed 1/11 test programs. 0/100 subtests failed.
dmake.exe: Error code 255, while making 'test_dynamic'
------------------------------
PREREQUISITES
------------------------------
Prerequisite modules loaded:
requires:
Module Need Have
---------------------------------------- -------- --------
Catalyst 5.90 5.90131
Class::Load 0.19 0.25
LWP 5.816 6.73
Moose 0.67 2.2207
namespace::clean 0.09 0.27
perl 5.008004 5.016003
Test::WWW::Mechanize 1.14 1.54
WWW::Mechanize 1.54 2.17
build_requires:
Module Need Have
---------------------------------------- -------- --------
Catalyst::Plugin::Session::State::Cookie 0 0.18
Catalyst::Plugin::Session::Store::Dummy 0 0.43
ExtUtils::MakeMaker 6.59 7.70
Test::Exception 0 0.43
Test::More 0.88 1.302198
Test::utf8 0 1.02
configure_requires:
Module Need Have
---------------------------------------- -------- --------
ExtUtils::MakeMaker 6.59 7.70
------------------------------
ENVIRONMENT AND OTHER CONTEXT
------------------------------
Environment variables:
COMSPEC = C:\WINDOWS\system32\cmd.exe
NONINTERACTIVE_TESTING = 1
NUMBER_OF_PROCESSORS = 4
PATH = C:\home\pianokey\perl5\bin;C:\WINDOWS\system32;C:\WINDOWS;C:\WINDOWS\System32\Wbem;C:\WINDOWS\System32\WindowsPowerShell\v1.0\;C:\Strawberry\c\bin;C:\Strawberry\perl\site\bin;C:\Strawberry\perl\bin
PERL5LIB = C:\home\pianokey\perl5\lib\perl5
PERL5OPT =
PERL5_CPANPLUS_IS_RUNNING = 11252
PERL5_CPAN_IS_RUNNING = 11252
PERL_LOCAL_LIB_ROOT = C:\home\pianokey\perl5
PERL_MB_OPT = --install_base "C:\\home\\pianokey\\perl5"
PERL_MM_OPT = INSTALL_BASE=C:\\home\\pianokey\\perl5
PERL_MM_USE_DEFAULT = 1
PERL_USE_UNSAFE_INC = 1
PROCESSOR_IDENTIFIER = Intel64 Family 6 Model 58 Stepping 9, GenuineIntel
TEMP = C:\Users\USER\AppData\Local\Temp
TERM = dumb
Perl special variables (and OS-specific diagnostics, for MSWin32):
$^X = C:\Strawberry\perl\bin\perl.exe
$UID/$EUID = 0 / 0
$GID = 0
$EGID = 0
Win32::GetOSName = Win8
Win32::GetOSVersion = , 6, 2, 9200, 2, 0, 0, 256, 1
Win32::FsType = NTFS
Win32::IsAdminUser = 0
Perl module toolchain versions installed:
Module Have
------------------- --------
CPAN 2.34
CPAN::Meta 2.150010
Cwd 3.75
ExtUtils::CBuilder 0.280236
ExtUtils::Command 7.70
ExtUtils::Install 2.22
ExtUtils::MakeMaker 7.70
ExtUtils::Manifest 1.75
ExtUtils::ParseXS 3.51
File::Spec 3.75
JSON 4.10
JSON::PP 4.17_01
Module::Build 0.42_35
Module::Signature 0.88
Parse::CPAN::Meta 2.150010
Test2 1.302198
Test::Harness 3.47
Test::More 1.302198
YAML 1.31
YAML::Syck 1.34
version 0.9930
--
Summary of my perl5 (revision 5 version 16 subversion 3) configuration:
Platform:
osname=MSWin32, osvers=4.0, archname=MSWin32-x64-multi-thread
uname='Win32 strawberry-perl 5.16.3.1 #1 Tue Mar 12 12:12:07 2013 x64'
config_args='undef'
hint=recommended, useposix=true, d_sigaction=undef
useithreads=define, usemultiplicity=define
useperlio=define, d_sfio=undef, uselargefiles=define, usesocks=undef
use64bitint=define, use64bitall=undef, uselongdouble=undef
usemymalloc=n, bincompat5005=undef
Compiler:
cc='gcc', ccflags =' -s -O2 -DWIN32 -DWIN64 -DCONSERVATIVE -DPERL_TEXTMODE_SCRIPTS -DPERL_IMPLICIT_CONTEXT -DPERL_IMPLICIT_SYS -fno-strict-aliasing -mms-bitfields',
optimize='-s -O2',
cppflags='-DWIN32'
ccversion='', gccversion='4.6.3', gccosandvers=''
intsize=4, longsize=4, ptrsize=8, doublesize=8, byteorder=12345678
d_longlong=define, longlongsize=8, d_longdbl=define, longdblsize=12
ivtype='long long', ivsize=8, nvtype='double', nvsize=8, Off_t='long long', lseeksize=8
alignbytes=8, prototype=define
Linker and Libraries:
ld='g++', ldflags ='-s -L"C:\Strawberry\perl\lib\CORE" -L"C:\Strawberry\c\lib"'
libpth=C:\Strawberry\c\lib C:\Strawberry\c\x86_64-w64-mingw32\lib
libs=-lmoldname -lkernel32 -luser32 -lgdi32 -lwinspool -lcomdlg32 -ladvapi32 -lshell32 -lole32 -loleaut32 -lnetapi32 -luuid -lws2_32 -lmpr -lwinmm -lversion -lodbc32 -lodbccp32 -lcomctl32
perllibs=-lmoldname -lkernel32 -luser32 -lgdi32 -lwinspool -lcomdlg32 -ladvapi32 -lshell32 -lole32 -loleaut32 -lnetapi32 -luuid -lws2_32 -lmpr -lwinmm -lversion -lodbc32 -lodbccp32 -lcomctl32
libc=, so=dll, useshrplib=true, libperl=libperl516.a
gnulibc_version=''
Dynamic Linking:
dlsrc=dl_win32.xs, dlext=dll, d_dlsymun=undef, ccdlflags=' '
cccdlflags=' ', lddlflags='-mdll -s -L"C:\Strawberry\perl\lib\CORE" -L"C:\Strawberry\c\lib"'
Characteristics of this binary (from libperl):
Compile-time options: HAS_TIMES HAVE_INTERP_INTERN MULTIPLICITY
PERLIO_LAYERS PERL_DONT_CREATE_GVSV
PERL_IMPLICIT_CONTEXT PERL_IMPLICIT_SYS
PERL_MALLOC_WRAP PERL_PRESERVE_IVUV PL_OP_SLAB_ALLOC
USE_64_BIT_INT USE_ITHREADS USE_LARGE_FILES
USE_LOCALE USE_LOCALE_COLLATE USE_LOCALE_CTYPE
USE_LOCALE_NUMERIC USE_PERLIO USE_PERL_ATOF
Built under MSWin32
Compiled at Mar 12 2013 12:16:40
%ENV:
PERL5LIB="C:\home\pianokey\perl5\lib\perl5"
PERL5_CPANPLUS_IS_RUNNING="11252"
PERL5_CPAN_IS_RUNNING="11252"
PERL_LOCAL_LIB_ROOT="C:\home\pianokey\perl5"
PERL_MB_OPT="--install_base "C:\\home\\pianokey\\perl5""
PERL_MM_OPT="INSTALL_BASE=C:\\home\\pianokey\\perl5"
PERL_MM_USE_DEFAULT="1"
PERL_USE_UNSAFE_INC="1"
@INC:
C:\home\pianokey\perl5\lib\perl5/MSWin32-x64-multi-thread
C:\home\pianokey\perl5\lib\perl5
C:/Strawberry/perl/site/lib
C:/Strawberry/perl/vendor/lib
C:/Strawberry/perl/lib
.