Back
From: metabase:user:9820532a-708b-1014-9a05-b18a96298da1
Subject: FAIL Test-WWW-Mechanize-Catalyst-0.45 v5.15.8 GNU/Linux
Date: 2012-03-15T06:10:59Z
This distribution has been tested as part of the CPAN Testers
project, supporting the Perl programming language. See
http://wiki.cpantesters.org/ for more information or email
questions to cpan-testers-discuss@perl.org
--
Dear Leon Brocard,
This is a computer-generated report for Test-WWW-Mechanize-Catalyst-0.45
on perl 5.15.8, created by CPAN-Reporter-1.2005.
Thank you for uploading your work to CPAN. However, there was a problem
testing your distribution.
If you think this report is invalid, please consult the CPAN Testers Wiki
for suggestions on how to avoid getting FAIL reports for missing library
or binary dependencies, unsupported operating systems, and so on:
http://wiki.cpantesters.org/wiki/CPANAuthorNotes
Sections of this report:
* Tester comments
* Program output
* Prerequisites
* Environment and other context
------------------------------
TESTER COMMENTS
------------------------------
Additional comments from tester:
this report is from an automated smoke testing program
and was not reviewed by a human for accuracy
------------------------------
PROGRAM OUTPUT
------------------------------
Output from '/usr/bin/make test':
PERL_DL_NONLAZY=1 /home/test/perl5/perlbrew/perls/perl-blead/bin/perl5.15.8 "-MExtUtils::Command::MM" "-e" "test_harness(0, 'blib/lib', 'blib/arch')" t/*.t
[debug] Debug messages enabled
[debug] Statistics enabled
[debug] Loaded dispatcher "Catalyst::Dispatcher"
[debug] Loaded engine "Catalyst::Engine::CGI"
[debug] Couldn't find home
[warn] Action methods (default, hello, hi, greetings, bonjour, check_auth_basic, die, gzipped) found defined in your application class, Catty. This is deprecated, please move them into a Root controller.
[debug] Loaded Private actions:
.----------------------+--------------------------------------+--------------.
| Private | Class | Method |
+----------------------+--------------------------------------+--------------+
| /hi | Catty | hi |
| /gzipped | Catty | gzipped |
| /default | Catty | default |
| /die | Catty | die |
| /greetings | Catty | greetings |
| /hello | Catty | hello |
| /bonjour | Catty | bonjour |
| /check_auth_basic | Catty | check_auth_- |
| | | basic |
'----------------------+--------------------------------------+--------------'
[debug] Loaded Path actions:
.-------------------------------------+--------------------------------------.
| Path | Private |
+-------------------------------------+--------------------------------------+
| /bonjour/... | /bonjour |
| /check_auth_basic/... | /check_auth_basic |
| /die/... | /die |
| /greetings/... | /greetings |
| /gzipped/... | /gzipped |
| /hello/... | /hello |
| /hi/... | /hi |
'-------------------------------------+--------------------------------------'
[info] Catty powered by Catalyst 5.80033
Use of uninitialized value $auth in pattern match (m//) at t/lib/Catty.pm line 60.
Use of uninitialized value in subroutine entry at t/lib/Catty.pm line 61.
[info] *** Request 1 (1.000/s) [19528] [Thu Mar 15 06:10:51 2012] ***
[debug] "GET" request for "check_auth_basic/" from "127.0.0.1"
[debug] Path is "check_auth_basic"
[debug] Response Code: 401; Content-Type: text/html; Content-Length: 105
[info] Request took 0.004422s (226.142/s)
.------------------------------------------------------------+-----------.
| Action | Time |
+------------------------------------------------------------+-----------+
| /check_auth_basic | 0.000317s |
'------------------------------------------------------------+-----------'
# Failed test 'GET http://localhost/check_auth_basic/'
# at t/auth-test.t line 14.
# 401
# Unauthorized
# Failed test at t/auth-test.t line 16.
# got: '401'
# expected: '200'
Use of uninitialized value $auth in pattern match (m//) at t/lib/Catty.pm line 60.
Use of uninitialized value in subroutine entry at t/lib/Catty.pm line 61.
[info] *** Request 2 (2.000/s) [19528] [Thu Mar 15 06:10:51 2012] ***
[debug] "GET" request for "check_auth_basic/" from "127.0.0.1"
[debug] Path is "check_auth_basic"
[debug] Response Code: 401; Content-Type: text/html; Content-Length: 105
[info] Request took 0.004400s (227.273/s)
.------------------------------------------------------------+-----------.
| Action | Time |
+------------------------------------------------------------+-----------+
| /check_auth_basic | 0.000254s |
'------------------------------------------------------------+-----------'
# Looks like you failed 2 tests of 5.
t/auth-test.t ...........
Dubious, test returned 2 (wstat 512, 0x200)
Failed 2/5 subtests
[debug] Debug messages enabled
[debug] Statistics enabled
[debug] Loaded plugins:
.----------------------------------------------------------------------------.
| Catalyst::Plugin::Session 0.32 |
| Catalyst::Plugin::Session::State::Cookie 0.17 |
| Catalyst::Plugin::Session::Store::Dummy |
'----------------------------------------------------------------------------'
[debug] Loaded dispatcher "Catalyst::Dispatcher"
[debug] Loaded engine "Catalyst::Engine::CGI"
[debug] Couldn't find home
[warn] Action methods (auto, default) found defined in your application class, CattySession. This is deprecated, please move them into a Root controller.
[debug] Loaded Private actions:
.----------------------+--------------------------------------+--------------.
| Private | Class | Method |
+----------------------+--------------------------------------+--------------+
| /auto | CattySession | auto |
| /default | CattySession | default |
'----------------------+--------------------------------------+--------------'
[info] CattySession powered by Catalyst 5.80033
Use of uninitialized value $scheme in pattern match (m//) at /home/test/perl5/perlbrew/perls/perl-blead/lib/site_perl/5.15.8/HTTP/Cookies.pm line 44.
[info] *** Request 1 (1.000/s) [19547] [Thu Mar 15 06:10:53 2012] ***
[debug] "GET" request for "/" from "127.0.0.1"
[debug] Created session "e6fe8d6948f4432e26a9fc80f36fcc9ee4e628f0"
[debug] Response Code: 200; Content-Type: text/html; Content-Length: 114
[info] Request took 0.010889s (91.836/s)
.------------------------------------------------------------+-----------.
| Action | Time |
+------------------------------------------------------------+-----------+
| /auto | 0.003587s |
| /default | 0.000186s |
'------------------------------------------------------------+-----------'
t/cookies.t ............. ok
# ###################################################################
# Starting an external Catalyst HTTP server on port 7357
# To change the port, please set the TWMC_TEST_PORT env variable.
# (The server will be automatically shut-down right after the tests).
# ###################################################################
[warn] Action methods (default) found defined in your application class, ExternalCatty. This is deprecated, please move them into a Root controller.
Use of uninitialized value $scheme in pattern match (m//) at /home/test/perl5/perlbrew/perls/perl-blead/lib/site_perl/5.15.8/HTTP/Cookies.pm line 44.
t/multi_content_type.t .. ok
t/pod.t ................. ok
t/pod_coverage.t ........ ok
[debug] Debug messages enabled
[debug] Statistics enabled
[debug] Loaded dispatcher "Catalyst::Dispatcher"
[debug] Loaded engine "Catalyst::Engine::CGI"
[debug] Couldn't find home
[warn] Action methods (default, hello, hi, greetings, bonjour, check_auth_basic, die, gzipped) found defined in your application class, Catty. This is deprecated, please move them into a Root controller.
[debug] Loaded Private actions:
.----------------------+--------------------------------------+--------------.
| Private | Class | Method |
+----------------------+--------------------------------------+--------------+
| /hi | Catty | hi |
| /gzipped | Catty | gzipped |
| /default | Catty | default |
| /die | Catty | die |
| /greetings | Catty | greetings |
| /hello | Catty | hello |
| /bonjour | Catty | bonjour |
| /check_auth_basic | Catty | check_auth_- |
| | | basic |
'----------------------+--------------------------------------+--------------'
[debug] Loaded Path actions:
.-------------------------------------+--------------------------------------.
| Path | Private |
+-------------------------------------+--------------------------------------+
| /bonjour/... | /bonjour |
| /check_auth_basic/... | /check_auth_basic |
| /die/... | /die |
| /greetings/... | /greetings |
| /gzipped/... | /gzipped |
| /hello/... | /hello |
| /hi/... | /hi |
'-------------------------------------+--------------------------------------'
[info] Catty powered by Catalyst 5.80033
[info] *** Request 1 (1.000/s) [19656] [Thu Mar 15 06:10:55 2012] ***
[debug] "GET" request for "hi" from "127.0.0.1"
[debug] Path is "hi"
[debug] Redirecting to "http://localhost/hello"
[debug] Response Code: 302; Content-Type: unknown; Content-Length: 95
[info] Request took 0.003200s (312.500/s)
.------------------------------------------------------------+-----------.
| Action | Time |
+------------------------------------------------------------+-----------+
| /hi | 0.000248s |
'------------------------------------------------------------+-----------'
[info] *** Request 2 (2.000/s) [19656] [Thu Mar 15 06:10:55 2012] ***
[debug] "GET" request for "hello" from "127.0.0.1"
[debug] Path is "hello"
[debug] Response Code: 200; Content-Type: text/html; charset=utf-8; Content-Length: 107
[info] Request took 0.002552s (391.850/s)
.------------------------------------------------------------+-----------.
| Action | Time |
+------------------------------------------------------------+-----------+
| /hello | 0.000197s |
'------------------------------------------------------------+-----------'
[info] *** Request 3 (3.000/s) [19656] [Thu Mar 15 06:10:55 2012] ***
[debug] "GET" request for "greetings" from "127.0.0.1"
[debug] Path is "greetings"
[debug] Redirecting to "hello"
[debug] Response Code: 302; Content-Type: unknown; Content-Length: 78
[info] Request took 0.002548s (392.465/s)
.------------------------------------------------------------+-----------.
| Action | Time |
+------------------------------------------------------------+-----------+
| /greetings | 0.000163s |
'------------------------------------------------------------+-----------'
[info] *** Request 4 (4.000/s) [19656] [Thu Mar 15 06:10:55 2012] ***
[debug] "GET" request for "hello" from "127.0.0.1"
[debug] Path is "hello"
[debug] Response Code: 200; Content-Type: text/html; charset=utf-8; Content-Length: 107
[info] Request took 0.002515s (397.614/s)
.------------------------------------------------------------+-----------.
| Action | Time |
+------------------------------------------------------------+-----------+
| /hello | 0.000185s |
'------------------------------------------------------------+-----------'
[info] *** Request 5 (5.000/s) [19656] [Thu Mar 15 06:10:55 2012] ***
[debug] "GET" request for "bonjour" from "127.0.0.1"
[debug] Path is "bonjour"
[debug] Redirecting to "http://localhost/hi"
[debug] Response Code: 302; Content-Type: unknown; Content-Length: 92
[info] Request took 0.002620s (381.679/s)
.------------------------------------------------------------+-----------.
| Action | Time |
+------------------------------------------------------------+-----------+
| /bonjour | 0.000209s |
'------------------------------------------------------------+-----------'
[info] *** Request 6 (6.000/s) [19656] [Thu Mar 15 06:10:55 2012] ***
[debug] "GET" request for "hi" from "127.0.0.1"
[debug] Path is "hi"
[debug] Redirecting to "http://localhost/hello"
[debug] Response Code: 302; Content-Type: unknown; Content-Length: 95
[info] Request took 0.012209s (81.907/s)
.------------------------------------------------------------+-----------.
| Action | Time |
+------------------------------------------------------------+-----------+
| /hi | 0.000232s |
'------------------------------------------------------------+-----------'
[info] *** Request 7 (7.000/s) [19656] [Thu Mar 15 06:10:55 2012] ***
[debug] "GET" request for "hello" from "127.0.0.1"
[debug] Path is "hello"
[debug] Response Code: 200; Content-Type: text/html; charset=utf-8; Content-Length: 107
[info] Request took 0.002515s (397.614/s)
.------------------------------------------------------------+-----------.
| Action | Time |
+------------------------------------------------------------+-----------+
| /hello | 0.000184s |
'------------------------------------------------------------+-----------'
t/redirect.t ............ ok
[debug] Debug messages enabled
[debug] Statistics enabled
[debug] Loaded dispatcher "Catalyst::Dispatcher"
[debug] Loaded engine "Catalyst::Engine::CGI"
[debug] Couldn't find home
[warn] Action methods (default, hello, hi, greetings, bonjour, check_auth_basic, die, gzipped) found defined in your application class, Catty. This is deprecated, please move them into a Root controller.
[debug] Loaded Private actions:
.----------------------+--------------------------------------+--------------.
| Private | Class | Method |
+----------------------+--------------------------------------+--------------+
| /hi | Catty | hi |
| /gzipped | Catty | gzipped |
| /default | Catty | default |
| /die | Catty | die |
| /greetings | Catty | greetings |
| /hello | Catty | hello |
| /bonjour | Catty | bonjour |
| /check_auth_basic | Catty | check_auth_- |
| | | basic |
'----------------------+--------------------------------------+--------------'
[debug] Loaded Path actions:
.-------------------------------------+--------------------------------------.
| Path | Private |
+-------------------------------------+--------------------------------------+
| /bonjour/... | /bonjour |
| /check_auth_basic/... | /check_auth_basic |
| /die/... | /die |
| /greetings/... | /greetings |
| /gzipped/... | /gzipped |
| /hello/... | /hello |
| /hi/... | /hi |
'-------------------------------------+--------------------------------------'
[info] Catty powered by Catalyst 5.80033
[info] *** Request 1 (1.000/s) [19696] [Thu Mar 15 06:10:57 2012] ***
[debug] "GET" request for "/" from "127.0.0.1"
[debug] Response Code: 200; Content-Type: text/html; Content-Length: 114
[info] Request took 0.003246s (308.071/s)
.------------------------------------------------------------+-----------.
| Action | Time |
+------------------------------------------------------------+-----------+
| /default | 0.000218s |
'------------------------------------------------------------+-----------'
[info] *** Request 2 (2.000/s) [19696] [Thu Mar 15 06:10:57 2012] ***
[debug] "GET" request for "hello/" from "127.0.0.1"
[debug] Path is "hello"
[debug] Response Code: 200; Content-Type: text/html; charset=utf-8; Content-Length: 107
[info] Request took 0.010518s (95.075/s)
.------------------------------------------------------------+-----------.
| Action | Time |
+------------------------------------------------------------+-----------+
| /hello | 0.000258s |
'------------------------------------------------------------+-----------'
Wide character in print at /home/test/perl5/perlbrew/perls/perl-blead/lib/5.15.8/Test/Builder.pm line 1759.
[info] *** Request 3 (3.000/s) [19696] [Thu Mar 15 06:10:57 2012] ***
[debug] "GET" request for "/" from "127.0.0.1"
[debug] Response Code: 200; Content-Type: text/html; Content-Length: 114
[info] Request took 0.002618s (381.971/s)
.------------------------------------------------------------+-----------.
| Action | Time |
+------------------------------------------------------------+-----------+
| /default | 0.000186s |
'------------------------------------------------------------+-----------'
[info] *** Request 4 (4.000/s) [19696] [Thu Mar 15 06:10:57 2012] ***
[debug] "GET" request for "/" from "127.0.0.1"
[debug] Response Code: 200; Content-Type: text/html; Content-Length: 114
[info] Request took 0.002558s (390.930/s)
.------------------------------------------------------------+-----------.
| Action | Time |
+------------------------------------------------------------+-----------+
| /default | 0.000184s |
'------------------------------------------------------------+-----------'
[info] *** Request 5 (5.000/s) [19696] [Thu Mar 15 06:10:57 2012] ***
[debug] "GET" request for "hello/" from "127.0.0.1"
[debug] Path is "hello"
[debug] Response Code: 200; Content-Type: text/html; charset=utf-8; Content-Length: 107
[info] Request took 0.002531s (395.101/s)
.------------------------------------------------------------+-----------.
| Action | Time |
+------------------------------------------------------------+-----------+
| /hello | 0.000185s |
'------------------------------------------------------------+-----------'
Wide character in print at /home/test/perl5/perlbrew/perls/perl-blead/lib/5.15.8/Test/Builder.pm line 1759.
[info] *** Request 6 (6.000/s) [19696] [Thu Mar 15 06:10:57 2012] ***
[debug] "GET" request for "gzipped/" from "127.0.0.1"
[debug] Path is "gzipped"
[debug] Response Code: 200; Content-Type: text/html; charset=utf-8; Content-Length: 105
[info] Request took 0.022650s (44.150/s)
.------------------------------------------------------------+-----------.
| Action | Time |
+------------------------------------------------------------+-----------+
| /gzipped | 0.006724s |
'------------------------------------------------------------+-----------'
Wide character in print at /home/test/perl5/perlbrew/perls/perl-blead/lib/5.15.8/Test/Builder.pm line 1759.
[info] *** Request 7 (7.000/s) [19696] [Thu Mar 15 06:10:57 2012] ***
[debug] "GET" request for "die/" from "127.0.0.1"
[debug] Path is "die"
[error] Caught exception in Catty->die "erk! at t/lib/Catty.pm line 82."
[debug] Response Code: 500; Content-Type: text/html; charset=utf-8; Content-Length: 6045
[info] Request took 0.022436s (44.571/s)
.------------------------------------------------------------+-----------.
| Action | Time |
+------------------------------------------------------------+-----------+
| /die | 0.002364s |
'------------------------------------------------------------+-----------'
# Catalyst error screen: Caught exception in Catty->die "erk! at t/lib/Catty.pm line 82."
Use of uninitialized value $str in concatenation (.) or string at /home/test/perl5/perlbrew/perls/perl-blead/lib/site_perl/5.15.8/Test/WWW/Mechanize.pm line 530.
[info] *** Request 8 (8.000/s) [19696] [Thu Mar 15 06:10:57 2012] ***
[debug] "GET" request for "die/" from "127.0.0.1"
[debug] Path is "die"
[error] Caught exception in Catty->die "erk! at t/lib/Catty.pm line 82."
[debug] Response Code: 500; Content-Type: text/html; charset=utf-8; Content-Length: 6045
[info] Request took 0.004412s (226.655/s)
.------------------------------------------------------------+-----------.
| Action | Time |
+------------------------------------------------------------+-----------+
| /die | 0.000193s |
'------------------------------------------------------------+-----------'
# Catalyst error screen: Caught exception in Catty->die "erk! at t/lib/Catty.pm line 82."
Use of uninitialized value $str in concatenation (.) or string at /home/test/perl5/perlbrew/perls/perl-blead/lib/site_perl/5.15.8/Test/WWW/Mechanize.pm line 530.
[info] *** Request 9 (9.000/s) [19696] [Thu Mar 15 06:10:57 2012] ***
[debug] "GET" request for "die/" from "127.0.0.1"
[debug] Path is "die"
[error] Caught exception in Catty->die "erk! at t/lib/Catty.pm line 82."
[debug] Response Code: 500; Content-Type: text/html; charset=utf-8; Content-Length: 6045
[info] Request took 0.013366s (74.817/s)
.------------------------------------------------------------+-----------.
| Action | Time |
+------------------------------------------------------------+-----------+
| /die | 0.000191s |
'------------------------------------------------------------+-----------'
t/simple.t .............. ok
Test Summary Report
-------------------
t/auth-test.t (Wstat: 512 Tests: 5 Failed: 2)
Failed tests: 1, 3
Non-zero exit status: 2
Files=7, Tests=82, 7 wallclock secs ( 0.04 usr 0.02 sys + 5.78 cusr 0.46 csys = 6.30 CPU)
Result: FAIL
Failed 1/7 test programs. 2/82 subtests failed.
make: *** [test_dynamic] Error 255
------------------------------
PREREQUISITES
------------------------------
Prerequisite modules loaded:
requires:
Module Need Have
---------------------------------------- ----- -------
Catalyst 5.00 5.80033
Catalyst::Plugin::Session::State::Cookie 0 0.17
Catalyst::Plugin::Session::Store::Dummy 0 0
LWP 5.816 6.04
Test::Exception 0 0.31
Test::More 0 0.98
Test::WWW::Mechanize 1.14 1.38
WWW::Mechanize 1.50 1.72
build_requires:
Module Need Have
---------------------------------------- ----- -------
ExtUtils::MakeMaker 0 6.62
------------------------------
ENVIRONMENT AND OTHER CONTEXT
------------------------------
Environment variables:
AUTOMATED_TESTING = 1
LANG = C
LC_ALL = C
MANPATH_WITHOUT_PERLBREW =
PATH = /home/test/perl5/perlbrew/bin:/home/test/perl5/perlbrew/perls/perl-blead/bin:/home/test/bin:~/bin:/usr/bin:/bin
PATH_WITHOUT_PERLBREW = /home/test/bin:~/bin:/usr/bin:/bin
PERL5LIB =
PERL5OPT =
PERL5_CPANPLUS_IS_RUNNING = 19420
PERL5_CPAN_IS_RUNNING = 19420
PERL5_CPAN_IS_RUNNING_IN_RECURSION = 29369,19420
PERLBREW_BASHRC_VERSION = 0.41
PERLBREW_HOME = /home/test/.perlbrew
PERLBREW_MANPATH = /home/test/perl5/perlbrew/perls/perl-blead/man
PERLBREW_PATH = /home/test/perl5/perlbrew/bin:/home/test/perl5/perlbrew/perls/perl-blead/bin
PERLBREW_PERL = perl-blead
PERLBREW_ROOT = /home/test/perl5/perlbrew
PERLBREW_VERSION = 0.42
PERL_CPANM_OPT = --prompt --mirror file:///mirrors/cpan/
PERL_CR_SMOKER_CURRENT = Test-WWW-Mechanize-Catalyst-0.45
PERL_EXTUTILS_AUTOINSTALL = --defaultdeps
PERL_MM_USE_DEFAULT = 1
SHELL = /bin/bash
TERM = linux
Perl special variables (and OS-specific diagnostics, for MSWin32):
$^X = /home/test/perl5/perlbrew/perls/perl-blead/bin/perl5.15.8
$UID/$EUID = 1001 / 1001
$GID = 1001 1001
$EGID = 1001 1001
Perl module toolchain versions installed:
Module Have
------------------- --------
CPAN 1.9800
CPAN::Meta 2.120351
Cwd 3.33
ExtUtils::CBuilder 0.280205
ExtUtils::Command 1.17
ExtUtils::Install 1.54
ExtUtils::MakeMaker 6.62
ExtUtils::Manifest 1.60
ExtUtils::ParseXS 3.15
File::Spec 3.33
JSON 2.53
JSON::PP 2.27200
Module::Build 0.40
Module::Signature n/a
Parse::CPAN::Meta 1.4402
Test::Harness 3.23
Test::More 0.98
YAML 0.80
YAML::Syck 1.20
version 0.96
--
Summary of my perl5 (revision 5 version 15 subversion 8) configuration:
Snapshot of: 3a3e1efce7f28011ce73f2f824c0114319c32573
Platform:
osname=linux, osvers=2.6.35-28-generic, archname=x86_64-linux
uname='linux zippy 2.6.35-28-generic #50-ubuntu smp fri mar 18 18:42:20 utc 2011 x86_64 gnulinux '
config_args='-de -Dprefix=/home/test/perl5/perlbrew/perls/perl-blead -Dusedevel'
hint=recommended, useposix=true, d_sigaction=define
useithreads=undef, usemultiplicity=undef
useperlio=define, d_sfio=undef, uselargefiles=define, usesocks=undef
use64bitint=define, use64bitall=define, uselongdouble=undef
usemymalloc=n, bincompat5005=undef
Compiler:
cc='cc', ccflags ='-fno-strict-aliasing -pipe -fstack-protector -I/usr/local/include -D_LARGEFILE_SOURCE -D_FILE_OFFSET_BITS=64',
optimize='-O2',
cppflags='-fno-strict-aliasing -pipe -fstack-protector -I/usr/local/include'
ccversion='', gccversion='4.4.5', gccosandvers=''
intsize=4, longsize=8, ptrsize=8, doublesize=8, byteorder=12345678
d_longlong=define, longlongsize=8, d_longdbl=define, longdblsize=16
ivtype='long', ivsize=8, nvtype='double', nvsize=8, Off_t='off_t', lseeksize=8
alignbytes=8, prototype=define
Linker and Libraries:
ld='cc', ldflags =' -fstack-protector -L/usr/local/lib'
libpth=/usr/local/lib /lib/../lib /usr/lib/../lib /lib /usr/lib /usr/lib/x86_64-linux-gnu /lib64 /usr/lib64
libs=-lnsl -ldl -lm -lcrypt -lutil -lc
perllibs=-lnsl -ldl -lm -lcrypt -lutil -lc
libc=/lib/libc-2.12.1.so, so=so, useshrplib=false, libperl=libperl.a
gnulibc_version='2.12.1'
Dynamic Linking:
dlsrc=dl_dlopen.xs, dlext=so, d_dlsymun=undef, ccdlflags='-Wl,-E'
cccdlflags='-fPIC', lddlflags='-shared -O2 -L/usr/local/lib -fstack-protector'
Characteristics of this binary (from libperl):
Compile-time options: HAS_TIMES PERLIO_LAYERS PERL_DONT_CREATE_GVSV
PERL_MALLOC_WRAP PERL_PRESERVE_IVUV PERL_USE_DEVEL
USE_64_BIT_ALL USE_64_BIT_INT USE_LARGE_FILES
USE_LOCALE USE_LOCALE_COLLATE USE_LOCALE_CTYPE
USE_LOCALE_NUMERIC USE_PERLIO USE_PERL_ATOF
Built under linux
Compiled at Mar 11 2012 22:56:27
%ENV:
PERL5LIB=""
PERL5OPT=""
PERL5_CPANPLUS_IS_RUNNING="19420"
PERL5_CPAN_IS_RUNNING="19420"
PERL5_CPAN_IS_RUNNING_IN_RECURSION="29369,19420"
PERLBREW_BASHRC_VERSION="0.41"
PERLBREW_HOME="/home/test/.perlbrew"
PERLBREW_MANPATH="/home/test/perl5/perlbrew/perls/perl-blead/man"
PERLBREW_PATH="/home/test/perl5/perlbrew/bin:/home/test/perl5/perlbrew/perls/perl-blead/bin"
PERLBREW_PERL="perl-blead"
PERLBREW_ROOT="/home/test/perl5/perlbrew"
PERLBREW_VERSION="0.42"
PERL_CPANM_OPT="--prompt --mirror file:///mirrors/cpan/"
PERL_CR_SMOKER_CURRENT="Test-WWW-Mechanize-Catalyst-0.45"
PERL_EXTUTILS_AUTOINSTALL="--defaultdeps"
PERL_MM_USE_DEFAULT="1"
@INC:
/home/test/perl5/perlbrew/perls/perl-blead/lib/site_perl/5.15.8/x86_64-linux
/home/test/perl5/perlbrew/perls/perl-blead/lib/site_perl/5.15.8
/home/test/perl5/perlbrew/perls/perl-blead/lib/5.15.8/x86_64-linux
/home/test/perl5/perlbrew/perls/perl-blead/lib/5.15.8
.