svg2zinc-perl v0.9 Perl 5 v5.27.4 x86_64-linux

Status
Fail
From
Andreas J. K├Ânig (ANDK)
Dist
svg2zinc-perl v0.9
Platform
Perl 5 v5.27.4 x86_64-linux
Date
2017-11-28T03:24:25
ID
a2bf90e6-d3eb-11e7-b0aa-47a02b10b04a
This distribution has been tested as part of the CPAN Testers
project, supporting the Perl programming language.  See
http://wiki.cpantesters.org/ for more information or email
questions to cpan-testers-discuss@perl.org


--
Dear Christophe Mertz,

This is a computer-generated report for svg2zinc-perl_0.9
on perl 5.27.4, created by CPAN-Reporter-1.2018.

Thank you for uploading your work to CPAN.  However, there was a problem
testing your distribution.

If you think this report is invalid, please consult the CPAN Testers Wiki
for suggestions on how to avoid getting FAIL reports for missing library
or binary dependencies, unsupported operating systems, and so on:

http://wiki.cpantesters.org/wiki/CPANAuthorNotes

Sections of this report:

    * Tester comments
    * Program output
    * Prerequisites
    * Environment and other context

------------------------------
TESTER COMMENTS
------------------------------

Additional comments from tester:

this report is from an automated smoke testing program
and was not reviewed by a human for accuracy

------------------------------
PROGRAM OUTPUT
------------------------------

Output from '/usr/bin/make test':

PERL_DL_NONLAZY=1 "/home/sand/src/perl/repoperls/installed-perls/host/k93msid/v5.27.4/89ad/bin/perl" "-MExtUtils::Command::MM" "-MTest::Harness" "-e" "undef *Test::Harness::Switches; test_harness(0, 'blib/lib', 'blib/arch')" t/*.t
Useless use of greediness modifier '?' in regex; marked by <-- HERE in m/(.*)(/\*.*\*/){1}? <-- HERE / at /tmp/loop_over_bdir-7315-RT5Cct/svg2zinc-0/blib/lib/SVG/SVG2zinc/Conversions.pm line 50.
Useless use of greediness modifier '?' in regex; marked by <-- HERE in m/\#([0-9a-fA-F]{3}? <-- HERE )$/ at /tmp/loop_over_bdir-7315-RT5Cct/svg2zinc-0/blib/lib/SVG/SVG2zinc/Conversions.pm line 303.
t/Conversions.t ... ok
t/Import.t ........ ok
Useless use of a variable in void context at t/Tcl.t line 26.
# ############ perl2tcl conversions
t/Tcl.t ........... ok
Useless use of greediness modifier '?' in regex; marked by <-- HERE in m/(.*)(/\*.*\*/){1}? <-- HERE / at /tmp/loop_over_bdir-7315-RT5Cct/svg2zinc-0/blib/lib/SVG/SVG2zinc/Conversions.pm line 50.
Useless use of greediness modifier '?' in regex; marked by <-- HERE in m/\#([0-9a-fA-F]{3}? <-- HERE )$/ at /tmp/loop_over_bdir-7315-RT5Cct/svg2zinc-0/blib/lib/SVG/SVG2zinc/Conversions.pm line 303.
Possible precedence issue with control flow operator at /tmp/loop_over_bdir-7315-RT5Cct/svg2zinc-0/blib/lib/SVG/SVG2zinc.pm line 351.
while loading Backend Image:
Can't locate SDL.pm in @INC (you may need to install the SDL module) (@INC contains: /tmp/loop_over_bdir-7315-RT5Cct/svg2zinc-0/blib/lib /tmp/loop_over_bdir-7315-RT5Cct/svg2zinc-0/blib/arch /tmp/loop_over_bdir-7315-RT5Cct/tk-zinc-3.303-0/blib/arch /tmp/loop_over_bdir-7315-RT5Cct/tk-zinc-3.303-0/blib/lib /tmp/loop_over_bdir-7315-RT5Cct/tk-zinc-3.303-0/blib/arch /tmp/loop_over_bdir-7315-RT5Cct/tk-zinc-3.303-0/blib/lib /home/sand/src/perl/repoperls/installed-perls/host/k93msid/v5.27.4/89ad/lib/site_perl/5.27.4/x86_64-linux /home/sand/src/perl/repoperls/installed-perls/host/k93msid/v5.27.4/89ad/lib/site_perl/5.27.4 /home/sand/src/perl/repoperls/installed-perls/host/k93msid/v5.27.4/89ad/lib/5.27.4/x86_64-linux /home/sand/src/perl/repoperls/installed-perls/host/k93msid/v5.27.4/89ad/lib/5.27.4 .) at /home/sand/src/perl/repoperls/installed-perls/host/k93msid/v5.27.4/89ad/lib/site_perl/5.27.4/Image.pm line 4.
BEGIN failed--compilation aborted at /home/sand/src/perl/repoperls/installed-perls/host/k93msid/v5.27.4/89ad/lib/site_perl/5.27.4/Image.pm line 4.
Compilation failed in require at /tmp/loop_over_bdir-7315-RT5Cct/svg2zinc-0/blib/lib/SVG/SVG2zinc.pm line 149.

# Looks like your test exited with 2 just after 6.
t/UsingBackend.t .. 
Dubious, test returned 2 (wstat 512, 0x200)
All 6 subtests passed 

Test Summary Report
-------------------
t/UsingBackend.t (Wstat: 512 Tests: 6 Failed: 0)
  Non-zero exit status: 2
Files=4, Tests=13,  1 wallclock secs ( 0.02 usr  0.02 sys +  0.29 cusr  0.09 csys =  0.42 CPU)
Result: FAIL
Failed 1/4 test programs. 0/13 subtests failed.
Makefile:914: recipe for target 'test_dynamic' failed
make: *** [test_dynamic] Error 2

------------------------------
PREREQUISITES
------------------------------

Prerequisite modules loaded:

requires:

    Module              Need  Have   
    ------------------- ----- -------
    Tk::JPEG            2.014 4.003  
    Tk::PNG             2.005 4.004  
    Tk::Zinc            3.295 3.303  
    XML::Parser         2.3   2.44   

build_requires:

    Module              Need  Have   
    ------------------- ----- -------
    ExtUtils::MakeMaker 0     7.31_04


------------------------------
ENVIRONMENT AND OTHER CONTEXT
------------------------------

Environment variables:

    AUTOMATED_TESTING = 1
    LANG = en_US.UTF-8
    PATH = /home/sand/bin:/usr/local/bin:/usr/bin:/bin:/usr/games:/usr/local/perl/bin:/usr/X11/bin:/sbin:/usr/sbin
    PERL5LIB = /tmp/loop_over_bdir-7315-RT5Cct/tk-zinc-3.303-0/blib/arch:/tmp/loop_over_bdir-7315-RT5Cct/tk-zinc-3.303-0/blib/lib
    PERL5OPT = 
    PERL5_CPANPLUS_IS_RUNNING = 7319
    PERL5_CPAN_IS_RUNNING = 7319
    PERL5_CPAN_IS_RUNNING_IN_RECURSION = 17456,7319
    PERL_CANARY_STABILITY_NOPROMPT = 1
    PERL_MM_USE_DEFAULT = 1
    PERL_USE_UNSAFE_INC = 1
    SHELL = /usr/bin/zsh
    TERM = screen

Perl special variables (and OS-specific diagnostics, for MSWin32):

    $^X = /home/sand/src/perl/repoperls/installed-perls/host/k93msid/v5.27.4/89ad/bin/perl
    $UID/$EUID = 1005 / 1005
    $GID = 1005 1005
    $EGID = 1005 1005

Perl module toolchain versions installed:

    Module              Have    
    ------------------- --------
    CPAN                2.20    
    CPAN::Meta          2.150010
    Cwd                 3.68    
    ExtUtils::CBuilder  0.280228
    ExtUtils::Command   7.31_04 
    ExtUtils::Install   2.14    
    ExtUtils::MakeMaker 7.31_04 
    ExtUtils::Manifest  1.70    
    ExtUtils::ParseXS   3.35    
    File::Spec          3.68    
    JSON                2.96    
    JSON::PP            2.94    
    Module::Build       0.4224  
    Module::Signature   0.81    
    Parse::CPAN::Meta   2.150010
    Test::Harness       3.39    
    Test::More          1.302111
    YAML                1.23_003
    YAML::Syck          1.30    
    version             0.9918  


--

Summary of my perl5 (revision 5 version 27 subversion 4) configuration:
  Commit id: a8b7548118623521a01940403176f14c40bf1320
  Platform:
    osname=linux
    osvers=4.12.0-2-amd64
    archname=x86_64-linux
    uname='linux k93msid 4.12.0-2-amd64 #1 smp debian 4.12.13-1 (2017-09-19) x86_64 gnulinux '
    config_args='-Dprefix=/home/sand/src/perl/repoperls/installed-perls/host/k93msid/v5.27.4/89ad -Dmyhostname=k93msid -Dinstallusrbinperl=n -Uversiononly -Dusedevel -des -Ui_db -Dlibswanted=cl pthread socket inet nsl gdbm dbm malloc dl ld sun m crypt sec util c cposix posix ucb BSD gdbm_compat -Uuseithreads -Uuselongdouble -DDEBUGGING=-g'
    hint=recommended
    useposix=true
    d_sigaction=define
    useithreads=undef
    usemultiplicity=undef
    use64bitint=define
    use64bitall=define
    uselongdouble=undef
    usemymalloc=n
    default_inc_excludes_dot=define
    bincompat5005=undef
  Compiler:
    cc='cc'
    ccflags ='-fwrapv -fno-strict-aliasing -pipe -fstack-protector-strong -I/usr/local/include -D_LARGEFILE_SOURCE -D_FILE_OFFSET_BITS=64 -D_FORTIFY_SOURCE=2'
    optimize='-O2 -g'
    cppflags='-fwrapv -fno-strict-aliasing -pipe -fstack-protector-strong -I/usr/local/include'
    ccversion=''
    gccversion='7.2.0'
    gccosandvers=''
    intsize=4
    longsize=8
    ptrsize=8
    doublesize=8
    byteorder=12345678
    doublekind=3
    d_longlong=define
    longlongsize=8
    d_longdbl=define
    longdblsize=16
    longdblkind=3
    ivtype='long'
    ivsize=8
    nvtype='double'
    nvsize=8
    Off_t='off_t'
    lseeksize=8
    alignbytes=8
    prototype=define
  Linker and Libraries:
    ld='cc'
    ldflags =' -fstack-protector-strong -L/usr/local/lib'
    libpth=/usr/local/lib /usr/lib/gcc/x86_64-linux-gnu/7/include-fixed /usr/include/x86_64-linux-gnu /usr/lib /lib/x86_64-linux-gnu /lib/../lib /usr/lib/x86_64-linux-gnu /usr/lib/../lib /lib
    libs=-lpthread -lnsl -ldl -lm -lcrypt -lutil -lc
    perllibs=-lpthread -lnsl -ldl -lm -lcrypt -lutil -lc
    libc=libc-2.24.so
    so=so
    useshrplib=false
    libperl=libperl.a
    gnulibc_version='2.24'
  Dynamic Linking:
    dlsrc=dl_dlopen.xs
    dlext=so
    d_dlsymun=undef
    ccdlflags='-Wl,-E'
    cccdlflags='-fPIC'
    lddlflags='-shared -O2 -g -L/usr/local/lib -fstack-protector-strong'


Characteristics of this binary (from libperl): 
  Compile-time options:
    HAS_TIMES
    PERLIO_LAYERS
    PERL_COPY_ON_WRITE
    PERL_DONT_CREATE_GVSV
    PERL_MALLOC_WRAP
    PERL_OP_PARENT
    PERL_PRESERVE_IVUV
    PERL_USE_DEVEL
    USE_64_BIT_ALL
    USE_64_BIT_INT
    USE_LARGE_FILES
    USE_LOCALE
    USE_LOCALE_COLLATE
    USE_LOCALE_CTYPE
    USE_LOCALE_NUMERIC
    USE_LOCALE_TIME
    USE_PERLIO
    USE_PERL_ATOF
  Built under linux
  Compiled at Oct  1 2017 20:32:35
  %ENV:
    PERL5LIB="/tmp/loop_over_bdir-7315-RT5Cct/tk-zinc-3.303-0/blib/arch:/tmp/loop_over_bdir-7315-RT5Cct/tk-zinc-3.303-0/blib/lib"
    PERL5OPT=""
    PERL5_CPANPLUS_IS_RUNNING="7319"
    PERL5_CPAN_IS_RUNNING="7319"
    PERL5_CPAN_IS_RUNNING_IN_RECURSION="17456,7319"
    PERL_CANARY_STABILITY_NOPROMPT="1"
    PERL_MM_USE_DEFAULT="1"
    PERL_USE_UNSAFE_INC="1"
  @INC:
    /tmp/loop_over_bdir-7315-RT5Cct/tk-zinc-3.303-0/blib/arch
    /tmp/loop_over_bdir-7315-RT5Cct/tk-zinc-3.303-0/blib/lib
    /home/sand/src/perl/repoperls/installed-perls/host/k93msid/v5.27.4/89ad/lib/site_perl/5.27.4/x86_64-linux
    /home/sand/src/perl/repoperls/installed-perls/host/k93msid/v5.27.4/89ad/lib/site_perl/5.27.4
    /home/sand/src/perl/repoperls/installed-perls/host/k93msid/v5.27.4/89ad/lib/5.27.4/x86_64-linux
    /home/sand/src/perl/repoperls/installed-perls/host/k93msid/v5.27.4/89ad/lib/5.27.4
    .