HTML-Widget-SideBar v1.02 Perl 5 v5.8.9 i386-freebsd

Status
Na
From
Chris Williams (BINGOS)
Dist
HTML-Widget-SideBar v1.02
Platform
Perl 5 v5.8.9 i386-freebsd
Date
2010-04-16T14:45:04
ID
a516a338-4966-11df-9759-eb5590befd91
This distribution has been tested as part of the CPAN Testers
project, supporting the Perl programming language.  See
http://wiki.cpantesters.org/ for more information or email
questions to cpan-testers-discuss@perl.org


--

Dear YOSEFM,
    
This is a computer-generated error report created automatically by
CPANPLUS, version 0.9003. Testers personal comments may appear 
at the end of this report.


Thank you for uploading your work to CPAN.  However, it appears that
there were some problems testing your distribution.

TEST RESULTS:

Below is the error stack from stage 'make test':

[MSG] [Fri Apr 16 15:45:03 2010] cp DB.pm blib/lib/Tree/Numbered/DB.pm
Manifying blib/man3/Tree::Numbered::DB.3

[MSG] [Fri Apr 16 15:45:03 2010] MAKE TEST passed: PERL_DL_NONLAZY=1 /usr/home/cpan/pit/bare/perl-5.8.9/bin/perl "-MExtUtils::Command::MM" "-e" "test_harness(0, 'blib/lib', 'blib/arch')" t/*.t
t/1.t .. ok
t/2.t .. ok
t/3.t .. ok
All tests successful.
Files=3, Tests=29,  0 wallclock secs ( 0.04 usr  0.05 sys +  0.09 cusr  0.07 csys =  0.25 CPU)
Result: PASS

[MSG] [Fri Apr 16 15:45:03 2010] Sending test report for 'Tree-Numbered-DB-1.02.2'
[MSG] [Fri Apr 16 15:45:03 2010] Successfully sent 'pass' report for 'Tree-Numbered-DB-1.02.2'
[MSG] [Fri Apr 16 15:45:04 2010] cp SideBar.pm blib/lib/HTML/Widget/SideBar.pm
Manifying blib/man3/HTML::Widget::SideBar.3

[ERROR] [Fri Apr 16 15:45:04 2010] MAKE TEST failed: No such file or directory PERL_DL_NONLAZY=1 /usr/home/cpan/pit/bare/perl-5.8.9/bin/perl "-MExtUtils::Command::MM" "-e" "test_harness(0, 'blib/lib', 'blib/arch')" t/*.t
t/1.t .. ok
t/2.t .. ok

#   Failed test 'use HTML::Widget::SideBar;'
#   at t/3.t line 5.
#     Tried to use 'HTML::Widget::SideBar'.
#     Error:  syntax error at /usr/home/cpan/pit/bare/conf/perl-5.8.9/.cpanplus/5.8.9/build/HTML-Widget-SideBar-1.02/blib/lib/HTML/Widget/SideBar.pm line 157, near "require Tree::Numbered::DB 1.01"
# Compilation failed in require at (eval 5) line 2.
# BEGIN failed--compilation aborted at (eval 5) line 2.
Name "main::second" used only once: possible typo at t/3.t line 44.
Use of inherited AUTOLOAD for non-method HTML::Widget::SideBar::setField() is deprecated at /usr/home/cpan/pit/bare/conf/perl-5.8.9/.cpanplus/5.8.9/build/Javascript-Menu-Full-2.02/blib/lib/Tree/Numbered.pm line 65.
No such field (Field) in tree at /usr/home/cpan/pit/bare/conf/perl-5.8.9/.cpanplus/5.8.9/build/Javascript-Menu-Full-2.02/blib/lib/Tree/Numbered.pm line 365.
# Looks like you planned 12 tests but ran 3.
# Looks like you failed 1 test of 3 run.
# Looks like your test exited with 255 just after 3.
t/3.t .. 
Dubious, test returned 255 (wstat 65280, 0xff00)
Failed 10/12 subtests 

Test Summary Report
-------------------
t/3.t (Wstat: 65280 Tests: 3 Failed: 1)
  Failed test:  2
  Non-zero exit status: 255
  Parse errors: Bad plan.  You planned 12 tests but ran 3.
Files=3, Tests=31,  0 wallclock secs ( 0.05 usr  0.04 sys +  0.16 cusr  0.04 csys =  0.29 CPU)
Result: FAIL
Failed 1/3 test programs. 1/31 subtests failed.
*** Error code 255

Stop in /usr/home/cpan/pit/bare/conf/perl-5.8.9/.cpanplus/5.8.9/build/HTML-Widget-SideBar-1.02.

[MSG] [Fri Apr 16 15:45:04 2010] DEFAULT 'proceed_on_test_failure' HANDLER RETURNING 'sub return value'


******************************** NOTE ********************************
The comments above are created mechanically, possibly without manual
checking by the sender.  As there are many people performing automatic
tests on each upload to CPAN, it is likely that you will receive 
identical messages about the same problem.

If you believe that the message is mistaken, please reply to the first
one with correction and/or additional informations, and do not take
it personally.  We appreciate your patience. :)
**********************************************************************

Additional comments:
 

This report was machine-generated by CPANPLUS::Dist::YACSmoke 0.54.
Powered by minismokebox version 0.26

------------------------------
ENVIRONMENT AND OTHER CONTEXT
------------------------------

Environment variables:

    AUTOMATED_TESTING = 1
    PATH = /sbin:/bin:/usr/sbin:/usr/bin:/usr/games:/usr/local/sbin:/usr/local/bin:/home/cpan/bin
    PERL5LIB = :/usr/home/cpan/pit/bare/conf/perl-5.8.9/.cpanplus/5.8.9/build/Javascript-Menu-Full-2.02/blib/lib:/usr/home/cpan/pit/bare/conf/perl-5.8.9/.cpanplus/5.8.9/build/Javascript-Menu-Full-2.02/blib/arch:/usr/home/cpan/pit/bare/conf/perl-5.8.9/.cpanplus/5.8.9/build/Tree-Numbered-DB-1.02.2/blib/lib:/usr/home/cpan/pit/bare/conf/perl-5.8.9/.cpanplus/5.8.9/build/Tree-Numbered-DB-1.02.2/blib/arch:/usr/home/cpan/pit/bare/conf/perl-5.8.9/.cpanplus/5.8.9/build/HTML-Widget-SideBar-1.02/blib/lib:/usr/home/cpan/pit/bare/conf/perl-5.8.9/.cpanplus/5.8.9/build/HTML-Widget-SideBar-1.02/blib/arch
    PERL5_CPANPLUS_IS_RUNNING = 84203
    PERL5_CPANPLUS_IS_VERSION = 0.9003
    PERL5_MINISMOKEBOX = 0.26
    PERL5_YACSMOKE_BASE = /usr/home/cpan/pit/bare/conf/perl-5.8.9/
    PERL_EXTUTILS_AUTOINSTALL = --defaultdeps
    PERL_MM_USE_DEFAULT = 1
    SHELL = /usr/local/bin/bash
    TERM = screen

Perl special variables (and OS-specific diagnostics, for MSWin32):

    Perl: $^X = /usr/home/cpan/pit/bare/perl-5.8.9/bin/perl
    UID:  $<  = 1003
    EUID: $>  = 1003
    GID:  $(  = 1003 1003 1003
    EGID: $)  = 1003 1003 1003


-------------------------------


--

Summary of my perl5 (revision 5 version 8 subversion 9) configuration:
  Platform:
    osname=freebsd, osvers=7.2-release, archname=i386-freebsd
    uname='freebsd wintermute.staffordshire.gov.uk 7.2-release freebsd 7.2-release #0: fri may 1 08:49:13 utc 2009 root@walker.cse.buffalo.edu:usrobjusrsrcsysgeneric i386 '
    config_args='-de -Dprefix=/usr/home/cpan/pit/bare/perl-5.8.9'
    hint=recommended, useposix=true, d_sigaction=define
    usethreads=undef use5005threads=undef useithreads=undef usemultiplicity=undef
    useperlio=define d_sfio=undef uselargefiles=define usesocks=undef
    use64bitint=undef use64bitall=undef uselongdouble=undef
    usemymalloc=n, bincompat5005=undef
  Compiler:
    cc='cc', ccflags ='-DHAS_FPSETMASK -DHAS_FLOATINGPOINT_H -fno-strict-aliasing -pipe -I/usr/local/include',
    optimize='-O',
    cppflags='-DHAS_FPSETMASK -DHAS_FLOATINGPOINT_H -fno-strict-aliasing -pipe -I/usr/local/include'
    ccversion='', gccversion='4.2.1 20070719  [FreeBSD]', gccosandvers=''
    intsize=4, longsize=4, ptrsize=4, doublesize=8, byteorder=1234
    d_longlong=define, longlongsize=8, d_longdbl=define, longdblsize=12
    ivtype='long', ivsize=4, nvtype='double', nvsize=8, Off_t='off_t', lseeksize=8
    alignbytes=4, prototype=define
  Linker and Libraries:
    ld='cc', ldflags ='-Wl,-E  -L/usr/local/lib'
    libpth=/usr/lib /usr/local/lib
    libs=-lgdbm -lm -lcrypt -lutil -lc
    perllibs=-lm -lcrypt -lutil -lc
    libc=, so=so, useshrplib=false, libperl=libperl.a
    gnulibc_version=''
  Dynamic Linking:
    dlsrc=dl_dlopen.xs, dlext=so, d_dlsymun=undef, ccdlflags=' '
    cccdlflags='-DPIC -fPIC', lddlflags='-shared  -L/usr/local/lib'


Characteristics of this binary (from libperl): 
  Compile-time options: PERL_MALLOC_WRAP USE_FAST_STDIO USE_LARGE_FILES
                        USE_PERLIO
  Built under freebsd
  Compiled at Oct  9 2009 23:44:35
  %ENV:
    PERL5LIB=":/usr/home/cpan/pit/bare/conf/perl-5.8.9/.cpanplus/5.8.9/build/Javascript-Menu-Full-2.02/blib/lib:/usr/home/cpan/pit/bare/conf/perl-5.8.9/.cpanplus/5.8.9/build/Javascript-Menu-Full-2.02/blib/arch:/usr/home/cpan/pit/bare/conf/perl-5.8.9/.cpanplus/5.8.9/build/Tree-Numbered-DB-1.02.2/blib/lib:/usr/home/cpan/pit/bare/conf/perl-5.8.9/.cpanplus/5.8.9/build/Tree-Numbered-DB-1.02.2/blib/arch:/usr/home/cpan/pit/bare/conf/perl-5.8.9/.cpanplus/5.8.9/build/HTML-Widget-SideBar-1.02/blib/lib:/usr/home/cpan/pit/bare/conf/perl-5.8.9/.cpanplus/5.8.9/build/HTML-Widget-SideBar-1.02/blib/arch"
    PERL5_CPANPLUS_IS_RUNNING="84203"
    PERL5_CPANPLUS_IS_VERSION="0.9003"
    PERL5_MINISMOKEBOX="0.26"
    PERL5_YACSMOKE_BASE="/usr/home/cpan/pit/bare/conf/perl-5.8.9/"
    PERL_EXTUTILS_AUTOINSTALL="--defaultdeps"
    PERL_MM_USE_DEFAULT="1"
  @INC:
    /usr/home/cpan/pit/bare/conf/perl-5.8.9/.cpanplus/5.8.9/build/Javascript-Menu-Full-2.02/blib/lib
    /usr/home/cpan/pit/bare/conf/perl-5.8.9/.cpanplus/5.8.9/build/Javascript-Menu-Full-2.02/blib/arch
    /usr/home/cpan/pit/bare/conf/perl-5.8.9/.cpanplus/5.8.9/build/Tree-Numbered-DB-1.02.2/blib/lib
    /usr/home/cpan/pit/bare/conf/perl-5.8.9/.cpanplus/5.8.9/build/Tree-Numbered-DB-1.02.2/blib/arch
    /usr/home/cpan/pit/bare/conf/perl-5.8.9/.cpanplus/5.8.9/build/HTML-Widget-SideBar-1.02/blib/lib
    /usr/home/cpan/pit/bare/conf/perl-5.8.9/.cpanplus/5.8.9/build/HTML-Widget-SideBar-1.02/blib/arch
    /usr/home/cpan/pit/bare/perl-5.8.9/lib/5.8.9/i386-freebsd
    /usr/home/cpan/pit/bare/perl-5.8.9/lib/5.8.9
    /usr/home/cpan/pit/bare/perl-5.8.9/lib/site_perl/5.8.9/i386-freebsd
    /usr/home/cpan/pit/bare/perl-5.8.9/lib/site_perl/5.8.9
    .