Back
From: metabase:user:30977d10-2aae-11df-837a-5e0a49663a4f
Subject: FAIL CPAN-IndexPod-0.25 v5.8.9 GNU/Linux
Date: 2011-08-03T02:24:05Z
This distribution has been tested as part of the CPAN Testers
project, supporting the Perl programming language. See
http://wiki.cpantesters.org/ for more information or email
questions to cpan-testers-discuss@perl.org
--
Dear Leon Brocard,
This is a computer-generated report for CPAN-IndexPod-0.25
on perl 5.8.9, created by CPAN-Reporter-1.1902.
Thank you for uploading your work to CPAN. However, there was a problem
testing your distribution.
If you think this report is invalid, please consult the CPAN Testers Wiki
for suggestions on how to avoid getting FAIL reports for missing library
or binary dependencies, unsupported operating systems, and so on:
http://wiki.cpantesters.org/wiki/CPANAuthorNotes
Sections of this report:
* Tester comments
* Program output
* Prerequisites
* Environment and other context
------------------------------
TESTER COMMENTS
------------------------------
Additional comments from tester:
this report is from an automated smoke testing program
and was not reviewed by a human for accuracy
------------------------------
PROGRAM OUTPUT
------------------------------
Output from '/usr/bin/make test':
PERL_DL_NONLAZY=1 /home/trushel/perl/perl589m/bin/perl "-MExtUtils::Command::MM" "-e" "test_harness(0, 'blib/lib', 'blib/arch')" t/*.t
t/pod.t ........... ok
t/pod_coverage.t .. ok
# Failed test 'use CPAN::IndexPod;'
# at t/simple.t line 8.
# Tried to use 'CPAN::IndexPod'.
# Error: KinoSearch::InvIndexer has been replaced by KinoSearch::Index::Indexer. at /home/trushel/perl/perl589m/lib/site_perl/5.8.9/x86_64-linux-multi/KinoSearch/InvIndexer.pm line 3
# require KinoSearch/InvIndexer.pm called at lib/CPAN/IndexPod.pm line 6
# CPAN::IndexPod::BEGIN() called at /home/trushel/perl/perl589m/lib/site_perl/5.8.9/x86_64-linux-multi/KinoSearch/InvIndexer.pm line 0
# eval {...} called at /home/trushel/perl/perl589m/lib/site_perl/5.8.9/x86_64-linux-multi/KinoSearch/InvIndexer.pm line 0
# require CPAN/IndexPod.pm called at (eval 8) line 2
# main::BEGIN() called at /home/trushel/perl/perl589m/lib/site_perl/5.8.9/x86_64-linux-multi/KinoSearch/InvIndexer.pm line 0
# eval {...} called at /home/trushel/perl/perl589m/lib/site_perl/5.8.9/x86_64-linux-multi/KinoSearch/InvIndexer.pm line 0
# eval 'package main;
# use CPAN::IndexPod @{$args[0]};
# 1;
#
# ;' called at /home/trushel/perl/perl589m/lib/5.8.9/Test/More.pm line 885
# Test::More::_eval('package main;\x{a}use CPAN::IndexPod @{$args[0]};\x{a}1;\x{a}', 'ARRAY(0x10a76a0)') called at /home/trushel/perl/perl589m/lib/5.8.9/Test/More.pm line 860
# Test::More::use_ok('CPAN::IndexPod') called at t/simple.t line 8
# Compilation failed in require at lib/CPAN/IndexPod.pm line 6.
# BEGIN failed--compilation aborted at lib/CPAN/IndexPod.pm line 6.
# Compilation failed in require at (eval 8) line 2.
# BEGIN failed--compilation aborted at (eval 8) line 2.
Can't locate object method "new" via package "CPAN::IndexPod" at t/simple.t line 16.
# Looks like you planned 12 tests but ran 2.
# Looks like you failed 1 test of 2 run.
# Looks like your test exited with 2 just after 2.
t/simple.t ........
Dubious, test returned 2 (wstat 512, 0x200)
Failed 11/12 subtests
Test Summary Report
-------------------
t/simple.t (Wstat: 512 Tests: 2 Failed: 1)
Failed test: 1
Non-zero exit status: 2
Parse errors: Bad plan. You planned 12 tests but ran 2.
Files=3, Tests=4, 0 wallclock secs ( 0.01 usr 0.02 sys + 0.16 cusr 0.06 csys = 0.25 CPU)
Result: FAIL
Failed 1/3 test programs. 1/4 subtests failed.
make: *** [test_dynamic] Error 2
------------------------------
PREREQUISITES
------------------------------
Prerequisite modules loaded:
requires:
Module Need Have
------------------------ ---- -----
Class::Accessor::Chained 0 0.01
File::Find::Rule 0 0.32
KinoSearch 0 0.313
Pod::Simple 0 3.18
Test::More 0 0.98
build_requires:
Module Need Have
------------------------ ---- -----
ExtUtils::MakeMaker 0 6.58
------------------------------
ENVIRONMENT AND OTHER CONTEXT
------------------------------
Environment variables:
AUTOMATED_TESTING = 1
LANG = en_US.UTF-8
LANGUAGE = en
LC_COLLATE = C
LC_MONETARY = C
LC_NUMERIC = C
LC_TIME = C
PATH = /usr/local/sbin:/usr/local/bin:/usr/sbin:/usr/bin:/sbin:/bin
PERL5LIB =
PERL5OPT =
PERL5_CPANPLUS_IS_RUNNING = 15629
PERL5_CPAN_IS_RUNNING = 15629
PERL5_CPAN_IS_RUNNING_IN_RECURSION = 7140,15629
PERL_CR_SMOKER_CURRENT = CPAN-IndexPod-0.25
PERL_EXTUTILS_AUTOINSTALL = --defaultdeps
PERL_MM_USE_DEFAULT = 1
SHELL = /bin/bash
TERM = xterm
Perl special variables (and OS-specific diagnostics, for MSWin32):
$^X = /home/trushel/perl/perl589m/bin/perl
$UID/$EUID = 138375 / 138375
$GID = 5762 4 20 21 24 25 26 30 44 46 104 105 119 122 431 5762
$EGID = 5762 4 20 21 24 25 26 30 44 46 104 105 119 122 431 5762
Perl module toolchain versions installed:
Module Have
------------------- --------
CPAN 1.97_51
Cwd 3.33
ExtUtils::CBuilder 0.280202
ExtUtils::Command 1.16
ExtUtils::Install 1.52
ExtUtils::MakeMaker 6.58
ExtUtils::Manifest 1.58
ExtUtils::ParseXS 2.2206
File::Spec 3.33
Module::Build 0.3800
Module::Signature n/a
Test::Harness 3.23
Test::More 0.98
YAML 0.73
YAML::Syck 1.17
version 0.93
--
Summary of my perl5 (revision 5 version 8 subversion 9) configuration:
Platform:
osname=linux, osvers=2.6.32-33-generic, archname=x86_64-linux-multi
uname='linux trushel-glaptop 2.6.32-33-generic #70-ubuntu smp thu jul 7 21:13:52 utc 2011 x86_64 gnulinux '
config_args=''
hint=recommended, useposix=true, d_sigaction=define
usethreads=undef use5005threads=undef useithreads=undef usemultiplicity=define
useperlio=define d_sfio=undef uselargefiles=define usesocks=undef
use64bitint=define use64bitall=define uselongdouble=undef
usemymalloc=n, bincompat5005=undef
Compiler:
cc='cc', ccflags ='-fno-strict-aliasing -pipe -I/usr/local/include -D_LARGEFILE_SOURCE -D_FILE_OFFSET_BITS=64',
optimize='-O2',
cppflags='-fno-strict-aliasing -pipe -I/usr/local/include'
ccversion='', gccversion='4.4.3', gccosandvers=''
intsize=4, longsize=8, ptrsize=8, doublesize=8, byteorder=12345678
d_longlong=define, longlongsize=8, d_longdbl=define, longdblsize=16
ivtype='long', ivsize=8, nvtype='double', nvsize=8, Off_t='off_t', lseeksize=8
alignbytes=8, prototype=define
Linker and Libraries:
ld='cc', ldflags =' -L/usr/local/lib'
libpth=/usr/local/lib /lib /usr/lib /lib64 /usr/lib64
libs=-lnsl -ldb -ldl -lm -lcrypt -lutil -lc
perllibs=-lnsl -ldl -lm -lcrypt -lutil -lc
libc=/lib/libc-2.11.1.so, so=so, useshrplib=false, libperl=libperl.a
gnulibc_version='2.11.1'
Dynamic Linking:
dlsrc=dl_dlopen.xs, dlext=so, d_dlsymun=undef, ccdlflags='-Wl,-E'
cccdlflags='-fPIC', lddlflags='-shared -O2 -L/usr/local/lib'
Characteristics of this binary (from libperl):
Compile-time options: MULTIPLICITY PERL_IMPLICIT_CONTEXT PERL_MALLOC_WRAP
USE_64_BIT_ALL USE_64_BIT_INT USE_FAST_STDIO
USE_LARGE_FILES USE_PERLIO
Built under linux
Compiled at Aug 1 2011 06:32:31
%ENV:
PERL5LIB=""
PERL5OPT=""
PERL5_CPANPLUS_IS_RUNNING="15629"
PERL5_CPAN_IS_RUNNING="15629"
PERL5_CPAN_IS_RUNNING_IN_RECURSION="7140,15629"
PERL_CR_SMOKER_CURRENT="CPAN-IndexPod-0.25"
PERL_EXTUTILS_AUTOINSTALL="--defaultdeps"
PERL_MM_USE_DEFAULT="1"
@INC:
/home/trushel/perl/perl589m/lib/5.8.9/x86_64-linux-multi
/home/trushel/perl/perl589m/lib/5.8.9
/home/trushel/perl/perl589m/lib/site_perl/5.8.9/x86_64-linux-multi
/home/trushel/perl/perl589m/lib/site_perl/5.8.9
.