Report for POE-Component-Server-JSONRPC-0.03

Back
From: metabase:user:31d414ea-2aae-11df-837a-5e0a49663a4f
Subject: FAIL POE-Component-Server-JSONRPC-0.03 v5.10.1 FreeBSD
Date: 2011-09-05T10:27:36Z

This distribution has been tested as part of the CPAN Testers
project, supporting the Perl programming language.  See
http://wiki.cpantesters.org/ for more information or email
questions to cpan-testers-discuss@perl.org


--
Dear Come BERNIGAUD,

This is a computer-generated report for POE-Component-Server-JSONRPC-0.03
on perl 5.10.1, created by CPAN-Reporter-1.1711.

Thank you for uploading your work to CPAN.  However, there was a problem
testing your distribution.

If you think this report is invalid, please consult the CPAN Testers Wiki
for suggestions on how to avoid getting FAIL reports for missing library
or binary dependencies, unsupported operating systems, and so on:

http://wiki.cpantesters.org/wiki/CPANAuthorNotes

Sections of this report:

    * Tester comments
    * Program output
    * Prerequisites
    * Environment and other context

------------------------------
TESTER COMMENTS
------------------------------

Additional comments from tester:

this report is from an automated smoke testing program
and was not reviewed by a human for accuracy

------------------------------
PROGRAM OUTPUT
------------------------------

Output from '/usr/bin/make test':

PERL_DL_NONLAZY=1 /home/david/cpantesting/perl-5.10.1/bin/perl5.10.1 "-MExtUtils::Command::MM" "-e" "test_harness(0, 'inc', 'blib/lib', 'blib/arch')" t/*.t
Can't locate POE/Component/Server/SimpleHTTP.pm in @INC (@INC contains: /usr/home/david/cpantesting/perl-5.10.1/.cpan/build/POE-Component-Server-JSONRPC-0.03-x1uE7Z/inc /usr/home/david/cpantesting/perl-5.10.1/.cpan/build/POE-Component-Server-JSONRPC-0.03-x1uE7Z/blib/lib /usr/home/david/cpantesting/perl-5.10.1/.cpan/build/POE-Component-Server-JSONRPC-0.03-x1uE7Z/blib/arch /home/david/cpantesting/perl-5.10.1/lib/5.10.1/i386-freebsd-thread-multi /home/david/cpantesting/perl-5.10.1/lib/5.10.1 /home/david/cpantesting/perl-5.10.1/lib/site_perl/5.10.1/i386-freebsd-thread-multi /home/david/cpantesting/perl-5.10.1/lib/site_perl/5.10.1 .) at (eval 77) line 1.
BEGIN failed--compilation aborted at (eval 77) line 1.

#   Failed test 'use POE::Component::Server::JSONRPC::Http;'
#   at t/00_compile.t line 6.
#     Tried to use 'POE::Component::Server::JSONRPC::Http'.
#     Error:  could not import qw(Component::Server::SimpleHTTP) at /usr/home/david/cpantesting/perl-5.10.1/.cpan/build/POE-Component-Server-JSONRPC-0.03-x1uE7Z/blib/lib/POE/Component/Server/JSONRPC/Http.pm line 28
# BEGIN failed--compilation aborted at t/00_compile.t line 6.
# Compilation failed in require at (eval 74) line 2.
# BEGIN failed--compilation aborted at (eval 74) line 2.
# Looks like you failed 1 test of 3.
t/00_compile.t .... 
Dubious, test returned 1 (wstat 256, 0x100)
Failed 1/3 subtests 
t/pod.t ........... ok
Can't locate POE/Component/Server/SimpleHTTP.pm in @INC (@INC contains: /usr/home/david/cpantesting/perl-5.10.1/.cpan/build/POE-Component-Server-JSONRPC-0.03-x1uE7Z/inc /usr/home/david/cpantesting/perl-5.10.1/.cpan/build/POE-Component-Server-JSONRPC-0.03-x1uE7Z/blib/lib /usr/home/david/cpantesting/perl-5.10.1/.cpan/build/POE-Component-Server-JSONRPC-0.03-x1uE7Z/blib/arch /home/david/cpantesting/perl-5.10.1/lib/5.10.1/i386-freebsd-thread-multi /home/david/cpantesting/perl-5.10.1/lib/5.10.1 /home/david/cpantesting/perl-5.10.1/lib/site_perl/5.10.1/i386-freebsd-thread-multi /home/david/cpantesting/perl-5.10.1/lib/site_perl/5.10.1 .) at (eval 85) line 1.
BEGIN failed--compilation aborted at (eval 85) line 1.
t/pod_coverage.t .. ok

Test Summary Report
-------------------
t/00_compile.t  (Wstat: 256 Tests: 3 Failed: 1)
  Failed test:  2
  Non-zero exit status: 1
Files=3, Tests=9,  1 wallclock secs ( 0.06 usr  0.06 sys +  0.39 cusr  0.16 csys =  0.68 CPU)
Result: FAIL
Failed 1/3 test programs. 1/9 subtests failed.
*** Error code 255

Stop in /usr/home/david/cpantesting/perl-5.10.1/.cpan/build/POE-Component-Server-JSONRPC-0.03-x1uE7Z.

------------------------------
PREREQUISITES
------------------------------

Prerequisite modules loaded:

requires:

    Module                      Need Have 
    --------------------------- ---- -----
    Class::Accessor::Fast       0    0.34 
    JSON::Any                   0    1.29 
    POE                         0    1.312
    POE::Component::Server::TCP 0    1.312
    POE::Filter::Line           0    1.312
    Test::More                  0    0.98 

build_requires:

    Module                      Need Have 
    --------------------------- ---- -----
    ExtUtils::MakeMaker         0    6.59 


------------------------------
ENVIRONMENT AND OTHER CONTEXT
------------------------------

Environment variables:

    AUTOMATED_TESTING = 1
    PATH = /sbin:/bin:/usr/sbin:/usr/bin:/usr/games:/usr/local/sbin:/usr/local/bin:/usr/X11R6/bin:/home/david/bin
    PERL5LIB = 
    PERL5OPT = 
    PERL5_CPANPLUS_IS_RUNNING = 65532
    PERL5_CPAN_IS_RUNNING = 65532
    PERLVER = 5.10.1
    SHELL = /usr/local/bin/bash
    TERM = screen

Perl special variables (and OS-specific diagnostics, for MSWin32):

    $^X = /home/david/cpantesting/perl-5.10.1/bin/perl5.10.1
    $UID/$EUID = 1001 / 1001
    $GID = 1001 1001 1001 0
    $EGID = 1001 1001 1001 0

Perl module toolchain versions installed:

    Module              Have  
    ------------------- ------
    CPAN                1.9402
    Cwd                 3.31  
    ExtUtils::CBuilder  0.2703
    ExtUtils::Command   1.16  
    ExtUtils::Install   1.54  
    ExtUtils::MakeMaker 6.59  
    ExtUtils::Manifest  1.58  
    ExtUtils::ParseXS   2.2206
    File::Spec          3.31  
    Module::Build       0.3800
    Module::Signature   n/a   
    Test::Harness       3.23  
    Test::More          0.98  
    YAML                0.73  
    YAML::Syck          1.17  
    version             0.94  


--

Summary of my perl5 (revision 5 version 10 subversion 1) configuration:
   
  Platform:
    osname=freebsd, osvers=6.2-release, archname=i386-freebsd-thread-multi
    uname='freebsd poacher.barnyard.co.uk 6.2-release freebsd 6.2-release #0: fri jan 12 10:40:27 utc 2007 root@dessler.cse.buffalo.edu:usrobjusrsrcsysgeneric i386 '
    config_args='-de -Dprefix=/home/david/cpantesting/perl-5.10.1 -Dusethreads'
    hint=recommended, useposix=true, d_sigaction=define
    useithreads=define, usemultiplicity=define
    useperlio=define, d_sfio=undef, uselargefiles=define, usesocks=undef
    use64bitint=undef, use64bitall=undef, uselongdouble=undef
    usemymalloc=n, bincompat5005=undef
  Compiler:
    cc='cc', ccflags ='-DHAS_FPSETMASK -DHAS_FLOATINGPOINT_H -fno-strict-aliasing -pipe -I/usr/local/include',
    optimize='-O',
    cppflags='-DHAS_FPSETMASK -DHAS_FLOATINGPOINT_H -fno-strict-aliasing -pipe -I/usr/local/include'
    ccversion='', gccversion='3.4.6 [FreeBSD] 20060305', gccosandvers=''
    intsize=4, longsize=4, ptrsize=4, doublesize=8, byteorder=1234
    d_longlong=define, longlongsize=8, d_longdbl=define, longdblsize=12
    ivtype='long', ivsize=4, nvtype='double', nvsize=8, Off_t='off_t', lseeksize=8
    alignbytes=4, prototype=define
  Linker and Libraries:
    ld='cc', ldflags ='-pthread -Wl,-E  -L/usr/local/lib'
    libpth=/usr/lib /usr/local/lib
    libs=-lgdbm -lm -lcrypt
    perllibs=-lm -lcrypt
    libc=, so=so, useshrplib=false, libperl=libperl.a
    gnulibc_version=''
  Dynamic Linking:
    dlsrc=dl_dlopen.xs, dlext=so, d_dlsymun=undef, ccdlflags=' '
    cccdlflags='-DPIC -fPIC', lddlflags='-shared  -L/usr/local/lib'


Characteristics of this binary (from libperl): 
  Compile-time options: MULTIPLICITY PERL_DONT_CREATE_GVSV
                        PERL_IMPLICIT_CONTEXT PERL_MALLOC_WRAP USE_ITHREADS
                        USE_LARGE_FILES USE_PERLIO USE_REENTRANT_API
  Built under freebsd
  Compiled at Sep  3 2009 20:02:21
  %ENV:
    PERL5LIB=""
    PERL5OPT=""
    PERL5_CPANPLUS_IS_RUNNING="65532"
    PERL5_CPAN_IS_RUNNING="65532"
    PERLVER="5.10.1"
  @INC:
    /home/david/cpantesting/perl-5.10.1/lib/5.10.1/i386-freebsd-thread-multi
    /home/david/cpantesting/perl-5.10.1/lib/5.10.1
    /home/david/cpantesting/perl-5.10.1/lib/site_perl/5.10.1/i386-freebsd-thread-multi
    /home/david/cpantesting/perl-5.10.1/lib/site_perl/5.10.1
    .