Report for Text-Tradition-Analysis-2.0.2

Back
From: metabase:user:314402c4-2aae-11df-837a-5e0a49663a4f
Subject: FAIL Text-Tradition-Analysis-2.0.2 v5.18.4 GNU/Linux
Date: 2016-04-06T20:18:08Z

This distribution has been tested as part of the CPAN Testers
project, supporting the Perl programming language.  See
http://wiki.cpantesters.org/ for more information or email
questions to cpan-testers-discuss@perl.org


--
Dear Tara Andrews,

This is a computer-generated report for Text-Tradition-Analysis-2.0.2
on perl 5.18.4, created by CPAN-Reporter-1.2011.

Thank you for uploading your work to CPAN.  However, there was a problem
testing your distribution.

If you think this report is invalid, please consult the CPAN Testers Wiki
for suggestions on how to avoid getting FAIL reports for missing library
or binary dependencies, unsupported operating systems, and so on:

http://wiki.cpantesters.org/wiki/CPANAuthorNotes

Sections of this report:

    * Tester comments
    * Program output
    * Prerequisites
    * Environment and other context

------------------------------
TESTER COMMENTS
------------------------------

Additional comments from tester:

none provided

------------------------------
PROGRAM OUTPUT
------------------------------

Output from '/usr/bin/make test':

PERL_DL_NONLAZY=1 "/bbbike/perl-5.18.4t/bin/perl" "-MExtUtils::Command::MM" "-MTest::Harness" "-e" "undef *Test::Harness::Switches; test_harness(0, 'inc', 'blib/lib', 'blib/arch')" t/*.t
t/00dependencies.t .................. ok
t/02pod.t ........................... ok
t/03podcoverage.t ................... skipped: set TEST_POD to enable this test

#   Failed test 'Got a solution for the stated problem'
#   at t/analysis.t line 195.

#   Failed test 'Got a solution for the stated problem'
#   at t/analysis.t line 195.

#   Failed test 'Got a solution for the stated problem'
#   at t/analysis.t line 195.

#   Failed test 'Got a solution for the stated problem'
#   at t/analysis.t line 195.

#   Failed test 'Got a solution for the stated problem'
#   at t/analysis.t line 195.

#   Failed test 'Got a solution for the stated problem'
#   at t/analysis.t line 195.

#   Failed test 'Got expected genealogical result for rank 73'
#   at t/analysis.t line 190.
#          got: 'genealogical'
#     expected: 'reverted'

#   Failed test 'Got a solution for the stated problem'
#   at t/analysis.t line 195.

#   Failed test 'Got a solution for the stated problem'
#   at t/analysis.t line 195.

#   Failed test 'Got expected genealogical result for rank 91'
#   at t/analysis.t line 190.
#          got: 'genealogical'
#     expected: 'conflict'

#   Failed test 'Got a solution for the stated problem'
#   at t/analysis.t line 195.

#   Failed test 'Got a solution for the stated problem'
#   at t/analysis.t line 195.

#   Failed test 'Got a solution for the stated problem'
#   at t/analysis.t line 195.

#   Failed test 'Got expected genealogical result for rank 99'
#   at t/analysis.t line 190.
#          got: 'genealogical'
#     expected: 'reverted'

#   Failed test 'Got a solution for the stated problem'
#   at t/analysis.t line 195.

#   Failed test 'Got a solution for the stated problem'
#   at t/analysis.t line 195.

#   Failed test 'Got a solution for the stated problem'
#   at t/analysis.t line 195.

#   Failed test 'Got expected genealogical result for rank 136'
#   at t/analysis.t line 190.
#          got: 'genealogical'
#     expected: 'reverted'

#   Failed test 'Got a solution for the stated problem'
#   at t/analysis.t line 195.

#   Failed test 'Got expected genealogical result for rank 142'
#   at t/analysis.t line 190.
#          got: 'genealogical'
#     expected: 'conflict'

#   Failed test 'Got a solution for the stated problem'
#   at t/analysis.t line 195.

#   Failed test 'Got a solution for the stated problem'
#   at t/analysis.t line 195.

#   Failed test 'Got a solution for the stated problem'
#   at t/analysis.t line 195.

#   Failed test 'Got a solution for the stated problem'
#   at t/analysis.t line 195.

#   Failed test 'Got a solution for the stated problem'
#   at t/analysis.t line 195.

#   Failed test 'Got a solution for the stated problem'
#   at t/analysis.t line 195.

#   Failed test 'Got a solution for the stated problem'
#   at t/analysis.t line 195.

#   Failed test 'Got a solution for the stated problem'
#   at t/analysis.t line 195.

#   Failed test 'Got a solution for the stated problem'
#   at t/analysis.t line 195.

#   Failed test 'Got a solution for the stated problem'
#   at t/analysis.t line 195.

#   Failed test 'Got a solution for the stated problem'
#   at t/analysis.t line 195.

#   Failed test 'Got a solution for the stated problem'
#   at t/analysis.t line 195.

#   Failed test 'Got a solution for the stated problem'
#   at t/analysis.t line 195.

#   Failed test 'Got a solution for the stated problem'
#   at t/analysis.t line 195.

#   Failed test 'Got a solution for the stated problem'
#   at t/analysis.t line 195.

#   Failed test 'Got a solution for the stated problem'
#   at t/analysis.t line 195.

#   Failed test 'Got a solution for the stated problem'
#   at t/analysis.t line 195.

#   Failed test 'Got expected genealogical result for rank 317'
#   at t/analysis.t line 190.
#          got: 'genealogical'
#     expected: 'reverted'

#   Failed test 'Got a solution for the stated problem'
#   at t/analysis.t line 195.

#   Failed test 'Got a solution for the stated problem'
#   at t/analysis.t line 195.

#   Failed test 'Got a solution for the stated problem'
#   at t/analysis.t line 195.

#   Failed test 'Got a solution for the stated problem'
#   at t/analysis.t line 195.

#   Failed test 'Got expected genealogical result for rank 328'
#   at t/analysis.t line 190.
#          got: 'genealogical'
#     expected: 'reverted'

#   Failed test 'Got a solution for the stated problem'
#   at t/analysis.t line 195.

#   Failed test 'Got a solution for the stated problem'
#   at t/analysis.t line 195.

#   Failed test 'Got a solution for the stated problem'
#   at t/analysis.t line 195.

#   Failed test 'Got expected genealogical result for rank 350'
#   at t/analysis.t line 190.
#          got: 'genealogical'
#     expected: 'reverted'

#   Failed test 'Got a solution for the stated problem'
#   at t/analysis.t line 195.

#   Failed test 'Got expected genealogical result for rank 361'
#   at t/analysis.t line 190.
#          got: 'genealogical'
#     expected: 'reverted'

#   Failed test 'Got a solution for the stated problem'
#   at t/analysis.t line 195.

#   Failed test 'Got a solution for the stated problem'
#   at t/analysis.t line 195.

#   Failed test 'Got a solution for the stated problem'
#   at t/analysis.t line 195.

#   Failed test 'Got expected genealogical result for rank 382'
#   at t/analysis.t line 190.
#          got: 'genealogical'
#     expected: 'reverted'

#   Failed test 'Got a solution for the stated problem'
#   at t/analysis.t line 195.

#   Failed test 'Got expected genealogical result for rank 385'
#   at t/analysis.t line 190.
#          got: 'genealogical'
#     expected: 'reverted'

#   Failed test 'Got a solution for the stated problem'
#   at t/analysis.t line 195.

#   Failed test 'Got a solution for the stated problem'
#   at t/analysis.t line 195.

#   Failed test 'Got a solution for the stated problem'
#   at t/analysis.t line 195.

#   Failed test 'Got a solution for the stated problem'
#   at t/analysis.t line 195.

#   Failed test 'Got expected genealogical result for rank 418'
#   at t/analysis.t line 190.
#          got: 'genealogical'
#     expected: 'reverted'

#   Failed test 'Got a solution for the stated problem'
#   at t/analysis.t line 195.

#   Failed test 'Got a solution for the stated problem'
#   at t/analysis.t line 195.

#   Failed test 'Got a solution for the stated problem'
#   at t/analysis.t line 195.

#   Failed test 'Got expected genealogical result for rank 497'
#   at t/analysis.t line 190.
#          got: 'genealogical'
#     expected: 'reverted'

#   Failed test 'Got a solution for the stated problem'
#   at t/analysis.t line 195.

#   Failed test 'Got a solution for the stated problem'
#   at t/analysis.t line 195.

#   Failed test 'Got expected genealogical result for rank 500'
#   at t/analysis.t line 190.
#          got: 'genealogical'
#     expected: 'reverted'

#   Failed test 'Got a solution for the stated problem'
#   at t/analysis.t line 195.

#   Failed test 'Got expected genealogical result for rank 515'
#   at t/analysis.t line 190.
#          got: 'genealogical'
#     expected: 'reverted'

#   Failed test 'Got a solution for the stated problem'
#   at t/analysis.t line 195.

#   Failed test 'Got a solution for the stated problem'
#   at t/analysis.t line 195.

#   Failed test 'Got expected genealogical result for rank 558'
#   at t/analysis.t line 190.
#          got: 'genealogical'
#     expected: 'conflict'

#   Failed test 'Got a solution for the stated problem'
#   at t/analysis.t line 195.

#   Failed test 'Got a solution for the stated problem'
#   at t/analysis.t line 195.

#   Failed test 'Got a solution for the stated problem'
#   at t/analysis.t line 195.

#   Failed test 'Got a solution for the stated problem'
#   at t/analysis.t line 195.

#   Failed test 'Got a solution for the stated problem'
#   at t/analysis.t line 195.

#   Failed test 'Got a solution for the stated problem'
#   at t/analysis.t line 195.

#   Failed test 'Got a solution for the stated problem'
#   at t/analysis.t line 195.

#   Failed test 'Got a solution for the stated problem'
#   at t/analysis.t line 195.

#   Failed test 'Got a solution for the stated problem'
#   at t/analysis.t line 195.

#   Failed test 'Got expected genealogical result for rank 742'
#   at t/analysis.t line 190.
#          got: 'genealogical'
#     expected: 'reverted'

#   Failed test 'Got a solution for the stated problem'
#   at t/analysis.t line 195.

#   Failed test 'Got expected genealogical result for rank 743'
#   at t/analysis.t line 190.
#          got: 'genealogical'
#     expected: 'reverted'

#   Failed test 'Got a solution for the stated problem'
#   at t/analysis.t line 195.

#   Failed test 'Got expected genealogical result for rank 744'
#   at t/analysis.t line 190.
#          got: 'genealogical'
#     expected: 'reverted'

#   Failed test 'Got a solution for the stated problem'
#   at t/analysis.t line 195.

#   Failed test 'Got a solution for the stated problem'
#   at t/analysis.t line 195.

#   Failed test 'Got a solution for the stated problem'
#   at t/analysis.t line 195.

#   Failed test 'Got a solution for the stated problem'
#   at t/analysis.t line 195.

#   Failed test 'Got a solution for the stated problem'
#   at t/analysis.t line 195.

#   Failed test 'Got a solution for the stated problem'
#   at t/analysis.t line 195.

#   Failed test 'Got a solution for the stated problem'
#   at t/analysis.t line 195.

#   Failed test 'Got expected genealogical result for rank 777'
#   at t/analysis.t line 190.
#          got: 'genealogical'
#     expected: 'reverted'

#   Failed test 'Got a solution for the stated problem'
#   at t/analysis.t line 195.

#   Failed test 'Got a solution for the stated problem'
#   at t/analysis.t line 195.

#   Failed test 'Got a solution for the stated problem'
#   at t/analysis.t line 195.

#   Failed test 'Got a solution for the stated problem'
#   at t/analysis.t line 195.

#   Failed test 'Got a solution for the stated problem'
#   at t/analysis.t line 195.

#   Failed test 'Got a solution for the stated problem'
#   at t/analysis.t line 195.

#   Failed test 'Got a solution for the stated problem'
#   at t/analysis.t line 195.

#   Failed test 'Got a solution for the stated problem'
#   at t/analysis.t line 195.

#   Failed test 'Got a solution for the stated problem'
#   at t/analysis.t line 195.

#   Failed test 'Got a solution for the stated problem'
#   at t/analysis.t line 195.

#   Failed test 'Got a solution for the stated problem'
#   at t/analysis.t line 195.

#   Failed test 'Got a solution for the stated problem'
#   at t/analysis.t line 195.

#   Failed test 'Got a solution for the stated problem'
#   at t/analysis.t line 195.

#   Failed test 'Got a solution for the stated problem'
#   at t/analysis.t line 195.

#   Failed test 'Got a solution for the stated problem'
#   at t/analysis.t line 195.

#   Failed test 'Got a solution for the stated problem'
#   at t/analysis.t line 195.

#   Failed test 'Got a solution for the stated problem'
#   at t/analysis.t line 195.

#   Failed test 'Got a solution for the stated problem'
#   at t/analysis.t line 195.

#   Failed test 'Got a solution for the stated problem'
#   at t/analysis.t line 195.

#   Failed test 'Got a solution for the stated problem'
#   at t/analysis.t line 195.

#   Failed test 'Got a solution for the stated problem'
#   at t/analysis.t line 195.

#   Failed test 'Got a solution for the stated problem'
#   at t/analysis.t line 195.

#   Failed test 'Got a solution for the stated problem'
#   at t/analysis.t line 195.

#   Failed test 'Got a solution for the stated problem'
#   at t/analysis.t line 195.

#   Failed test 'Got a solution for the stated problem'
#   at t/analysis.t line 195.

#   Failed test 'Got a solution for the stated problem'
#   at t/analysis.t line 195.

#   Failed test 'Got a solution for the stated problem'
#   at t/analysis.t line 195.

#   Failed test 'Got a solution for the stated problem'
#   at t/analysis.t line 195.

#   Failed test 'Got a solution for the stated problem'
#   at t/analysis.t line 195.

#   Failed test 'Got a solution for the stated problem'
#   at t/analysis.t line 195.

#   Failed test 'Got a solution for the stated problem'
#   at t/analysis.t line 195.

#   Failed test 'Got a solution for the stated problem'
#   at t/analysis.t line 195.

#   Failed test 'Got a solution for the stated problem'
#   at t/analysis.t line 195.

#   Failed test 'Got a solution for the stated problem'
#   at t/analysis.t line 195.

#   Failed test 'Got a solution for the stated problem'
#   at t/analysis.t line 195.

#   Failed test 'Got a solution for the stated problem'
#   at t/analysis.t line 195.

#   Failed test 'Got a solution for the stated problem'
#   at t/analysis.t line 195.

#   Failed test 'Got a solution for the stated problem'
#   at t/analysis.t line 195.

#   Failed test 'Got a solution for the stated problem'
#   at t/analysis.t line 195.

#   Failed test 'Got a solution for the stated problem'
#   at t/analysis.t line 195.

#   Failed test 'Got a solution for the stated problem'
#   at t/analysis.t line 195.

#   Failed test 'Got a solution for the stated problem'
#   at t/analysis.t line 195.

#   Failed test 'Got a solution for the stated problem'
#   at t/analysis.t line 195.

#   Failed test 'Got a solution for the stated problem'
#   at t/analysis.t line 195.

#   Failed test 'Got a solution for the stated problem'
#   at t/analysis.t line 195.

#   Failed test 'Got a solution for the stated problem'
#   at t/analysis.t line 195.

#   Failed test 'Got a solution for the stated problem'
#   at t/analysis.t line 195.

#   Failed test 'Got a solution for the stated problem'
#   at t/analysis.t line 195.

#   Failed test 'Got a solution for the stated problem'
#   at t/analysis.t line 195.

#   Failed test 'Got expected genealogical result for rank 897'
#   at t/analysis.t line 190.
#          got: 'genealogical'
#     expected: 'conflict'

#   Failed test 'Got a solution for the stated problem'
#   at t/analysis.t line 195.

#   Failed test 'Got expected genealogical result for rank 898'
#   at t/analysis.t line 190.
#          got: 'genealogical'
#     expected: 'conflict'

#   Failed test 'Got a solution for the stated problem'
#   at t/analysis.t line 195.

#   Failed test 'Got a solution for the stated problem'
#   at t/analysis.t line 195.

#   Failed test 'Got a solution for the stated problem'
#   at t/analysis.t line 195.

#   Failed test 'Got a solution for the stated problem'
#   at t/analysis.t line 195.

#   Failed test 'Got a solution for the stated problem'
#   at t/analysis.t line 195.

#   Failed test 'Got a solution for the stated problem'
#   at t/analysis.t line 195.

#   Failed test 'Got a solution for the stated problem'
#   at t/analysis.t line 195.

#   Failed test 'Got a solution for the stated problem'
#   at t/analysis.t line 195.

#   Failed test 'Got a solution for the stated problem'
#   at t/analysis.t line 195.

#   Failed test 'Got a solution for the stated problem'
#   at t/analysis.t line 195.

#   Failed test 'Got a solution for the stated problem'
#   at t/analysis.t line 195.

#   Failed test 'Got a solution for the stated problem'
#   at t/analysis.t line 195.

#   Failed test 'Got a solution for the stated problem'
#   at t/analysis.t line 195.

#   Failed test 'Got a solution for the stated problem'
#   at t/analysis.t line 195.

#   Failed test 'Got a solution for the stated problem'
#   at t/analysis.t line 195.

#   Failed test 'Got a solution for the stated problem'
#   at t/analysis.t line 195.

#   Failed test 'Got a solution for the stated problem'
#   at t/analysis.t line 195.

#   Failed test 'Got a solution for the stated problem'
#   at t/analysis.t line 195.

#   Failed test 'Got a solution for the stated problem'
#   at t/analysis.t line 195.

#   Failed test 'Got a solution for the stated problem'
#   at t/analysis.t line 195.

#   Failed test 'Got a solution for the stated problem'
#   at t/analysis.t line 195.

#   Failed test 'Got a solution for the stated problem'
#   at t/analysis.t line 195.

#   Failed test 'Got a solution for the stated problem'
#   at t/analysis.t line 226.

#   Failed test 'Got a solution for the stated problem'
#   at t/analysis.t line 226.

#   Failed test 'Got a solution for the stated problem'
#   at t/analysis.t line 226.

#   Failed test 'Got a solution for the stated problem'
#   at t/analysis.t line 226.

#   Failed test 'Got a solution for the stated problem'
#   at t/analysis.t line 226.

#   Failed test 'Got a solution for the stated problem'
#   at t/analysis.t line 226.

#   Failed test 'Got a solution for the stated problem'
#   at t/analysis.t line 226.

#   Failed test 'Got a solution for the stated problem'
#   at t/analysis.t line 226.

#   Failed test 'Got a solution for the stated problem'
#   at t/analysis.t line 226.

#   Failed test 'Got a solution for the stated problem'
#   at t/analysis.t line 226.

#   Failed test 'Got a solution for the stated problem'
#   at t/analysis.t line 226.

#   Failed test 'Got a solution for the stated problem'
#   at t/analysis.t line 226.

#   Failed test 'Got a solution for the stated problem'
#   at t/analysis.t line 226.

#   Failed test 'Got a solution for the stated problem'
#   at t/analysis.t line 226.

#   Failed test 'Got a solution for the stated problem'
#   at t/analysis.t line 226.

#   Failed test 'Got a solution for the stated problem'
#   at t/analysis.t line 226.

#   Failed test 'Got a solution for the stated problem'
#   at t/analysis.t line 226.

#   Failed test 'Got a solution for the stated problem'
#   at t/analysis.t line 226.

#   Failed test 'Got a solution for the stated problem'
#   at t/analysis.t line 226.

#   Failed test 'Got a solution for the stated problem'
#   at t/analysis.t line 226.

#   Failed test 'Got a solution for the stated problem'
#   at t/analysis.t line 226.

#   Failed test 'Got a solution for the stated problem'
#   at t/analysis.t line 226.

#   Failed test 'Got a solution for the stated problem'
#   at t/analysis.t line 226.

#   Failed test 'Got a solution for the stated problem'
#   at t/analysis.t line 226.

#   Failed test 'Got a solution for the stated problem'
#   at t/analysis.t line 226.

#   Failed test 'Got a solution for the stated problem'
#   at t/analysis.t line 226.

#   Failed test 'Got a solution for the stated problem'
#   at t/analysis.t line 226.

#   Failed test 'Got a solution for the stated problem'
#   at t/analysis.t line 226.

#   Failed test 'Got a solution for the stated problem'
#   at t/analysis.t line 226.

#   Failed test 'Got a solution for the stated problem'
#   at t/analysis.t line 226.

#   Failed test 'Got a solution for the stated problem'
#   at t/analysis.t line 226.

#   Failed test 'Got a solution for the stated problem'
#   at t/analysis.t line 226.

#   Failed test 'Got a solution for the stated problem'
#   at t/analysis.t line 226.

#   Failed test 'Got a solution for the stated problem'
#   at t/analysis.t line 226.

#   Failed test 'Got a solution for the stated problem'
#   at t/analysis.t line 226.

#   Failed test 'Got a solution for the stated problem'
#   at t/analysis.t line 226.

#   Failed test 'Got a solution for the stated problem'
#   at t/analysis.t line 226.

#   Failed test 'Got a solution for the stated problem'
#   at t/analysis.t line 226.

#   Failed test 'Got a solution for the stated problem'
#   at t/analysis.t line 226.

#   Failed test 'Got a solution for the stated problem'
#   at t/analysis.t line 226.

#   Failed test 'Got a solution for the stated problem'
#   at t/analysis.t line 226.

#   Failed test 'Got a solution for the stated problem'
#   at t/analysis.t line 226.

#   Failed test 'Got a solution for the stated problem'
#   at t/analysis.t line 226.

#   Failed test 'Got a solution for the stated problem'
#   at t/analysis.t line 226.

#   Failed test 'Got a solution for the stated problem'
#   at t/analysis.t line 226.

#   Failed test 'Got a solution for the stated problem'
#   at t/analysis.t line 226.

#   Failed test 'Got a solution for the stated problem'
#   at t/analysis.t line 226.

#   Failed test 'Got a solution for the stated problem'
#   at t/analysis.t line 226.

#   Failed test 'Got a solution for the stated problem'
#   at t/analysis.t line 226.

#   Failed test 'Got a solution for the stated problem'
#   at t/analysis.t line 226.

#   Failed test 'Got a solution for the stated problem'
#   at t/analysis.t line 226.

#   Failed test 'Got a solution for the stated problem'
#   at t/analysis.t line 226.

#   Failed test 'Got a solution for the stated problem'
#   at t/analysis.t line 226.

#   Failed test 'Got a solution for the stated problem'
#   at t/analysis.t line 226.

#   Failed test 'Got a solution for the stated problem'
#   at t/analysis.t line 226.

#   Failed test 'Got a solution for the stated problem'
#   at t/analysis.t line 226.

#   Failed test 'Got a solution for the stated problem'
#   at t/analysis.t line 226.

#   Failed test 'Got a solution for the stated problem'
#   at t/analysis.t line 226.

#   Failed test 'Got a solution for the stated problem'
#   at t/analysis.t line 226.

#   Failed test 'Got a solution for the stated problem'
#   at t/analysis.t line 226.

#   Failed test 'Ran analysis for all useful rows'
#   at t/analysis.t line 237.
#     Structures begin differing at:
#          $got->[0] = Does not exist
#     $expected->[0] = '3'

#   Failed test 'Got a solution for the stated problem'
#   at t/analysis.t line 253.

#   Failed test 'Got a solution for the stated problem'
#   at t/analysis.t line 253.

#   Failed test 'Got a solution for the stated problem'
#   at t/analysis.t line 253.

#   Failed test 'Got a solution for the stated problem'
#   at t/analysis.t line 253.

#   Failed test 'Got a solution for the stated problem'
#   at t/analysis.t line 253.

#   Failed test 'Got a solution for the stated problem'
#   at t/analysis.t line 253.

#   Failed test 'Got a solution for the stated problem'
#   at t/analysis.t line 253.

#   Failed test 'Got a solution for the stated problem'
#   at t/analysis.t line 253.

#   Failed test 'Got a solution for the stated problem'
#   at t/analysis.t line 253.

#   Failed test 'Got a solution for the stated problem'
#   at t/analysis.t line 253.

#   Failed test 'Got a solution for the stated problem'
#   at t/analysis.t line 253.

#   Failed test 'Got a solution for the stated problem'
#   at t/analysis.t line 253.

#   Failed test 'Got a solution for the stated problem'
#   at t/analysis.t line 253.

#   Failed test 'Got a solution for the stated problem'
#   at t/analysis.t line 253.

#   Failed test 'Got a solution for the stated problem'
#   at t/analysis.t line 253.

#   Failed test 'Got a solution for the stated problem'
#   at t/analysis.t line 253.

#   Failed test 'Got a solution for the stated problem'
#   at t/analysis.t line 253.

#   Failed test 'Got a solution for the stated problem'
#   at t/analysis.t line 253.

#   Failed test 'Got a solution for the stated problem'
#   at t/analysis.t line 253.

#   Failed test 'Got a solution for the stated problem'
#   at t/analysis.t line 253.

#   Failed test 'Got a solution for the stated problem'
#   at t/analysis.t line 253.

#   Failed test 'Got a solution for the stated problem'
#   at t/analysis.t line 253.

#   Failed test 'Got a solution for the stated problem'
#   at t/analysis.t line 253.

#   Failed test 'Got a solution for the stated problem'
#   at t/analysis.t line 253.

#   Failed test 'Got a solution for the stated problem'
#   at t/analysis.t line 253.

#   Failed test 'Got a solution for the stated problem'
#   at t/analysis.t line 253.

#   Failed test 'Got a solution for the stated problem'
#   at t/analysis.t line 253.

#   Failed test 'Got a solution for the stated problem'
#   at t/analysis.t line 253.

#   Failed test 'Got a solution for the stated problem'
#   at t/analysis.t line 253.

#   Failed test 'Got a solution for the stated problem'
#   at t/analysis.t line 253.

#   Failed test 'Got a solution for the stated problem'
#   at t/analysis.t line 253.

#   Failed test 'Got a solution for the stated problem'
#   at t/analysis.t line 253.

#   Failed test 'Got a solution for the stated problem'
#   at t/analysis.t line 253.

#   Failed test 'Got a solution for the stated problem'
#   at t/analysis.t line 253.

#   Failed test 'Got a solution for the stated problem'
#   at t/analysis.t line 253.

#   Failed test 'Got a solution for the stated problem'
#   at t/analysis.t line 253.

#   Failed test 'Got a solution for the stated problem'
#   at t/analysis.t line 253.

#   Failed test 'Got a solution for the stated problem'
#   at t/analysis.t line 253.

#   Failed test 'Got a solution for the stated problem'
#   at t/analysis.t line 253.

#   Failed test 'Got a solution for the stated problem'
#   at t/analysis.t line 253.

#   Failed test 'Got a solution for the stated problem'
#   at t/analysis.t line 253.

#   Failed test 'Got a solution for the stated problem'
#   at t/analysis.t line 253.
# Looks like you failed 271 tests of 397.
t/analysis.t ........................ 
Dubious, test returned 254 (wstat 65024, 0xfe00)
Failed 271/397 subtests 
t/stemma.t .......................... ok
t/text_tradition_analysis.t ......... ok
t/text_tradition_analysis_result.t .. ok
t/text_tradition_hasstemma.t ........ ok
t/text_tradition_stemma.t ........... ok

Test Summary Report
-------------------
t/analysis.t                      (Wstat: 65024 Tests: 397 Failed: 271)
  Failed tests:  2, 4, 6, 8, 10, 12-14, 16-18, 20, 22-24
                26, 28-32, 34, 36, 38, 40, 42, 44, 46, 48
                50, 52, 54, 56, 58, 60, 62, 64-66, 68, 70
                72-74, 76, 78-82, 84, 86-90, 92, 94, 96-98
                100, 102-104, 106-110, 112-114, 116, 118
                120, 122, 124, 126, 128, 130-136, 138, 140
                142, 144, 146, 148-150, 152, 154, 156, 158
                160, 162, 164, 166, 168, 170, 172, 174
                176, 178, 180, 182, 184, 186, 188, 190
                192, 194, 196, 198, 200, 202, 204, 206
                208, 210, 212, 214, 216, 218, 220, 222
                224, 226, 228, 230, 232, 234, 236, 238
                240, 242, 244, 246-250, 252, 254, 256, 258
                260, 262, 264, 266, 268, 270, 272, 274
                276, 278, 280, 282, 284, 286, 288, 290
                292, 294-396
  Non-zero exit status: 254
Files=9, Tests=733, 37 wallclock secs ( 0.08 usr  0.05 sys + 35.43 cusr  1.49 csys = 37.05 CPU)
Result: FAIL
Failed 1/9 test programs. 271/733 subtests failed.
make: *** [test_dynamic] Error 255

------------------------------
PREREQUISITES
------------------------------

Prerequisite modules loaded:

requires:

    Module                     Need   Have    
    -------------------------- ------ --------
    Algorithm::Diff            0      1.1902  
    Bio::Phylo::IO             0      0       
    Data::Validate::IP         0      0.24    
    Date::Parse                0      2.30    
    File::chdir                0      0.1009  
    File::Which                0      1.09    
    Graph                      0      0.96    
    Graph::Reader::Dot         0      2.08    
    IPC::Run                   0      0.93    
    JSON                       0      2.90    
    LWP::UserAgent             0      6.13    
    Moose                      0      2.1402  
    Moose::Role                0      2.1402  
    perl                       5.012  5.018004
    Set::Scalar                0      1.29    
    Text::Tradition            v2.0.0 2.0.1   
    Text::Tradition::Error     0      0       
    TryCatch                   0      1.003002

build_requires:

    Module                     Need   Have    
    -------------------------- ------ --------
    ExtUtils::MakeMaker        6.59   7.02    
    Test::More::UTF8           0      0.04    
    Text::Tradition::Directory 0      1.2     

configure_requires:

    Module                     Need   Have    
    -------------------------- ------ --------
    ExtUtils::MakeMaker        6.59   7.02    


------------------------------
ENVIRONMENT AND OTHER CONTEXT
------------------------------

Environment variables:

    LANG = C
    PATH = /usr/local/bin:/usr/bin:/bin:/usr/local/sbin:/usr/sbin:/sbin:/home/cpansand/bin/linux-gnu:/home/cpansand/bin/sh:/home/cpansand/bin:/usr/games:/home/cpansand/devel:/home/eserte/src/srezic-misc/scripts
    PERL5LIB = /home/cpansand/.cpan/build/2016040618/Graph-ReadWrite-2.08-XMK0pF/blib/arch:/home/cpansand/.cpan/build/2016040618/Graph-ReadWrite-2.08-XMK0pF/blib/lib:/home/cpansand/.cpan/build/2016040618/Text-Tradition-Directory-1.2-xvMQS2/blib/arch:/home/cpansand/.cpan/build/2016040618/Text-Tradition-Directory-1.2-xvMQS2/blib/lib:/home/cpansand/.cpan/build/2016040618/KiokuX-User-0.02-o3vvke/blib/arch:/home/cpansand/.cpan/build/2016040618/KiokuX-User-0.02-o3vvke/blib/lib:/home/cpansand/.cpan/build/2016040618/MooseX-Types-Authen-Passphrase-0.04-1AnfKr/blib/arch:/home/cpansand/.cpan/build/2016040618/MooseX-Types-Authen-Passphrase-0.04-1AnfKr/blib/lib:/home/cpansand/.cpan/build/2016040618/KiokuX-Model-0.02-yT80pP/blib/arch:/home/cpansand/.cpan/build/2016040618/KiokuX-Model-0.02-yT80pP/blib/lib:/home/cpansand/.cpan/build/2016040618/Text-Tradition-2.0.1-uiV_1L/blib/arch:/home/cpansand/.cpan/build/2016040618/Text-Tradition-2.0.1-uiV_1L/blib/lib:/home/cpansand/.cpan/build/2016040618/XML-Easy-0.009-gIrHf8/blib/arch:/home/cpansand/.cpan/build/2016040618/XML-Easy-0.009-gIrHf8/blib/lib:/home/cpansand/.cpan/build/2016040618/Text-TEI-Markup-1.9-3qJcrQ/blib/arch:/home/cpansand/.cpan/build/2016040618/Text-TEI-Markup-1.9-3qJcrQ/blib/lib:/home/cpansand/.cpan/build/2016040618/Convert-Number-Armenian-0.1-LMTdGn/blib/arch:/home/cpansand/.cpan/build/2016040618/Convert-Number-Armenian-0.1-LMTdGn/blib/lib:/home/cpansand/.cpan/build/2016040618/Spreadsheet-XLSX-0.15-NDJrtR/blib/arch:/home/cpansand/.cpan/build/2016040618/Spreadsheet-XLSX-0.15-NDJrtR/blib/lib:/home/cpansand/.cpan/build/2016040618/Test-More-UTF8-0.04-kJLgWC/blib/arch:/home/cpansand/.cpan/build/2016040618/Test-More-UTF8-0.04-kJLgWC/blib/lib:/home/cpansand/.cpan/build/2016040618/KiokuDB-Backend-DBI-1.23-EhQ1Y3/blib/arch:/home/cpansand/.cpan/build/2016040618/KiokuDB-Backend-DBI-1.23-EhQ1Y3/blib/lib:/home/cpansand/.cpan/build/2016040618/Bio-Phylo-0.58-0lx4Uz/blib/arch:/home/cpansand/.cpan/build/2016040618/Bio-Phylo-0.58-0lx4Uz/blib/lib
    PERL5OPT = 
    PERL5_CPANPLUS_IS_RUNNING = 25743
    PERL5_CPAN_IS_RUNNING = 25743
    PERL5_CPAN_IS_RUNNING_IN_RECURSION = 23843,25743
    PERLDOC = -MPod::Perldoc::ToTextOverstrike
    PERL_BATCH = yes
    PERL_CANARY_STABILITY_NOPROMPT = 1
    PERL_CPAN_REPORTER_CONFIG = /var/tmp/cpansmoker-1023/2016040618/cpanreporter_001_config.ini
    PERL_EXTUTILS_AUTOINSTALL = --defaultdeps
    SHELL = /bin/zsh
    TERM = screen
    TMPDIR = /var/tmp/cpansmoker-1023/2016040618

Perl special variables (and OS-specific diagnostics, for MSWin32):

    $^X = /bbbike/perl-5.18.4t/bin/perl
    $UID/$EUID = 1023 / 1023
    $GID = 1023 1023
    $EGID = 1023 1023

Perl module toolchain versions installed:

    Module              Have    
    ------------------- --------
    CPAN                2.00    
    CPAN::Meta          2.142690
    Cwd                 3.47    
    ExtUtils::CBuilder  0.280210
    ExtUtils::Command   1.17    
    ExtUtils::Install   1.59    
    ExtUtils::MakeMaker 7.02    
    ExtUtils::Manifest  1.68    
    ExtUtils::ParseXS   3.24    
    File::Spec          3.47    
    JSON                2.90    
    JSON::PP            2.27203 
    Module::Build       0.4210  
    Module::Signature   0.73    
    Parse::CPAN::Meta   1.4414  
    Test::Harness       3.34    
    Test::More          1.001014
    YAML                1.13    
    YAML::Syck          1.27    
    version             0.9909  


--

Summary of my perl5 (revision 5 version 18 subversion 4) configuration:
   
  Platform:
    osname=linux, osvers=3.2.0-4-amd64, archname=x86_64-linux-thread-multi
    uname='linux eserte 3.2.0-4-amd64 #1 smp debian 3.2.63-2+deb7u1 x86_64 gnulinux '
    config_args='-ds -e -Dprefix=/opt/perl-5.18.4t -Dusethreads'
    hint=recommended, useposix=true, d_sigaction=define
    useithreads=define, usemultiplicity=define
    useperlio=define, d_sfio=undef, uselargefiles=define, usesocks=undef
    use64bitint=define, use64bitall=define, uselongdouble=undef
    usemymalloc=n, bincompat5005=undef
  Compiler:
    cc='cc', ccflags ='-D_REENTRANT -D_GNU_SOURCE -fno-strict-aliasing -pipe -fstack-protector -I/usr/local/include -D_LARGEFILE_SOURCE -D_FILE_OFFSET_BITS=64',
    optimize='-O2',
    cppflags='-D_REENTRANT -D_GNU_SOURCE -fno-strict-aliasing -pipe -fstack-protector -I/usr/local/include'
    ccversion='', gccversion='4.7.2', gccosandvers=''
    intsize=4, longsize=8, ptrsize=8, doublesize=8, byteorder=12345678
    d_longlong=define, longlongsize=8, d_longdbl=define, longdblsize=16
    ivtype='long', ivsize=8, nvtype='double', nvsize=8, Off_t='off_t', lseeksize=8
    alignbytes=8, prototype=define
  Linker and Libraries:
    ld='cc', ldflags =' -fstack-protector -L/usr/local/lib'
    libpth=/usr/local/lib /lib/x86_64-linux-gnu /lib/../lib /usr/lib/x86_64-linux-gnu /usr/lib/../lib /lib /usr/lib
    libs=-lnsl -ldb -ldl -lm -lcrypt -lutil -lpthread -lc
    perllibs=-lnsl -ldl -lm -lcrypt -lutil -lpthread -lc
    libc=, so=so, useshrplib=false, libperl=libperl.a
    gnulibc_version='2.13'
  Dynamic Linking:
    dlsrc=dl_dlopen.xs, dlext=so, d_dlsymun=undef, ccdlflags='-Wl,-E'
    cccdlflags='-fPIC', lddlflags='-shared -O2 -L/usr/local/lib -fstack-protector'


Characteristics of this binary (from libperl): 
  Compile-time options: HAS_TIMES MULTIPLICITY PERLIO_LAYERS
                        PERL_DONT_CREATE_GVSV
                        PERL_HASH_FUNC_ONE_AT_A_TIME_HARD
                        PERL_IMPLICIT_CONTEXT PERL_MALLOC_WRAP
                        PERL_PRESERVE_IVUV PERL_SAWAMPERSAND USE_64_BIT_ALL
                        USE_64_BIT_INT USE_ITHREADS USE_LARGE_FILES
                        USE_LOCALE USE_LOCALE_COLLATE USE_LOCALE_CTYPE
                        USE_LOCALE_NUMERIC USE_PERLIO USE_PERL_ATOF
                        USE_REENTRANT_API
  Built under linux
  Compiled at Nov 15 2014 13:31:56
  %ENV:
    PERL5LIB="/home/cpansand/.cpan/build/2016040618/Graph-ReadWrite-2.08-XMK0pF/blib/arch:/home/cpansand/.cpan/build/2016040618/Graph-ReadWrite-2.08-XMK0pF/blib/lib:/home/cpansand/.cpan/build/2016040618/Text-Tradition-Directory-1.2-xvMQS2/blib/arch:/home/cpansand/.cpan/build/2016040618/Text-Tradition-Directory-1.2-xvMQS2/blib/lib:/home/cpansand/.cpan/build/2016040618/KiokuX-User-0.02-o3vvke/blib/arch:/home/cpansand/.cpan/build/2016040618/KiokuX-User-0.02-o3vvke/blib/lib:/home/cpansand/.cpan/build/2016040618/MooseX-Types-Authen-Passphrase-0.04-1AnfKr/blib/arch:/home/cpansand/.cpan/build/2016040618/MooseX-Types-Authen-Passphrase-0.04-1AnfKr/blib/lib:/home/cpansand/.cpan/build/2016040618/KiokuX-Model-0.02-yT80pP/blib/arch:/home/cpansand/.cpan/build/2016040618/KiokuX-Model-0.02-yT80pP/blib/lib:/home/cpansand/.cpan/build/2016040618/Text-Tradition-2.0.1-uiV_1L/blib/arch:/home/cpansand/.cpan/build/2016040618/Text-Tradition-2.0.1-uiV_1L/blib/lib:/home/cpansand/.cpan/build/2016040618/XML-Easy-0.009-gIrHf8/blib/arch:/home/cpansand/.cpan/build/2016040618/XML-Easy-0.009-gIrHf8/blib/lib:/home/cpansand/.cpan/build/2016040618/Text-TEI-Markup-1.9-3qJcrQ/blib/arch:/home/cpansand/.cpan/build/2016040618/Text-TEI-Markup-1.9-3qJcrQ/blib/lib:/home/cpansand/.cpan/build/2016040618/Convert-Number-Armenian-0.1-LMTdGn/blib/arch:/home/cpansand/.cpan/build/2016040618/Convert-Number-Armenian-0.1-LMTdGn/blib/lib:/home/cpansand/.cpan/build/2016040618/Spreadsheet-XLSX-0.15-NDJrtR/blib/arch:/home/cpansand/.cpan/build/2016040618/Spreadsheet-XLSX-0.15-NDJrtR/blib/lib:/home/cpansand/.cpan/build/2016040618/Test-More-UTF8-0.04-kJLgWC/blib/arch:/home/cpansand/.cpan/build/2016040618/Test-More-UTF8-0.04-kJLgWC/blib/lib:/home/cpansand/.cpan/build/2016040618/KiokuDB-Backend-DBI-1.23-EhQ1Y3/blib/arch:/home/cpansand/.cpan/build/2016040618/KiokuDB-Backend-DBI-1.23-EhQ1Y3/blib/lib:/home/cpansand/.cpan/build/2016040618/Bio-Phylo-0.58-0lx4Uz/blib/arch:/home/cpansand/.cpan/build/2016040618/Bio-Phylo-0.58-0lx4Uz/blib/lib"
    PERL5OPT=""
    PERL5_CPANPLUS_IS_RUNNING="25743"
    PERL5_CPAN_IS_RUNNING="25743"
    PERL5_CPAN_IS_RUNNING_IN_RECURSION="23843,25743"
    PERLDOC="-MPod::Perldoc::ToTextOverstrike"
    PERL_BATCH="yes"
    PERL_CANARY_STABILITY_NOPROMPT="1"
    PERL_CPAN_REPORTER_CONFIG="/var/tmp/cpansmoker-1023/2016040618/cpanreporter_001_config.ini"
    PERL_EXTUTILS_AUTOINSTALL="--defaultdeps"
  @INC:
    /home/cpansand/.cpan/build/2016040618/Graph-ReadWrite-2.08-XMK0pF/blib/arch
    /home/cpansand/.cpan/build/2016040618/Graph-ReadWrite-2.08-XMK0pF/blib/lib
    /home/cpansand/.cpan/build/2016040618/Text-Tradition-Directory-1.2-xvMQS2/blib/arch
    /home/cpansand/.cpan/build/2016040618/Text-Tradition-Directory-1.2-xvMQS2/blib/lib
    /home/cpansand/.cpan/build/2016040618/KiokuX-User-0.02-o3vvke/blib/arch
    /home/cpansand/.cpan/build/2016040618/KiokuX-User-0.02-o3vvke/blib/lib
    /home/cpansand/.cpan/build/2016040618/MooseX-Types-Authen-Passphrase-0.04-1AnfKr/blib/arch
    /home/cpansand/.cpan/build/2016040618/MooseX-Types-Authen-Passphrase-0.04-1AnfKr/blib/lib
    /home/cpansand/.cpan/build/2016040618/KiokuX-Model-0.02-yT80pP/blib/arch
    /home/cpansand/.cpan/build/2016040618/KiokuX-Model-0.02-yT80pP/blib/lib
    /home/cpansand/.cpan/build/2016040618/Text-Tradition-2.0.1-uiV_1L/blib/arch
    /home/cpansand/.cpan/build/2016040618/Text-Tradition-2.0.1-uiV_1L/blib/lib
    /home/cpansand/.cpan/build/2016040618/XML-Easy-0.009-gIrHf8/blib/arch
    /home/cpansand/.cpan/build/2016040618/XML-Easy-0.009-gIrHf8/blib/lib
    /home/cpansand/.cpan/build/2016040618/Text-TEI-Markup-1.9-3qJcrQ/blib/arch
    /home/cpansand/.cpan/build/2016040618/Text-TEI-Markup-1.9-3qJcrQ/blib/lib
    /home/cpansand/.cpan/build/2016040618/Convert-Number-Armenian-0.1-LMTdGn/blib/arch
    /home/cpansand/.cpan/build/2016040618/Convert-Number-Armenian-0.1-LMTdGn/blib/lib
    /home/cpansand/.cpan/build/2016040618/Spreadsheet-XLSX-0.15-NDJrtR/blib/arch
    /home/cpansand/.cpan/build/2016040618/Spreadsheet-XLSX-0.15-NDJrtR/blib/lib
    /home/cpansand/.cpan/build/2016040618/Test-More-UTF8-0.04-kJLgWC/blib/arch
    /home/cpansand/.cpan/build/2016040618/Test-More-UTF8-0.04-kJLgWC/blib/lib
    /home/cpansand/.cpan/build/2016040618/KiokuDB-Backend-DBI-1.23-EhQ1Y3/blib/arch
    /home/cpansand/.cpan/build/2016040618/KiokuDB-Backend-DBI-1.23-EhQ1Y3/blib/lib
    /home/cpansand/.cpan/build/2016040618/Bio-Phylo-0.58-0lx4Uz/blib/arch
    /home/cpansand/.cpan/build/2016040618/Bio-Phylo-0.58-0lx4Uz/blib/lib
    /opt/perl-5.18.4t/lib/site_perl/5.18.4/x86_64-linux-thread-multi
    /opt/perl-5.18.4t/lib/site_perl/5.18.4
    /opt/perl-5.18.4t/lib/5.18.4/x86_64-linux-thread-multi
    /opt/perl-5.18.4t/lib/5.18.4
    .