Back
From: metabase:user:314402c4-2aae-11df-837a-5e0a49663a4f
Subject: FAIL Test-FTP-Server-0.012 v5.20.2 FreeBSD
Date: 2016-03-11T18:47:18Z
This distribution has been tested as part of the CPAN Testers
project, supporting the Perl programming language. See
http://wiki.cpantesters.org/ for more information or email
questions to cpan-testers-discuss@perl.org
--
Dear Taku Amano,
This is a computer-generated report for Test-FTP-Server-0.012
on perl 5.20.2, created by CPAN-Reporter-1.2016.
Thank you for uploading your work to CPAN. However, there was a problem
testing your distribution.
If you think this report is invalid, please consult the CPAN Testers Wiki
for suggestions on how to avoid getting FAIL reports for missing library
or binary dependencies, unsupported operating systems, and so on:
http://wiki.cpantesters.org/wiki/CPANAuthorNotes
Sections of this report:
* Tester comments
* Program output
* Prerequisites
* Environment and other context
------------------------------
TESTER COMMENTS
------------------------------
Additional comments from tester:
none provided
------------------------------
PROGRAM OUTPUT
------------------------------
Output from '/usr/bin/make test':
PERL_DL_NONLAZY=1 "/usr/perl5.20.2p/bin/perl" "-MExtUtils::Command::MM" "-MTest::Harness" "-e" "undef *Test::Harness::Switches; test_harness(0, 'inc', 'blib/lib', 'blib/arch')" t/*.t
t/00_compile.t .. ok
t/01_run.t ...... ok
# Failed test at t/02_root.t line 51.
# got: ''
# expected: 'testdir'
Can't use an undefined value as an ARRAY reference at t/02_root.t line 60.
# Tests were run but no plan was declared and done_testing() was not seen.
# Looks like your test exited with 10 just after 4.
t/02_root.t .....
Dubious, test returned 10 (wstat 2560, 0xa00)
Failed 1/4 subtests
# Failed test at t/03_sandbox.t line 46.
# got: ''
# expected: 'testdir'
Can't use an undefined value as an ARRAY reference at t/03_sandbox.t line 55.
# Tests were run but no plan was declared and done_testing() was not seen.
# Looks like your test exited with 10 just after 4.
t/03_sandbox.t ..
Dubious, test returned 10 (wstat 2560, 0xa00)
Failed 1/4 subtests
Test Summary Report
-------------------
t/02_root.t (Wstat: 2560 Tests: 4 Failed: 1)
Failed test: 3
Non-zero exit status: 10
Parse errors: No plan found in TAP output
t/03_sandbox.t (Wstat: 2560 Tests: 4 Failed: 1)
Failed test: 3
Non-zero exit status: 10
Parse errors: No plan found in TAP output
Files=4, Tests=13, 4 wallclock secs ( 0.09 usr 0.02 sys + 2.41 cusr 0.46 csys = 2.97 CPU)
Result: FAIL
Failed 2/4 test programs. 2/13 subtests failed.
*** Error code 10
Stop.
make: stopped in /home/cpansand/.cpan/build/2016031118/Test-FTP-Server-0.012-1N7Tyd
------------------------------
PREREQUISITES
------------------------------
Prerequisite modules loaded:
requires:
Module Need Have
--------------------- ---- --------
Net::FTPServer 0 1.125
build_requires:
Module Need Have
--------------------- ---- --------
ExtUtils::MakeMaker 6.42 7.10
File::Copy::Recursive 0 0.38
Test::More 0.88 1.001014
Test::TCP 0 2.13
configure_requires:
Module Need Have
--------------------- ---- --------
ExtUtils::MakeMaker 6.42 7.10
------------------------------
ENVIRONMENT AND OTHER CONTEXT
------------------------------
Environment variables:
LC_ALL = C
PATH = /usr/local/bin:/usr/bin:/bin:/usr/local/sbin:/usr/sbin:/sbin:/home/cpansand/bin/freebsd10.1:/home/cpansand/bin/sh:/home/cpansand/bin:/usr/games:/home/cpansand/devel:/home/eserte/src/srezic-misc/scripts
PERL5LIB = /home/cpansand/.cpan/build/2016031118/Net-FTPServer-1.125-bB4BA_/blib/arch:/home/cpansand/.cpan/build/2016031118/Net-FTPServer-1.125-bB4BA_/blib/lib
PERL5OPT =
PERL5_CPANPLUS_IS_RUNNING = 29616
PERL5_CPAN_IS_RUNNING = 29616
PERL5_CPAN_IS_RUNNING_IN_RECURSION = 26843,29616
PERLDOC = -MPod::Perldoc::ToTextOverstrike
PERL_BATCH = yes
PERL_CANARY_STABILITY_NOPROMPT = 1
PERL_CPAN_REPORTER_CONFIG = /var/tmp/cpansmoker-1023/2016031118/cpanreporter_000_config.ini
PERL_EXTUTILS_AUTOINSTALL = --defaultdeps
SHELL = /usr/local/bin/zsh
TERM = screen
TMPDIR = /var/tmp/cpansmoker-1023/2016031118
Perl special variables (and OS-specific diagnostics, for MSWin32):
$^X = /usr/perl5.20.2p/bin/perl
$UID/$EUID = 1023 / 1023
$GID = 1023 1023
$EGID = 1023 1023
Perl module toolchain versions installed:
Module Have
------------------- --------
CPAN 2.10
CPAN::Meta 2.150005
Cwd 3.60
ExtUtils::CBuilder 0.280224
ExtUtils::Command 7.10
ExtUtils::Install 1.67
ExtUtils::MakeMaker 7.10
ExtUtils::Manifest 1.70
ExtUtils::ParseXS 3.24
File::Spec 3.60
JSON 2.90
JSON::PP 2.27300
Module::Build 0.4214
Module::Signature 0.79
Parse::CPAN::Meta 1.4417
Test::Harness 3.35
Test::More 1.001014
YAML 1.15
YAML::Syck 1.29
version 0.9915
--
Summary of my perl5 (revision 5 version 20 subversion 2) configuration:
Platform:
osname=freebsd, osvers=10.1-release, archname=amd64-freebsd
uname='freebsd cvrsnica-freebsd-101.herceg.de 10.1-release freebsd 10.1-release #0 r274401: tue nov 11 21:02:49 utc 2014 root@releng1.nyi.freebsd.org:usrobjusrsrcsysgeneric amd64 '
config_args='-ds -e -Dprefix=/usr/perl5.20.2p'
hint=recommended, useposix=true, d_sigaction=define
useithreads=undef, usemultiplicity=undef
use64bitint=define, use64bitall=define, uselongdouble=undef
usemymalloc=n, bincompat5005=undef
Compiler:
cc='cc', ccflags ='-DHAS_FPSETMASK -DHAS_FLOATINGPOINT_H -fno-strict-aliasing -pipe -fstack-protector -I/usr/local/include',
optimize='-O',
cppflags='-DHAS_FPSETMASK -DHAS_FLOATINGPOINT_H -fno-strict-aliasing -pipe -fstack-protector -I/usr/local/include'
ccversion='', gccversion='4.2.1 Compatible FreeBSD Clang 3.4.1 (tags/RELEASE_34/dot1-final 208032)', gccosandvers=''
intsize=4, longsize=8, ptrsize=8, doublesize=8, byteorder=12345678
d_longlong=define, longlongsize=8, d_longdbl=define, longdblsize=16
ivtype='long', ivsize=8, nvtype='double', nvsize=8, Off_t='off_t', lseeksize=8
alignbytes=8, prototype=define
Linker and Libraries:
ld='cc', ldflags ='-pthread -Wl,-E -fstack-protector -L/usr/local/lib'
libpth=/usr/lib /usr/local/lib /usr/include/clang/3.4.1 /usr/lib
libs=-lgdbm -lm -lcrypt -lutil -lc
perllibs=-lm -lcrypt -lutil -lc
libc=, so=so, useshrplib=false, libperl=libperl.a
gnulibc_version=''
Dynamic Linking:
dlsrc=dl_dlopen.xs, dlext=so, d_dlsymun=undef, ccdlflags=' '
cccdlflags='-DPIC -fPIC', lddlflags='-shared -L/usr/local/lib -fstack-protector'
Characteristics of this binary (from libperl):
Compile-time options: HAS_TIMES PERLIO_LAYERS PERL_DONT_CREATE_GVSV
PERL_HASH_FUNC_ONE_AT_A_TIME_HARD PERL_MALLOC_WRAP
PERL_NEW_COPY_ON_WRITE PERL_PRESERVE_IVUV
USE_64_BIT_ALL USE_64_BIT_INT USE_LARGE_FILES
USE_LOCALE USE_LOCALE_COLLATE USE_LOCALE_CTYPE
USE_LOCALE_NUMERIC USE_PERLIO USE_PERL_ATOF
Built under freebsd
Compiled at Feb 14 2015 20:35:40
%ENV:
PERL5LIB="/home/cpansand/.cpan/build/2016031118/Net-FTPServer-1.125-bB4BA_/blib/arch:/home/cpansand/.cpan/build/2016031118/Net-FTPServer-1.125-bB4BA_/blib/lib"
PERL5OPT=""
PERL5_CPANPLUS_IS_RUNNING="29616"
PERL5_CPAN_IS_RUNNING="29616"
PERL5_CPAN_IS_RUNNING_IN_RECURSION="26843,29616"
PERLDOC="-MPod::Perldoc::ToTextOverstrike"
PERL_BATCH="yes"
PERL_CANARY_STABILITY_NOPROMPT="1"
PERL_CPAN_REPORTER_CONFIG="/var/tmp/cpansmoker-1023/2016031118/cpanreporter_000_config.ini"
PERL_EXTUTILS_AUTOINSTALL="--defaultdeps"
@INC:
/home/cpansand/.cpan/build/2016031118/Net-FTPServer-1.125-bB4BA_/blib/arch
/home/cpansand/.cpan/build/2016031118/Net-FTPServer-1.125-bB4BA_/blib/lib
/usr/perl5.20.2p/lib/site_perl/5.20.2/amd64-freebsd
/usr/perl5.20.2p/lib/site_perl/5.20.2
/usr/perl5.20.2p/lib/5.20.2/amd64-freebsd
/usr/perl5.20.2p/lib/5.20.2
.