Back
From: metabase:user:314402c4-2aae-11df-837a-5e0a49663a4f
Subject: FAIL Test-FTP-Server-0.012 v5.22.0 GNU/Linux
Date: 2016-03-11T18:47:22Z
This distribution has been tested as part of the CPAN Testers
project, supporting the Perl programming language. See
http://wiki.cpantesters.org/ for more information or email
questions to cpan-testers-discuss@perl.org
--
Dear Taku Amano,
This is a computer-generated report for Test-FTP-Server-0.012
on perl 5.22.0, created by CPAN-Reporter-1.2015.
Thank you for uploading your work to CPAN. However, there was a problem
testing your distribution.
If you think this report is invalid, please consult the CPAN Testers Wiki
for suggestions on how to avoid getting FAIL reports for missing library
or binary dependencies, unsupported operating systems, and so on:
http://wiki.cpantesters.org/wiki/CPANAuthorNotes
Sections of this report:
* Tester comments
* Program output
* Prerequisites
* Environment and other context
------------------------------
TESTER COMMENTS
------------------------------
Additional comments from tester:
none provided
------------------------------
PROGRAM OUTPUT
------------------------------
Output from '/usr/bin/make test':
PERL_DL_NONLAZY=1 "/opt/perl-5.22.0/bin/perl" "-MExtUtils::Command::MM" "-MTest::Harness" "-e" "undef *Test::Harness::Switches; test_harness(0, 'inc', 'blib/lib', 'blib/arch')" t/*.t
t/00_compile.t .. ok
t/01_run.t ...... ok
# Failed test at t/02_root.t line 51.
# got: ''
# expected: 'testdir'
Can't use an undefined value as an ARRAY reference at t/02_root.t line 60.
# Tests were run but no plan was declared and done_testing() was not seen.
# Looks like your test exited with 10 just after 4.
t/02_root.t .....
Dubious, test returned 10 (wstat 2560, 0xa00)
Failed 1/4 subtests
# Failed test at t/03_sandbox.t line 46.
# got: ''
# expected: 'testdir'
Can't use an undefined value as an ARRAY reference at t/03_sandbox.t line 55.
# Tests were run but no plan was declared and done_testing() was not seen.
# Looks like your test exited with 10 just after 4.
t/03_sandbox.t ..
Dubious, test returned 10 (wstat 2560, 0xa00)
Failed 1/4 subtests
Test Summary Report
-------------------
t/02_root.t (Wstat: 2560 Tests: 4 Failed: 1)
Failed test: 3
Non-zero exit status: 10
Parse errors: No plan found in TAP output
t/03_sandbox.t (Wstat: 2560 Tests: 4 Failed: 1)
Failed test: 3
Non-zero exit status: 10
Parse errors: No plan found in TAP output
Files=4, Tests=13, 4 wallclock secs ( 0.07 usr 0.01 sys + 3.34 cusr 0.33 csys = 3.75 CPU)
Result: FAIL
Failed 2/4 test programs. 2/13 subtests failed.
Makefile:799: recipe for target 'test_dynamic' failed
make: *** [test_dynamic] Error 10
------------------------------
PREREQUISITES
------------------------------
Prerequisite modules loaded:
requires:
Module Need Have
--------------------- ---- --------
Net::FTPServer 0 1.125
build_requires:
Module Need Have
--------------------- ---- --------
ExtUtils::MakeMaker 6.42 7.10
File::Copy::Recursive 0 0.38
Test::More 0.88 1.001014
Test::TCP 0 2.13
configure_requires:
Module Need Have
--------------------- ---- --------
ExtUtils::MakeMaker 6.42 7.10
------------------------------
ENVIRONMENT AND OTHER CONTEXT
------------------------------
Environment variables:
LANG = en_US.UTF-8
LANGUAGE = en_US:en
LC_ALL = C
PATH = /usr/local/bin:/usr/bin:/bin:/usr/local/sbin:/usr/sbin:/sbin:/home/cpansand/bin/linux-gnu:/home/cpansand/bin/sh:/home/cpansand/bin:/usr/games:/home/cpansand/devel:/home/eserte/src/srezic-misc/scripts
PERL5LIB = /home/cpansand/.cpan/build/2016031118/Net-FTPServer-1.125-ie7qH_/blib/arch:/home/cpansand/.cpan/build/2016031118/Net-FTPServer-1.125-ie7qH_/blib/lib
PERL5OPT =
PERL5_CPANPLUS_IS_RUNNING = 12378
PERL5_CPAN_IS_RUNNING = 12378
PERL5_CPAN_IS_RUNNING_IN_RECURSION = 10814,12378
PERLDOC = -MPod::Perldoc::ToTextOverstrike
PERL_BATCH = yes
PERL_CANARY_STABILITY_NOPROMPT = 1
PERL_CPAN_REPORTER_CONFIG = /run/user/1023/cpansmoker/2016031118/cpanreporter_000_config.ini
PERL_EXTUTILS_AUTOINSTALL = --defaultdeps
SHELL = /bin/zsh
TERM = screen
TMPDIR = /run/user/1023/cpansmoker/2016031118
Perl special variables (and OS-specific diagnostics, for MSWin32):
$^X = /opt/perl-5.22.0/bin/perl
$UID/$EUID = 1023 / 1023
$GID = 1023 1023
$EGID = 1023 1023
Perl module toolchain versions installed:
Module Have
------------------- --------
CPAN 2.11
CPAN::Meta 2.150005
Cwd 3.60
ExtUtils::CBuilder 0.280223
ExtUtils::Command 7.10
ExtUtils::Install 2.04
ExtUtils::MakeMaker 7.10
ExtUtils::Manifest 1.70
ExtUtils::ParseXS 3.30
File::Spec 3.60
JSON 2.90
JSON::PP 2.27300
Module::Build 0.4214
Module::Signature 0.79
Parse::CPAN::Meta 1.4417
Test::Harness 3.35
Test::More 1.001014
YAML 1.15
YAML::Syck 1.29
version 0.9914
--
Summary of my perl5 (revision 5 version 22 subversion 0) configuration:
Platform:
osname=linux, osvers=3.16.0-4-amd64, archname=x86_64-linux
uname='linux cvrsnica-jessie 3.16.0-4-amd64 #1 smp debian 3.16.7-ckt9-3~deb8u1 (2015-04-24) x86_64 gnulinux '
config_args='-ds -e -Dprefix=/opt/perl-5.22.0 -Dcf_email=srezic@cpan.org'
hint=recommended, useposix=true, d_sigaction=define
useithreads=undef, usemultiplicity=undef
use64bitint=define, use64bitall=define, uselongdouble=undef
usemymalloc=n, bincompat5005=undef
Compiler:
cc='cc', ccflags ='-fwrapv -fno-strict-aliasing -pipe -fstack-protector-strong -I/usr/local/include -D_LARGEFILE_SOURCE -D_FILE_OFFSET_BITS=64 -D_FORTIFY_SOURCE=2',
optimize='-O2',
cppflags='-fwrapv -fno-strict-aliasing -pipe -fstack-protector-strong -I/usr/local/include'
ccversion='', gccversion='4.9.2', gccosandvers=''
intsize=4, longsize=8, ptrsize=8, doublesize=8, byteorder=12345678, doublekind=3
d_longlong=define, longlongsize=8, d_longdbl=define, longdblsize=16, longdblkind=3
ivtype='long', ivsize=8, nvtype='double', nvsize=8, Off_t='off_t', lseeksize=8
alignbytes=8, prototype=define
Linker and Libraries:
ld='cc', ldflags =' -fstack-protector-strong -L/usr/local/lib'
libpth=/usr/local/lib /usr/lib/gcc/x86_64-linux-gnu/4.9/include-fixed /usr/include/x86_64-linux-gnu /usr/lib /lib/x86_64-linux-gnu /lib/../lib /usr/lib/x86_64-linux-gnu /usr/lib/../lib /lib
libs=-lpthread -lnsl -lgdbm -ldb -ldl -lm -lcrypt -lutil -lc -lgdbm_compat
perllibs=-lpthread -lnsl -ldl -lm -lcrypt -lutil -lc
libc=libc-2.19.so, so=so, useshrplib=false, libperl=libperl.a
gnulibc_version='2.19'
Dynamic Linking:
dlsrc=dl_dlopen.xs, dlext=so, d_dlsymun=undef, ccdlflags='-Wl,-E'
cccdlflags='-fPIC', lddlflags='-shared -O2 -L/usr/local/lib -fstack-protector-strong'
Characteristics of this binary (from libperl):
Compile-time options: HAS_TIMES PERLIO_LAYERS PERL_DONT_CREATE_GVSV
PERL_HASH_FUNC_ONE_AT_A_TIME_HARD PERL_MALLOC_WRAP
PERL_NEW_COPY_ON_WRITE PERL_PRESERVE_IVUV
USE_64_BIT_ALL USE_64_BIT_INT USE_LARGE_FILES
USE_LOCALE USE_LOCALE_COLLATE USE_LOCALE_CTYPE
USE_LOCALE_NUMERIC USE_LOCALE_TIME USE_PERLIO
USE_PERL_ATOF
Built under linux
Compiled at Jun 1 2015 20:33:19
%ENV:
PERL5LIB="/home/cpansand/.cpan/build/2016031118/Net-FTPServer-1.125-ie7qH_/blib/arch:/home/cpansand/.cpan/build/2016031118/Net-FTPServer-1.125-ie7qH_/blib/lib"
PERL5OPT=""
PERL5_CPANPLUS_IS_RUNNING="12378"
PERL5_CPAN_IS_RUNNING="12378"
PERL5_CPAN_IS_RUNNING_IN_RECURSION="10814,12378"
PERLDOC="-MPod::Perldoc::ToTextOverstrike"
PERL_BATCH="yes"
PERL_CANARY_STABILITY_NOPROMPT="1"
PERL_CPAN_REPORTER_CONFIG="/run/user/1023/cpansmoker/2016031118/cpanreporter_000_config.ini"
PERL_EXTUTILS_AUTOINSTALL="--defaultdeps"
@INC:
/home/cpansand/.cpan/build/2016031118/Net-FTPServer-1.125-ie7qH_/blib/arch
/home/cpansand/.cpan/build/2016031118/Net-FTPServer-1.125-ie7qH_/blib/lib
/opt/perl-5.22.0/lib/site_perl/5.22.0/x86_64-linux
/opt/perl-5.22.0/lib/site_perl/5.22.0
/opt/perl-5.22.0/lib/5.22.0/x86_64-linux
/opt/perl-5.22.0/lib/5.22.0
.