Report for Test-WWW-Mechanize-Catalyst-0.59

Back
From: metabase:user:320bfe00-2aae-11df-837a-5e0a49663a4f
Subject: FAIL Test-WWW-Mechanize-Catalyst-0.59 v5.12.5 GNU/Linux
Date: 2014-05-02T07:09:24Z

This distribution has been tested as part of the CPAN Testers
project, supporting the Perl programming language.  See
http://wiki.cpantesters.org/ for more information or email
questions to cpan-testers-discuss@perl.org


--
Dear Dagfinn Ilmari Mannsaker,

This is a computer-generated report for Test-WWW-Mechanize-Catalyst-0.59
on perl 5.12.5, created by CPAN-Reporter-1.2011.

Thank you for uploading your work to CPAN.  However, there was a problem
testing your distribution.

If you think this report is invalid, please consult the CPAN Testers Wiki
for suggestions on how to avoid getting FAIL reports for missing library
or binary dependencies, unsupported operating systems, and so on:

http://wiki.cpantesters.org/wiki/CPANAuthorNotes

Sections of this report:

    * Tester comments
    * Program output
    * Prerequisites
    * Environment and other context

------------------------------
TESTER COMMENTS
------------------------------

Additional comments from tester:

this report is from an automated smoke testing program
and was not reviewed by a human for accuracy

------------------------------
PROGRAM OUTPUT
------------------------------

Output from '/usr/bin/make test':

PERL_DL_NONLAZY=1 /home/sand/src/perl/repoperls/installed-perls/perl/v5.12.5/a2da/bin/perl "-MExtUtils::Command::MM" "-MTest::Harness" "-e" "undef *Test::Harness::Switches; test_harness(0, 'inc', 'blib/lib', 'blib/arch')" t/*.t
t/auth-test.t ........... ok
t/cookies.t ............. ok
t/decoded_content.t ..... ok
# 
# ###################################################################
# Starting an external Catalyst HTTP server on port 7357
# To change the port, please set the TWMC_TEST_PORT env variable.
# (The server will be automatically shut-down right after the tests).
# ###################################################################
failed to listen to port 7357: Address already in use at /home/sand/src/perl/repoperls/installed-perls/perl/v5.12.5/a2da/lib/site_perl/5.12.5/HTTP/Server/PSGI.pm line 94.

#   Failed test 'Get a multi Content-Type response'
#   at t/multi_content_type.t line 51.
# 500
# Can't connect to localhost:7357 (Connection refused)

#   Failed test 'Multi Content-Type Content-Type'
#   at t/multi_content_type.t line 54.
#          got: 'text/plain'
#     expected: 'text/html'

#   Failed test 'Multi Content-Type title'
#   at t/multi_content_type.t line 55.
#          got: undef
#     expected: "Root"

#   Failed test 'Multi Content-Type body'
#   at t/multi_content_type.t line 56.
Wide character in print at /home/sand/src/perl/repoperls/installed-perls/perl/v5.12.5/a2da/lib/5.12.5/Test/Builder.pm line 1821.
#     searched: "Can't connect to localhost:7357 (Connection refuse"...
#   can't find: "Hello, test ☺!"
#         LCSS: "t "
# LCSS context: "Can't connect to localhost:7357 (Connection refuse"

#   Failed test 'GET /hello'
#   at t/multi_content_type.t line 59.
# 500
# Can't connect to localhost:7357 (Connection refused)

#   Failed test at t/multi_content_type.t line 60.
#          got: 'http://localhost:7357/hello'
#     expected: 'http://localhost:7357/'

#   Failed test 'GET /host'
#   at t/multi_content_type.t line 62.
# 500
# Can't connect to localhost:7357 (Connection refused)

#   Failed test 'Content contains "Host: localhost:7357"'
#   at t/multi_content_type.t line 63.
#     searched: "Can't connect to localhost:7357 (Connection refuse"...
#   can't find: "Host: localhost:7357"
#         LCSS: " localhost:7357"
# LCSS context: "Can't connect to localhost:7357 (Connection refuse"
# Can't connect to localhost:7357 (Connection refused)
# 
# LWP::Protocol::http::Socket: connect: Connection refused at /home/sand/src/perl/repoperls/installed-perls/perl/v5.12.5/a2da/lib/site_perl/5.12.5/LWP/Protocol/http.pm line 41.
# Looks like you failed 8 tests of 10.
t/multi_content_type.t .. 
Dubious, test returned 8 (wstat 2048, 0x800)
Failed 8/10 subtests 
t/pod.t ................. ok
t/redirect.t ............ ok
t/simple.t .............. ok
t/two_app.t ............. ok
t/useragent.t ........... ok
t/white_label.t ......... ok

Test Summary Report
-------------------
t/multi_content_type.t (Wstat: 2048 Tests: 10 Failed: 8)
  Failed tests:  2, 4-10
  Non-zero exit status: 8
Files=10, Tests=108, 51 wallclock secs ( 0.05 usr  0.01 sys +  8.81 cusr  0.87 csys =  9.74 CPU)
Result: FAIL
Failed 1/10 test programs. 8/108 subtests failed.
make: *** [test_dynamic] Error 255

------------------------------
PREREQUISITES
------------------------------

Prerequisite modules loaded:

requires:

    Module                                   Need     Have    
    ---------------------------------------- -------- --------
    Catalyst                                 5.90     5.90063 
    Class::Load                              0.19     0.21    
    LWP                                      5.816    6.06    
    Moose                                    0.67     2.1205  
    namespace::clean                         0.09     0.25    
    perl                                     5.008004 5.012005
    Test::WWW::Mechanize                     1.14     1.44    
    WWW::Mechanize                           1.54     1.73    

build_requires:

    Module                                   Need     Have    
    ---------------------------------------- -------- --------
    Catalyst::Plugin::Session::State::Cookie 0        0.17    
    Catalyst::Plugin::Session::Store::Dummy  0        0       
    ExtUtils::MakeMaker                      6.59     6.98    
    Test::Exception                          0        0.32    
    Test::More                               0.88     1.001003
    Test::utf8                               0        1.01    

configure_requires:

    Module                                   Need     Have    
    ---------------------------------------- -------- --------
    ExtUtils::MakeMaker                      6.59     6.98    


------------------------------
ENVIRONMENT AND OTHER CONTEXT
------------------------------

Environment variables:

    AUTOMATED_TESTING = 1
    LANG = en_US.UTF-8
    LANGUAGE = en_US:en
    PATH = /usr/lib/ccache:/home/sand/bin:/usr/local/bin:/usr/bin:/bin:/usr/games:/usr/local/perl/bin:/usr/X11/bin:/sbin:/usr/sbin
    PERL5LIB = 
    PERL5OPT = 
    PERL5_CPANPLUS_IS_RUNNING = 26194
    PERL5_CPAN_IS_RUNNING = 26194
    PERL_MM_USE_DEFAULT = 1
    SHELL = /usr/bin/zsh
    TERM = screen

Perl special variables (and OS-specific diagnostics, for MSWin32):

    $^X = /home/sand/src/perl/repoperls/installed-perls/perl/v5.12.5/a2da/bin/perl
    $UID/$EUID = 1005 / 1005
    $GID = 1005 1005
    $EGID = 1005 1005

Perl module toolchain versions installed:

    Module              Have    
    ------------------- --------
    CPAN                2.05    
    CPAN::Meta          2.140640
    Cwd                 3.46_01 
    ExtUtils::CBuilder  0.280216
    ExtUtils::Command   1.16    
    ExtUtils::Install   1.67    
    ExtUtils::MakeMaker 6.98    
    ExtUtils::Manifest  1.60    
    ExtUtils::ParseXS   3.24    
    File::Spec          3.46_01 
    JSON                2.90    
    JSON::PP            2.27203 
    Module::Build       0.4205  
    Module::Signature   0.73    
    Parse::CPAN::Meta   1.4414  
    Test::Harness       3.30    
    Test::More          1.001003
    YAML                0.90    
    YAML::Syck          1.27    
    version             0.9908  


--

Summary of my perl5 (revision 5 version 12 subversion 5) configuration:
  Commit id: 9a9cbd715960a905dcbc9166349a73a64a007e4e
  Platform:
    osname=linux, osvers=3.13-1-amd64, archname=x86_64-linux-thread-multi-ld
    uname='linux k83 3.13-1-amd64 #1 smp debian 3.13.7-1 (2014-03-25) x86_64 gnulinux '
    config_args='-Dprefix=/home/sand/src/perl/repoperls/installed-perls/perl/v5.12.5/a2da -Dmyhostname=k83 -Dinstallusrbinperl=n -Uversiononly -Dusedevel -des -Ui_db -Duseithreads -Duselongdouble -DDEBUGGING=-g'
    hint=recommended, useposix=true, d_sigaction=define
    useithreads=define, usemultiplicity=define
    useperlio=define, d_sfio=undef, uselargefiles=define, usesocks=undef
    use64bitint=define, use64bitall=define, uselongdouble=define
    usemymalloc=n, bincompat5005=undef
  Compiler:
    cc='cc', ccflags ='-D_REENTRANT -D_GNU_SOURCE -fno-strict-aliasing -pipe -fstack-protector -I/usr/local/include -D_LARGEFILE_SOURCE -D_FILE_OFFSET_BITS=64',
    optimize='-O2 -g',
    cppflags='-D_REENTRANT -D_GNU_SOURCE -fno-strict-aliasing -pipe -fstack-protector -I/usr/local/include'
    ccversion='', gccversion='4.8.2', gccosandvers=''
    intsize=4, longsize=8, ptrsize=8, doublesize=8, byteorder=12345678
    d_longlong=define, longlongsize=8, d_longdbl=define, longdblsize=16
    ivtype='long', ivsize=8, nvtype='long double', nvsize=16, Off_t='off_t', lseeksize=8
    alignbytes=16, prototype=define
  Linker and Libraries:
    ld='cc', ldflags =' -fstack-protector -L/usr/local/lib'
    libpth=/usr/local/lib /lib/x86_64-linux-gnu /lib/../lib /usr/lib/x86_64-linux-gnu /usr/lib/../lib /lib /usr/lib
    libs=-lnsl -lgdbm -ldb -ldl -lm -lcrypt -lutil -lpthread -lc -lgdbm_compat
    perllibs=-lnsl -ldl -lm -lcrypt -lutil -lpthread -lc
    libc=, so=so, useshrplib=false, libperl=libperl.a
    gnulibc_version='2.18'
  Dynamic Linking:
    dlsrc=dl_dlopen.xs, dlext=so, d_dlsymun=undef, ccdlflags='-Wl,-E'
    cccdlflags='-fPIC', lddlflags='-shared -O2 -g -L/usr/local/lib -fstack-protector'


Characteristics of this binary (from libperl): 
  Compile-time options: MULTIPLICITY PERL_DONT_CREATE_GVSV
                        PERL_IMPLICIT_CONTEXT PERL_MALLOC_WRAP PERL_USE_DEVEL
                        USE_64_BIT_ALL USE_64_BIT_INT USE_ITHREADS
                        USE_LARGE_FILES USE_LONG_DOUBLE USE_PERLIO
                        USE_PERL_ATOF USE_REENTRANT_API
  Built under linux
  Compiled at Apr  2 2014 17:49:57
  %ENV:
    PERL5LIB=""
    PERL5OPT=""
    PERL5_CPANPLUS_IS_RUNNING="26194"
    PERL5_CPAN_IS_RUNNING="26194"
    PERL_MM_USE_DEFAULT="1"
  @INC:
    /home/sand/src/perl/repoperls/installed-perls/perl/v5.12.5/a2da/lib/site_perl/5.12.5/x86_64-linux-thread-multi-ld
    /home/sand/src/perl/repoperls/installed-perls/perl/v5.12.5/a2da/lib/site_perl/5.12.5
    /home/sand/src/perl/repoperls/installed-perls/perl/v5.12.5/a2da/lib/5.12.5/x86_64-linux-thread-multi-ld
    /home/sand/src/perl/repoperls/installed-perls/perl/v5.12.5/a2da/lib/5.12.5
    .