Back
From: metabase:user:314402c4-2aae-11df-837a-5e0a49663a4f
Subject: FAIL Module-Packaged-0.86 v5.20.3 GNU/Linux
Date: 2015-11-12T21:31:22Z
This distribution has been tested as part of the CPAN Testers
project, supporting the Perl programming language. See
http://wiki.cpantesters.org/ for more information or email
questions to cpan-testers-discuss@perl.org
--
Dear Leon Brocard,
This is a computer-generated report for Module-Packaged-0.86
on perl 5.20.3, created by CPAN-Reporter-1.2015.
Thank you for uploading your work to CPAN. However, there was a problem
testing your distribution.
If you think this report is invalid, please consult the CPAN Testers Wiki
for suggestions on how to avoid getting FAIL reports for missing library
or binary dependencies, unsupported operating systems, and so on:
http://wiki.cpantesters.org/wiki/CPANAuthorNotes
Sections of this report:
* Tester comments
* Program output
* Prerequisites
* Environment and other context
------------------------------
TESTER COMMENTS
------------------------------
Additional comments from tester:
none provided
------------------------------
PROGRAM OUTPUT
------------------------------
Output from './Build test':
t/pod.t ........... ok
t/pod_coverage.t .. ok
# These tests take a while to run as we need to mirror a large
# file from the web. Please be patient.
Error fetching http://www.astray.com/tmp/module_packaged.gz: 500 Internal Server Error at /opt/perl-5.20.3/lib/site_perl/5.20.3/App/Cache.pm line 105.
# Looks like you planned 4 tests but ran 1.
# Looks like your test exited with 2 just after 1.
t/simple.t ........
Dubious, test returned 2 (wstat 512, 0x200)
Failed 3/4 subtests
Test Summary Report
-------------------
t/simple.t (Wstat: 512 Tests: 1 Failed: 0)
Non-zero exit status: 2
Parse errors: Bad plan. You planned 4 tests but ran 1.
Files=3, Tests=5, 1 wallclock secs ( 0.02 usr 0.02 sys + 0.62 cusr 0.14 csys = 0.80 CPU)
Result: FAIL
Failed 1/3 test programs. 0/5 subtests failed.
------------------------------
PREREQUISITES
------------------------------
Prerequisite modules loaded:
requires:
Module Need Have
------------------------------ ---- --------
App::Cache 0 0.37
Class::Accessor::Chained::Fast 0 0
Compress::Zlib 0 2.068
IO::File 1.08 1.16
IO::String 0 1.08
IO::Zlib 1.01 1.10
LWP::Simple 1.38 6.13
Parse::CPAN::Packages 2.20 2.40
Parse::Debian::Packages 0.01 0.03
Sort::Versions 1.50 1.61
Storable 0 2.51
Test::More 0.47 1.001014
------------------------------
ENVIRONMENT AND OTHER CONTEXT
------------------------------
Environment variables:
LANG = C
PATH = /usr/local/bin:/usr/bin:/bin:/usr/local/sbin:/usr/sbin:/sbin:/home/eserte/bin/linux-gnu:/home/eserte/bin/sh:/home/eserte/bin:/usr/games:/home/eserte/devel:/home/eserte/src/srezic-misc/scripts
PERL5LIB = /home/eserte/.cpan/build/2015111221/Parse-Debian-Packages-0.03-hnwjDD/blib/arch:/home/eserte/.cpan/build/2015111221/Parse-Debian-Packages-0.03-hnwjDD/blib/lib:/home/eserte/.cpan/build/2015111221/Class-Tangram-1.57-M_xxu4/blib/arch:/home/eserte/.cpan/build/2015111221/Class-Tangram-1.57-M_xxu4/blib/lib:/home/eserte/.cpan/build/2015111221/ExtUtils-AutoInstall-0.63-yulqxl/blib/arch:/home/eserte/.cpan/build/2015111221/ExtUtils-AutoInstall-0.63-yulqxl/blib/lib
PERL5OPT =
PERL5_CPANPLUS_IS_RUNNING = 25130
PERL5_CPAN_IS_RUNNING = 25130
PERL5_CPAN_IS_RUNNING_IN_RECURSION = 30977,25130
PERLDOC = -MPod::Perldoc::ToTextOverstrike
PERL_BATCH = yes
PERL_CANARY_STABILITY_NOPROMPT = 1
PERL_CPAN_REPORTER_CONFIG = /var/tmp/cpansmoker-1001/2015111221/cpanreporter_000_config.ini
PERL_EXTUTILS_AUTOINSTALL = --defaultdeps
SHELL = /bin/zsh
TERM = screen
TMPDIR = /var/tmp/cpansmoker-1001/2015111221
Perl special variables (and OS-specific diagnostics, for MSWin32):
$^X = /bbbike/perl-5.20.3/bin/perl
$UID/$EUID = 1001 / 1001
$GID = 1001 109 1001
$EGID = 1001 109 1001
Perl module toolchain versions installed:
Module Have
------------------- --------
CPAN 2.05
CPAN::Meta 2.150005
Cwd 3.48_01
ExtUtils::CBuilder 0.280217
ExtUtils::Command 7.10
ExtUtils::Install 1.67
ExtUtils::MakeMaker 7.10
ExtUtils::Manifest 1.70
ExtUtils::ParseXS 3.30
File::Spec 3.48_01
JSON 2.90
JSON::PP 2.27300
Module::Build 0.4214
Module::Signature n/a
Parse::CPAN::Meta 1.4414
Test::Harness 3.35
Test::More 1.001014
YAML 1.15
YAML::Syck 1.29
version 0.9912
--
Summary of my perl5 (revision 5 version 20 subversion 3) configuration:
Platform:
osname=linux, osvers=3.2.0-4-amd64, archname=x86_64-linux
uname='linux eserte 3.2.0-4-amd64 #1 smp debian 3.2.68-1+deb7u3 x86_64 gnulinux '
config_args='-ds -e -Dprefix=/opt/perl-5.20.3 -Dcf_email=srezic@cpan.org'
hint=recommended, useposix=true, d_sigaction=define
useithreads=undef, usemultiplicity=undef
use64bitint=define, use64bitall=define, uselongdouble=undef
usemymalloc=n, bincompat5005=undef
Compiler:
cc='cc', ccflags ='-fwrapv -fno-strict-aliasing -pipe -fstack-protector -I/usr/local/include -D_LARGEFILE_SOURCE -D_FILE_OFFSET_BITS=64',
optimize='-O2',
cppflags='-fwrapv -fno-strict-aliasing -pipe -fstack-protector -I/usr/local/include'
ccversion='', gccversion='4.7.2', gccosandvers=''
intsize=4, longsize=8, ptrsize=8, doublesize=8, byteorder=12345678
d_longlong=define, longlongsize=8, d_longdbl=define, longdblsize=16
ivtype='long', ivsize=8, nvtype='double', nvsize=8, Off_t='off_t', lseeksize=8
alignbytes=8, prototype=define
Linker and Libraries:
ld='cc', ldflags =' -fstack-protector -L/usr/local/lib'
libpth=/usr/local/lib /usr/lib/gcc/x86_64-linux-gnu/4.7/include-fixed /usr/include/x86_64-linux-gnu /usr/lib /lib/x86_64-linux-gnu /lib/../lib /usr/lib/x86_64-linux-gnu /usr/lib/../lib /lib
libs=-lpthread -lnsl -ldb -ldl -lm -lcrypt -lutil -lc
perllibs=-lpthread -lnsl -ldl -lm -lcrypt -lutil -lc
libc=libc-2.13.so, so=so, useshrplib=false, libperl=libperl.a
gnulibc_version='2.13'
Dynamic Linking:
dlsrc=dl_dlopen.xs, dlext=so, d_dlsymun=undef, ccdlflags='-Wl,-E'
cccdlflags='-fPIC', lddlflags='-shared -O2 -L/usr/local/lib -fstack-protector'
Characteristics of this binary (from libperl):
Compile-time options: HAS_TIMES PERLIO_LAYERS PERL_DONT_CREATE_GVSV
PERL_HASH_FUNC_ONE_AT_A_TIME_HARD PERL_MALLOC_WRAP
PERL_NEW_COPY_ON_WRITE PERL_PRESERVE_IVUV
USE_64_BIT_ALL USE_64_BIT_INT USE_LARGE_FILES
USE_LOCALE USE_LOCALE_COLLATE USE_LOCALE_CTYPE
USE_LOCALE_NUMERIC USE_PERLIO USE_PERL_ATOF
Built under linux
Compiled at Sep 12 2015 20:32:56
%ENV:
PERL5LIB="/home/eserte/.cpan/build/2015111221/Parse-Debian-Packages-0.03-hnwjDD/blib/arch:/home/eserte/.cpan/build/2015111221/Parse-Debian-Packages-0.03-hnwjDD/blib/lib:/home/eserte/.cpan/build/2015111221/Class-Tangram-1.57-M_xxu4/blib/arch:/home/eserte/.cpan/build/2015111221/Class-Tangram-1.57-M_xxu4/blib/lib:/home/eserte/.cpan/build/2015111221/ExtUtils-AutoInstall-0.63-yulqxl/blib/arch:/home/eserte/.cpan/build/2015111221/ExtUtils-AutoInstall-0.63-yulqxl/blib/lib"
PERL5OPT=""
PERL5_CPANPLUS_IS_RUNNING="25130"
PERL5_CPAN_IS_RUNNING="25130"
PERL5_CPAN_IS_RUNNING_IN_RECURSION="30977,25130"
PERLDOC="-MPod::Perldoc::ToTextOverstrike"
PERL_BATCH="yes"
PERL_CANARY_STABILITY_NOPROMPT="1"
PERL_CPAN_REPORTER_CONFIG="/var/tmp/cpansmoker-1001/2015111221/cpanreporter_000_config.ini"
PERL_EXTUTILS_AUTOINSTALL="--defaultdeps"
@INC:
/home/eserte/.cpan/build/2015111221/Parse-Debian-Packages-0.03-hnwjDD/blib/arch
/home/eserte/.cpan/build/2015111221/Parse-Debian-Packages-0.03-hnwjDD/blib/lib
/home/eserte/.cpan/build/2015111221/Class-Tangram-1.57-M_xxu4/blib/arch
/home/eserte/.cpan/build/2015111221/Class-Tangram-1.57-M_xxu4/blib/lib
/home/eserte/.cpan/build/2015111221/ExtUtils-AutoInstall-0.63-yulqxl/blib/arch
/home/eserte/.cpan/build/2015111221/ExtUtils-AutoInstall-0.63-yulqxl/blib/lib
/opt/perl-5.20.3/lib/site_perl/5.20.3/x86_64-linux
/opt/perl-5.20.3/lib/site_perl/5.20.3
/opt/perl-5.20.3/lib/5.20.3/x86_64-linux
/opt/perl-5.20.3/lib/5.20.3
.