Back
From: metabase:user:a0e144f2-373b-11e6-8edd-c6848980b093
Subject: FAIL Test-WWW-Mechanize-Catalyst-0.45 v5.26.0 GNU/Linux
Date: 2017-04-22T15:16:59Z
This distribution has been tested as part of the CPAN Testers
project, supporting the Perl programming language. See
http://wiki.cpantesters.org/ for more information or email
questions to cpan-testers-discuss@perl.org
--
Dear Leon Brocard,
This is a computer-generated report for Test-WWW-Mechanize-Catalyst-0.45
on perl 5.26.0, created by CPAN-Reporter-1.2018.
Thank you for uploading your work to CPAN. However, there was a problem
testing your distribution.
If you think this report is invalid, please consult the CPAN Testers Wiki
for suggestions on how to avoid getting FAIL reports for missing library
or binary dependencies, unsupported operating systems, and so on:
http://wiki.cpantesters.org/wiki/CPANAuthorNotes
Sections of this report:
* Tester comments
* Program output
* Prerequisites
* Environment and other context
------------------------------
TESTER COMMENTS
------------------------------
Additional comments from tester:
this report is from an automated smoke testing program
and was not reviewed by a human for accuracy
------------------------------
PROGRAM OUTPUT
------------------------------
Output from '/usr/bin/make test':
PERL_DL_NONLAZY=1 "/home/cpan3/install/bin/perl" "-MExtUtils::Command::MM" "-MTest::Harness" "-e" "undef *Test::Harness::Switches; test_harness(0, 'blib/lib', 'blib/arch')" t/*.t
# ###################################################################
# Starting an external Catalyst HTTP server on port 7357
# To change the port, please set the TWMC_TEST_PORT env variable.
# (The server will be automatically shut-down right after the tests).
# ###################################################################
Can't locate object method "_build_request_export" via package "Test::WWW::Mechanize::Catalyst" at /home/cpan3/install/lib/perl5/site_perl/5.26.0/Catalyst/Test.pm line 95.
[warn] Specifying the engine in ->setup is no longer supported, see Catalyst::Upgrading
[warn] Action methods (default) found defined in your application class, ExternalCatty. This is deprecated, please move them into a Root controller.
Can't locate object method "_build_request_export" via package "Test::WWW::Mechanize::Catalyst" at /home/cpan3/install/lib/perl5/site_perl/5.26.0/Catalyst/Test.pm line 95.
Undefined subroutine &Test::WWW::Mechanize::Catalyst::Aux::request called at lib/Test/WWW/Mechanize/Catalyst.pm line 40.
# Looks like your test exited with 255 before it could output anything.
t/auth-test.t ...........
Dubious, test returned 255 (wstat 65280, 0xff00)
Failed 5/5 subtests
Can't locate object method "_build_request_export" via package "Test::WWW::Mechanize::Catalyst" at /home/cpan3/install/lib/perl5/site_perl/5.26.0/Catalyst/Test.pm line 95.
Undefined subroutine &Test::WWW::Mechanize::Catalyst::Aux::request called at lib/Test/WWW/Mechanize/Catalyst.pm line 40.
# Looks like your test exited with 255 before it could output anything.
t/cookies.t .............
Dubious, test returned 255 (wstat 65280, 0xff00)
Failed 3/3 subtests
# Failed test 'Survive to a multi Content-Type sting'
# at t/multi_content_type.t line 36.
# died: Undefined subroutine &Test::WWW::Mechanize::Catalyst::Aux::request called at lib/Test/WWW/Mechanize/Catalyst.pm line 40.
# Failed test 'Multi Content-Type Content-Type'
# at t/multi_content_type.t line 38.
# got: undef
# expected: 'text/html'
# Failed test 'Multi Content-Type title'
# at t/multi_content_type.t line 39.
# got: undef
# expected: "Root"
# Failed test 'Multi Content-Type body'
# at t/multi_content_type.t line 40.
# String to look in is undef
# Looks like you planned 6 tests but ran 5.
# Looks like you failed 4 tests of 5 run.
t/multi_content_type.t ..
Dubious, test returned 4 (wstat 1024, 0x400)
Failed 5/6 subtests
t/pod.t ................. ok
t/pod_coverage.t ........ ok
Can't locate object method "_build_request_export" via package "Test::WWW::Mechanize::Catalyst" at /home/cpan3/install/lib/perl5/site_perl/5.26.0/Catalyst/Test.pm line 95.
Undefined subroutine &Test::WWW::Mechanize::Catalyst::Aux::request called at lib/Test/WWW/Mechanize/Catalyst.pm line 40.
# Looks like your test exited with 255 before it could output anything.
t/redirect.t ............
Dubious, test returned 255 (wstat 65280, 0xff00)
Failed 27/27 subtests
Can't locate object method "_build_request_export" via package "Test::WWW::Mechanize::Catalyst" at /home/cpan3/install/lib/perl5/site_perl/5.26.0/Catalyst/Test.pm line 95.
Undefined subroutine &Test::WWW::Mechanize::Catalyst::Aux::request called at lib/Test/WWW/Mechanize/Catalyst.pm line 40.
# Looks like your test exited with 255 before it could output anything.
t/simple.t ..............
Dubious, test returned 255 (wstat 65280, 0xff00)
Failed 39/39 subtests
Test Summary Report
-------------------
t/auth-test.t (Wstat: 65280 Tests: 0 Failed: 0)
Non-zero exit status: 255
Parse errors: Bad plan. You planned 5 tests but ran 0.
t/cookies.t (Wstat: 65280 Tests: 0 Failed: 0)
Non-zero exit status: 255
Parse errors: Bad plan. You planned 3 tests but ran 0.
t/multi_content_type.t (Wstat: 1024 Tests: 5 Failed: 4)
Failed tests: 2-5
Non-zero exit status: 4
Parse errors: Bad plan. You planned 6 tests but ran 5.
t/redirect.t (Wstat: 65280 Tests: 0 Failed: 0)
Non-zero exit status: 255
Parse errors: Bad plan. You planned 27 tests but ran 0.
t/simple.t (Wstat: 65280 Tests: 0 Failed: 0)
Non-zero exit status: 255
Parse errors: Bad plan. You planned 39 tests but ran 0.
Files=7, Tests=7, 3 wallclock secs ( 0.05 usr 0.00 sys + 4.16 cusr 0.21 csys = 4.42 CPU)
Result: FAIL
Failed 5/7 test programs. 4/7 subtests failed.
Makefile:855: recipe for target 'test_dynamic' failed
make: *** [test_dynamic] Error 255
------------------------------
PREREQUISITES
------------------------------
Prerequisite modules loaded:
requires:
Module Need Have
---------------------------------------- ----- --------
Catalyst 5.00 5.90114
Catalyst::Plugin::Session::State::Cookie 0 0.17
Catalyst::Plugin::Session::Store::Dummy 0 0
LWP 5.816 6.25
Test::Exception 0 0.43
Test::More 0 1.302078
Test::WWW::Mechanize 1.14 1.48
WWW::Mechanize 1.50 1.84
build_requires:
Module Need Have
---------------------------------------- ----- --------
ExtUtils::MakeMaker 0 7.24
------------------------------
ENVIRONMENT AND OTHER CONTEXT
------------------------------
Environment variables:
AUTOMATED_TESTING = 1
HARNESS_OPTIONS = j3
LANG = en_US.UTF-8
PATH = /usr/local/bin:/usr/bin:/bin:/usr/local/games:/usr/games
PERL5LIB =
PERL5OPT =
PERL5_CPANPLUS_IS_RUNNING = 1101
PERL5_CPAN_IS_RUNNING = 1101
PERL5_CPAN_IS_RUNNING_IN_RECURSION = 28781,1101
PERL_CR_SMOKER_CURRENT = Test-WWW-Mechanize-Catalyst-0.45
PERL_CR_SMOKER_RUNONCE = 1
PERL_EXTUTILS_AUTOINSTALL = --defaultdeps
PERL_MM_USE_DEFAULT = 1
SHELL = /bin/bash
TERM = putty-256color
Perl special variables (and OS-specific diagnostics, for MSWin32):
$^X = /home/cpan3/install/bin/perl
$UID/$EUID = 1004 / 1004
$GID = 1004 1004
$EGID = 1004 1004
Perl module toolchain versions installed:
Module Have
------------------- --------
CPAN 2.16
CPAN::Meta 2.150010
Cwd 3.62
ExtUtils::CBuilder 0.280224
ExtUtils::Command 7.24
ExtUtils::Install 2.04
ExtUtils::MakeMaker 7.24
ExtUtils::Manifest 1.70
ExtUtils::ParseXS 3.30
File::Spec 3.62
JSON 2.91_04
JSON::PP 2.27400
Module::Build 0.4222
Module::Signature 0.81
Parse::CPAN::Meta 2.150010
Test::Harness 3.39
Test::More 1.302078
YAML 1.23
YAML::Syck 1.29
version 0.9917
--
Summary of my perl5 (revision 5 version 26 subversion 0) configuration:
Commit id: f57d8456e7b8d6b2dad0bb49899cfdc68007b794
Platform:
osname=linux
osvers=3.16.0-4-amd64
archname=x86_64-linux-thread-multi
uname='linux digitalis 3.16.0-4-amd64 #1 smp debian 3.16.36-1+deb8u2 (2016-10-19) x86_64 gnulinux '
config_args='-Dusedevel -DDEBUGGING -Dusethreads -Dprefix=/home/cpan3/install -Uversiononly -des'
hint=recommended
useposix=true
d_sigaction=define
useithreads=define
usemultiplicity=define
use64bitint=define
use64bitall=define
uselongdouble=undef
usemymalloc=n
default_inc_excludes_dot=define
bincompat5005=undef
Compiler:
cc='cc'
ccflags ='-D_REENTRANT -D_GNU_SOURCE -fwrapv -DDEBUGGING -fno-strict-aliasing -pipe -fstack-protector-strong -I/usr/local/include -D_LARGEFILE_SOURCE -D_FILE_OFFSET_BITS=64 -D_FORTIFY_SOURCE=2'
optimize='-O2 -g'
cppflags='-D_REENTRANT -D_GNU_SOURCE -fwrapv -DDEBUGGING -fno-strict-aliasing -pipe -fstack-protector-strong -I/usr/local/include'
ccversion=''
gccversion='4.9.2'
gccosandvers=''
intsize=4
longsize=8
ptrsize=8
doublesize=8
byteorder=12345678
doublekind=3
d_longlong=define
longlongsize=8
d_longdbl=define
longdblsize=16
longdblkind=3
ivtype='long'
ivsize=8
nvtype='double'
nvsize=8
Off_t='off_t'
lseeksize=8
alignbytes=8
prototype=define
Linker and Libraries:
ld='cc'
ldflags =' -fstack-protector-strong -L/usr/local/lib'
libpth=/usr/local/lib /usr/lib/gcc/x86_64-linux-gnu/4.9/include-fixed /usr/include/x86_64-linux-gnu /usr/lib /lib/x86_64-linux-gnu /lib/../lib /usr/lib/x86_64-linux-gnu /usr/lib/../lib /lib /lib64 /usr/lib64
libs=-lpthread -lnsl -ldl -lm -lcrypt -lutil -lc
perllibs=-lpthread -lnsl -ldl -lm -lcrypt -lutil -lc
libc=libc-2.19.so
so=so
useshrplib=false
libperl=libperl.a
gnulibc_version='2.19'
Dynamic Linking:
dlsrc=dl_dlopen.xs
dlext=so
d_dlsymun=undef
ccdlflags='-Wl,-E'
cccdlflags='-fPIC'
lddlflags='-shared -O2 -g -L/usr/local/lib -fstack-protector-strong'
Characteristics of this binary (from libperl):
Compile-time options:
DEBUGGING
HAS_TIMES
MULTIPLICITY
PERLIO_LAYERS
PERL_COPY_ON_WRITE
PERL_DONT_CREATE_GVSV
PERL_IMPLICIT_CONTEXT
PERL_MALLOC_WRAP
PERL_OP_PARENT
PERL_PRESERVE_IVUV
PERL_TRACK_MEMPOOL
PERL_USE_DEVEL
USE_64_BIT_ALL
USE_64_BIT_INT
USE_ITHREADS
USE_LARGE_FILES
USE_LOCALE
USE_LOCALE_COLLATE
USE_LOCALE_CTYPE
USE_LOCALE_NUMERIC
USE_LOCALE_TIME
USE_PERLIO
USE_PERL_ATOF
USE_REENTRANT_API
Built under linux
Compiled at Apr 11 2017 21:41:23
%ENV:
PERL5LIB=""
PERL5OPT=""
PERL5_CPANPLUS_IS_RUNNING="1101"
PERL5_CPAN_IS_RUNNING="1101"
PERL5_CPAN_IS_RUNNING_IN_RECURSION="28781,1101"
PERL_CR_SMOKER_CURRENT="Test-WWW-Mechanize-Catalyst-0.45"
PERL_CR_SMOKER_RUNONCE="1"
PERL_EXTUTILS_AUTOINSTALL="--defaultdeps"
PERL_MM_USE_DEFAULT="1"
@INC:
/home/cpan3/install/lib/perl5/site_perl/5.26.0/x86_64-linux-thread-multi
/home/cpan3/install/lib/perl5/site_perl/5.26.0
/home/cpan3/install/lib/perl5/5.26.0/x86_64-linux-thread-multi
/home/cpan3/install/lib/perl5/5.26.0