Report for Test-HadoopSingleNode-0.02_03

Back
From: metabase:user:31d414ea-2aae-11df-837a-5e0a49663a4f
Subject: FAIL Test-HadoopSingleNode-0.02_03 v5.8.9 GNU/Linux
Date: 2011-11-04T15:14:47Z

This distribution has been tested as part of the CPAN Testers
project, supporting the Perl programming language.  See
http://wiki.cpantesters.org/ for more information or email
questions to cpan-testers-discuss@perl.org


--
Dear Yohei Yamamoto,

This is a computer-generated report for Test-HadoopSingleNode-0.02_03
on perl 5.8.9, created by CPAN-Reporter-1.1711.

Thank you for uploading your work to CPAN.  However, there was a problem
testing your distribution.

If you think this report is invalid, please consult the CPAN Testers Wiki
for suggestions on how to avoid getting FAIL reports for missing library
or binary dependencies, unsupported operating systems, and so on:

http://wiki.cpantesters.org/wiki/CPANAuthorNotes

Sections of this report:

    * Tester comments
    * Program output
    * Prerequisites
    * Environment and other context

------------------------------
TESTER COMMENTS
------------------------------

Additional comments from tester:

this report is from an automated smoke testing program
and was not reviewed by a human for accuracy

------------------------------
PROGRAM OUTPUT
------------------------------

Output from '/usr/bin/make test':

PERL_DL_NONLAZY=1 /home/david/cpantesting/perl-5.8.9/bin/perl "-MExtUtils::Command::MM" "-e" "test_harness(0, 'inc', 'blib/lib', 'blib/arch')" t/*.t
t/00_compile.t .. ok
Warning: bad ps syntax, perhaps a bogus '-'? See http://procps.sf.net/faq.html
Use of uninitialized value in join or string at /home/david/cpantesting/perl-5.8.9/.cpan/build/Test-HadoopSingleNode-0.02_03-Oecdna/blib/lib/Test/HadoopSingleNode.pm line 241.
 --config /tmp/zOjd7TwTMV namenode -format at t/10_basic.t line 15
Use of uninitialized value in pattern match (m//) at /home/david/cpantesting/perl-5.8.9/lib/5.8.9/x86_64-linux-thread-multi/File/Spec/Unix.pm line 211.
Use of uninitialized value in pattern match (m//) at /home/david/cpantesting/perl-5.8.9/lib/site_perl/5.8.9/IPC/Run.pm line 1177.
Use of uninitialized value in exists at /home/david/cpantesting/perl-5.8.9/lib/site_perl/5.8.9/IPC/Run.pm line 1185.
Use of uninitialized value in concatenation (.) or string at /home/david/cpantesting/perl-5.8.9/lib/5.8.9/x86_64-linux-thread-multi/File/Spec/Unix.pm line 102.
Use of uninitialized value in concatenation (.) or string at /home/david/cpantesting/perl-5.8.9/lib/5.8.9/x86_64-linux-thread-multi/File/Spec/Unix.pm line 102.
Use of uninitialized value in concatenation (.) or string at /home/david/cpantesting/perl-5.8.9/lib/5.8.9/x86_64-linux-thread-multi/File/Spec/Unix.pm line 102.
Use of uninitialized value in concatenation (.) or string at /home/david/cpantesting/perl-5.8.9/lib/5.8.9/x86_64-linux-thread-multi/File/Spec/Unix.pm line 102.
Use of uninitialized value in exists at /home/david/cpantesting/perl-5.8.9/lib/site_perl/5.8.9/IPC/Run.pm line 1222.
Use of uninitialized value in concatenation (.) or string at /home/david/cpantesting/perl-5.8.9/lib/site_perl/5.8.9/IPC/Run.pm line 1228.
Use of uninitialized value in join or string at /home/david/cpantesting/perl-5.8.9/.cpan/build/Test-HadoopSingleNode-0.02_03-Oecdna/blib/lib/Test/HadoopSingleNode.pm line 253.
 --config /tmp/zOjd7TwTMV namenode -format error Command '' not found in /usr/local/bin, /usr/bin, /bin, /usr/games at /home/david/cpantesting/perl-5.8.9/.cpan/build/Test-HadoopSingleNode-0.02_03-Oecdna/blib/lib/Test/HadoopSingleNode.pm line 246
Warning: bad ps syntax, perhaps a bogus '-'? See http://procps.sf.net/faq.html
t/10_basic.t .... 
No subtests run 
exec command: perl -e print 'a' at t/11_cmd.t line 21
exec command: perl -e exit 0 at t/11_cmd.t line 21
exec command: perl -e exit 1 at t/11_cmd.t line 21
exec command: perl -e exit 255 at t/11_cmd.t line 21
exec command: perl -e print 'a' x (1024 ** 2) at t/11_cmd.t line 21
exec command: perl -e print STDERR 'a' x (1024 ** 2) at t/11_cmd.t line 21
exec command: perl -e print 'a' x (1024 ** 2); print STDERR 'b' x (1024 ** 2) at t/11_cmd.t line 21
exec command: perl -e print 'a' at t/11_cmd.t line 26
exec command: perl -e exit 0 at t/11_cmd.t line 26
exec command: perl -e exit 1 at t/11_cmd.t line 26
exec command: perl -e exit 255 at t/11_cmd.t line 26
exec command: perl -e print 'a' x (1024 ** 2) at t/11_cmd.t line 26
exec command: perl -e print STDERR 'a' x (1024 ** 2) at t/11_cmd.t line 26
exec command: perl -e print 'a' x (1024 ** 2); print STDERR 'b' x (1024 ** 2) at t/11_cmd.t line 26
Warning: bad ps syntax, perhaps a bogus '-'? See http://procps.sf.net/faq.html
t/11_cmd.t ...... ok

Test Summary Report
-------------------
t/10_basic.t  (Wstat: 0 Tests: 0 Failed: 0)
  Parse errors: No plan found in TAP output
Files=3, Tests=29,  1 wallclock secs ( 0.04 usr  0.00 sys +  0.55 cusr  0.27 csys =  0.86 CPU)
Result: FAIL
Failed 1/3 test programs. 0/29 subtests failed.
make: *** [test_dynamic] Error 255

------------------------------
PREREQUISITES
------------------------------

Prerequisite modules loaded:

requires:

    Module              Need  Have    
    ------------------- ----- --------
    Carp                0     1.10    
    Data::Dumper        0     2.131   
    Data::Rmap          0     0.62    
    File::Copy          0     2.13    
    File::Temp          0     0.22    
    File::Which         0     1.09    
    IO::Handle          0     1.27    
    IO::Select          0     1.17    
    IPC::Open3          0     1.03    
    IPC::Open3::Simple  0     0.04    
    IPC::Run            0     0.90    
    Path::Class         0     0.24    
    perl                5.008 5.008009
    Proc::Guard         0     0.06    
    Symbol              0     1.06    
    Test::TCP           0     1.13    
    XML::Simple         0     2.18    

build_requires:

    Module              Need  Have    
    ------------------- ----- --------
    ExtUtils::MakeMaker 6.42  6.62    
    Path::Class         0     0.24    
    Test::More          0     0.98    

configure_requires:

    Module              Need  Have    
    ------------------- ----- --------
    ExtUtils::MakeMaker 6.42  6.62    


------------------------------
ENVIRONMENT AND OTHER CONTEXT
------------------------------

Environment variables:

    AUTOMATED_TESTING = 1
    PATH = /usr/local/bin:/usr/bin:/bin:/usr/games
    PERL5LIB = 
    PERL5OPT = 
    PERL5_CPANPLUS_IS_RUNNING = 7226
    PERL5_CPAN_IS_RUNNING = 7226
    PERLVER = 5.8.9
    PERL_INLINE_DIRECTORY = /home/david/.Inline-5.8.9
    SHELL = /bin/bash
    TERM = screen

Perl special variables (and OS-specific diagnostics, for MSWin32):

    $^X = /home/david/cpantesting/perl-5.8.9/bin/perl
    $UID/$EUID = 1000 / 1000
    $GID = 1000 1000
    $EGID = 1000 1000

Perl module toolchain versions installed:

    Module              Have   
    ------------------- -------
    CPAN                1.9402 
    Cwd                 3.31   
    ExtUtils::CBuilder  0.2703 
    ExtUtils::Command   1.16   
    ExtUtils::Install   1.52   
    ExtUtils::MakeMaker 6.62   
    ExtUtils::Manifest  1.58   
    ExtUtils::ParseXS   2.2206 
    File::Spec          3.31   
    Module::Build       0.3800 
    Module::Signature   n/a    
    Test::Harness       3.21   
    Test::More          0.98   
    YAML                0.70   
    YAML::Syck          1.17_02
    version             0.94   


--

Summary of my perl5 (revision 5 version 8 subversion 9) configuration:
  Platform:
    osname=linux, osvers=2.6.18-4-xen-amd64, archname=x86_64-linux-thread-multi
    uname='linux pigsty2 2.6.18-4-xen-amd64 #1 smp fri may 4 02:40:51 utc 2007 x86_64 gnulinux '
    config_args='-de -Duse64bitall -Dusethreads -Dprefix=/home/david/cpantesting/perl-5.8.9'
    hint=recommended, useposix=true, d_sigaction=define
    usethreads=define use5005threads=undef useithreads=define usemultiplicity=define
    useperlio=define d_sfio=undef uselargefiles=define usesocks=undef
    use64bitint=define use64bitall=define uselongdouble=undef
    usemymalloc=n, bincompat5005=undef
  Compiler:
    cc='cc', ccflags ='-D_REENTRANT -D_GNU_SOURCE -DTHREADS_HAVE_PIDS -fno-strict-aliasing -pipe -I/usr/local/include -D_LARGEFILE_SOURCE -D_FILE_OFFSET_BITS=64',
    optimize='-O2',
    cppflags='-D_REENTRANT -D_GNU_SOURCE -DTHREADS_HAVE_PIDS -fno-strict-aliasing -pipe -I/usr/local/include'
    ccversion='', gccversion='4.1.2 20061115 (prerelease) (Debian 4.1.1-21)', gccosandvers=''
    intsize=4, longsize=8, ptrsize=8, doublesize=8, byteorder=12345678
    d_longlong=define, longlongsize=8, d_longdbl=define, longdblsize=16
    ivtype='long', ivsize=8, nvtype='double', nvsize=8, Off_t='off_t', lseeksize=8
    alignbytes=8, prototype=define
  Linker and Libraries:
    ld='cc', ldflags =' -L/usr/local/lib'
    libpth=/usr/local/lib /lib /usr/lib /lib64 /usr/lib64
    libs=-lnsl -lgdbm -ldb -ldl -lm -lcrypt -lutil -lpthread -lc
    perllibs=-lnsl -ldl -lm -lcrypt -lutil -lpthread -lc
    libc=/lib/libc-2.3.6.so, so=so, useshrplib=false, libperl=libperl.a
    gnulibc_version='2.3.6'
  Dynamic Linking:
    dlsrc=dl_dlopen.xs, dlext=so, d_dlsymun=undef, ccdlflags='-Wl,-E'
    cccdlflags='-fPIC', lddlflags='-shared -O2 -L/usr/local/lib'


Characteristics of this binary (from libperl): 
  Compile-time options: MULTIPLICITY PERL_IMPLICIT_CONTEXT PERL_MALLOC_WRAP
                        THREADS_HAVE_PIDS USE_64_BIT_ALL USE_64_BIT_INT
                        USE_FAST_STDIO USE_ITHREADS USE_LARGE_FILES
                        USE_PERLIO USE_REENTRANT_API
  Built under linux
  Compiled at Jan 17 2009 20:41:01
  %ENV:
    PERL5LIB=""
    PERL5OPT=""
    PERL5_CPANPLUS_IS_RUNNING="7226"
    PERL5_CPAN_IS_RUNNING="7226"
    PERLVER="5.8.9"
    PERL_INLINE_DIRECTORY="/home/david/.Inline-5.8.9"
  @INC:
    /home/david/cpantesting/perl-5.8.9/lib/5.8.9/x86_64-linux-thread-multi
    /home/david/cpantesting/perl-5.8.9/lib/5.8.9
    /home/david/cpantesting/perl-5.8.9/lib/site_perl/5.8.9/x86_64-linux-thread-multi
    /home/david/cpantesting/perl-5.8.9/lib/site_perl/5.8.9
    .