Mojolicious v9.40 Perl 5 v5.36.3 MSWin32-x64-multi-thread
- Status
- Fail
- From
- twata
- Dist
-
Mojolicious v9.40
- Platform
- Perl 5 v5.36.3 MSWin32-x64-multi-thread
- Date
- 2025-05-12 15:42:03
- ID
- bd97ded5-6d52-1014-ba9b-9d4a0fa1abba
This distribution has been tested as part of the CPAN Testers
project, supporting the Perl programming language. See
http://wiki.cpantesters.org/ for more information or email
questions to cpan-testers-discuss@perl.org
--
Dear Sebastian Riedel,
This is a computer-generated report for Mojolicious-9.40
on perl 5.36.3, created by CPAN-Reporter-1.2019.
Thank you for uploading your work to CPAN. However, there was a problem
testing your distribution.
If you think this report is invalid, please consult the CPAN Testers Wiki
for suggestions on how to avoid getting FAIL reports for missing library
or binary dependencies, unsupported operating systems, and so on:
http://wiki.cpantesters.org/wiki/CPANAuthorNotes
Sections of this report:
* Tester comments
* Program output
* Prerequisites
* Environment and other context
------------------------------
TESTER COMMENTS
------------------------------
Additional comments from tester:
none provided
------------------------------
PROGRAM OUTPUT
------------------------------
Output from 'C:\strawberry-perl-5.36.3.1-64bit-portable\c\bin\gmake.exe test':
"C:\strawberry-perl-5.36.3.1-64bit-portable\perl\bin\perl.exe" "-MExtUtils::Command::MM" "-MTest::Harness" "-e" "undef *Test::Harness::Switches; test_harness(0, 'blib\lib', 'blib\arch')" t/*.t t/*/*.t
t/mojo/asset.t ............................. ok
t/mojo/base.t .............................. ok
t/mojo/base_util.t ......................... ok
t/mojo/bytestream.t ........................ ok
t/mojo/cache.t ............................. ok
t/mojo/cgi.t ............................... ok
t/mojo/collection.t ........................ ok
t/mojo/content.t ........................... ok
t/mojo/cookie.t ............................ ok
t/mojo/cookiejar.t ......................... ok
t/mojo/daemon.t ............................ ok
t/mojo/daemon_ipv6_tls.t ................... skipped: set TEST_IPV6 to enable this test (developer only!)
t/mojo/date.t .............................. ok
t/mojo/dom.t ............................... ok
t/mojo/dynamic_methods.t ................... ok
t/mojo/eventemitter.t ...................... ok
t/mojo/exception.t ......................... ok
# Failed test 'right files'
# at t/mojo/file.t line 285.
# Structures begin differing at:
# $got->[0] = 'C:\strawberry-perl-5.36.3.1-64bit-portable\cpan\build\Mojolicious-9.40-0\t\mojo\lib\Mojo'
# $expected->[0] = 'C:\strawberry-perl-5.36.3.1-64bit-portable\cpan\build\Mojolicious-9.40-0\t\mojo\lib\Mojo\.hidden.txt'
# Failed test 'right files'
# at t/mojo/file.t line 288.
# Structures begin differing at:
# $got->[0] = Does not exist
# $expected->[0] = C:\strawberry-perl-5.36.3.1-64bit-portable\cpan\build\Mojolicious-9.40-0\t\mojo\lib\Mojo\DeprecationTest.pm
# Failed test 'right files'
# at t/mojo/file.t line 293.
# Structures begin differing at:
# $got->[0] = 'C:\strawberry-perl-5.36.3.1-64bit-portable\cpan\build\Mojolicious-9.40-0\t\mojo\lib\Mojo'
# $expected->[0] = 'C:\strawberry-perl-5.36.3.1-64bit-portable\cpan\build\Mojolicious-9.40-0\t\mojo\lib\Mojo\BaseTest'
# Failed test 'right files'
# at t/mojo/file.t line 299.
# Structures begin differing at:
# $got->[0] = Does not exist
# $expected->[0] = C:\strawberry-perl-5.36.3.1-64bit-portable\cpan\build\Mojolicious-9.40-0\t\mojo\lib\Mojo\BaseTest\Base1.pm
# Failed test 'right files'
# at t/mojo/file.t line 308.
# Structures begin differing at:
# $got->[0] = 'C:\strawberry-perl-5.36.3.1-64bit-portable\cpan\build\Mojolicious-9.40-0\t\mojo\lib\Mojo'
# $expected->[0] = 'C:\strawberry-perl-5.36.3.1-64bit-portable\cpan\build\Mojolicious-9.40-0\t\mojo\lib\Mojo\.hidden.txt'
# Looks like you failed 5 tests of 15.
# Failed test 'list/list_tree'
# at t/mojo/file.t line 310.
# Looks like you failed 1 test of 31.
t/mojo/file.t ..............................
Dubious, test returned 1 (wstat 256, 0x100)
Failed 1/31 subtests
(less 2 skipped subtests: 28 okay)
cannot unlink file for C:\Users\USER\AppData\Local\Temp\YBYC0L6_YA\header1.txt: Permission denied at C:/strawberry-perl-5.36.3.1-64bit-portable/perl/lib/File/Temp.pm line 2643.
cannot unlink file for C:\Users\USER\AppData\Local\Temp\YBYC0L6_YA\header2.txt: Permission denied at C:/strawberry-perl-5.36.3.1-64bit-portable/perl/lib/File/Temp.pm line 2643.
cannot unlink file for C:\Users\USER\AppData\Local\Temp\YBYC0L6_YA\redirect1.txt: Permission denied at C:/strawberry-perl-5.36.3.1-64bit-portable/perl/lib/File/Temp.pm line 2643.
cannot unlink file for C:\Users\USER\AppData\Local\Temp\YBYC0L6_YA\redirect2.txt: Permission denied at C:/strawberry-perl-5.36.3.1-64bit-portable/perl/lib/File/Temp.pm line 2643.
cannot unlink file for C:\Users\USER\AppData\Local\Temp\YBYC0L6_YA\resume1.txt: Permission denied at C:/strawberry-perl-5.36.3.1-64bit-portable/perl/lib/File/Temp.pm line 2643.
cannot unlink file for C:\Users\USER\AppData\Local\Temp\YBYC0L6_YA\simple1.txt: Permission denied at C:/strawberry-perl-5.36.3.1-64bit-portable/perl/lib/File/Temp.pm line 2643.
cannot unlink file for C:\Users\USER\AppData\Local\Temp\YBYC0L6_YA\stream2.txt: Permission denied at C:/strawberry-perl-5.36.3.1-64bit-portable/perl/lib/File/Temp.pm line 2643.
cannot remove directory for C:/Users/USER/AppData/Local/Temp/YBYC0L6_YA: Directory not empty at C:/strawberry-perl-5.36.3.1-64bit-portable/perl/lib/File/Temp.pm line 2643.
t/mojo/file_download.t ..................... ok
t/mojo/headers.t ........................... ok
t/mojo/home.t .............................. ok
t/mojo/hypnotoad.t ......................... skipped: set TEST_HYPNOTOAD to enable this test (developer only!)
t/mojo/ioloop.t ............................ ok
t/mojo/ioloop_ipv6.t ....................... skipped: set TEST_IPV6 to enable this test (developer only!)
t/mojo/ioloop_tls.t ........................ skipped: set TEST_TLS to enable this test (developer only!)
t/mojo/json.t .............................. ok
t/mojo/json_pointer.t ...................... ok
t/mojo/json_xs.t ........................... ok
t/mojo/loader.t ............................ ok
t/mojo/log.t ............................... ok
t/mojo/morbo.t ............................. skipped: set TEST_MORBO to enable this test (developer only!)
t/mojo/parameters.t ........................ ok
t/mojo/path.t .............................. ok
t/mojo/prefork.t ........................... skipped: set TEST_PREFORK to enable this test (developer only!)
t/mojo/promise.t ........................... ok
t/mojo/promise_async_await.t ............... skipped: set TEST_ASYNC_AWAIT to enable this test (developer only!)
t/mojo/proxy.t ............................. ok
t/mojo/psgi.t .............................. ok
t/mojo/reactor_detect.t .................... ok
t/mojo/reactor_ev.t ........................ skipped: set TEST_EV to enable this test (developer only!)
t/mojo/reactor_poll.t ...................... ok
t/mojo/request.t ........................... ok
t/mojo/request_cgi.t ....................... ok
t/mojo/response.t .......................... ok
t/mojo/roles.t ............................. ok
t/mojo/signatures.t ........................ ok
t/mojo/subprocess.t ........................ skipped: set TEST_SUBPROCESS to enable this test (developer only!)
t/mojo/subprocess_ev.t ..................... skipped: set TEST_SUBPROCESS to enable this test (developer only!)
t/mojo/template.t .......................... ok
t/mojo/tls.t ............................... skipped: set TEST_TLS to enable this test (developer only!)
cannot unlink file for C:\Users\USER\AppData\Local\Temp\lfNqHf1ttn\no_file: Permission denied at C:/strawberry-perl-5.36.3.1-64bit-portable/perl/lib/File/Temp.pm line 2643.
cannot unlink file for C:\Users\USER\AppData\Local\Temp\lfNqHf1ttn\small_file: Permission denied at C:/strawberry-perl-5.36.3.1-64bit-portable/perl/lib/File/Temp.pm line 2643.
cannot remove directory for C:/Users/USER/AppData/Local/Temp/lfNqHf1ttn: Directory not empty at C:/strawberry-perl-5.36.3.1-64bit-portable/perl/lib/File/Temp.pm line 2643.
t/mojo/transactor.t ........................ ok
t/mojo/url.t ............................... ok
t/mojo/user_agent.t ........................ ok
t/mojo/user_agent_online.t ................. skipped: set TEST_ONLINE to enable this test (developer only!)
t/mojo/user_agent_socks.t .................. skipped: set TEST_SOCKS to enable this test (developer only!)
t/mojo/user_agent_tls.t .................... skipped: set TEST_TLS to enable this test (developer only!)
t/mojo/user_agent_unix.t ................... skipped: set TEST_UNIX to enable this test (developer only!)
t/mojo/util.t .............................. ok
t/mojo/websocket.t ......................... ok
t/mojo/websocket_frames.t .................. ok
t/mojo/websocket_proxy.t ................... ok
t/mojo/websocket_proxy_tls.t ............... skipped: set TEST_TLS to enable this test (developer only!)
t/mojolicious/app.t ........................ ok
t/mojolicious/charset_lite_app.t ........... ok
t/mojolicious/command.t .................... ok
t/mojolicious/commands.t ................... ok
t/mojolicious/dispatch.t ................... ok
t/mojolicious/dispatcher_lite_app.t ........ ok
t/mojolicious/embedded_app.t ............... ok
t/mojolicious/embedded_lite_app.t .......... ok
t/mojolicious/exception_lite_app.t ......... ok
t/mojolicious/external_app.t ............... ok
t/mojolicious/external_lite_app.t .......... ok
t/mojolicious/group_lite_app.t ............. ok
t/mojolicious/json_config_lite_app.t ....... ok
t/mojolicious/json_config_mode_lite_app.t .. ok
t/mojolicious/layouted_lite_app.t .......... ok
t/mojolicious/lite_app.t ................... ok
t/mojolicious/log_lite_app.t ............... ok
t/mojolicious/longpolling_lite_app.t ....... ok
t/mojolicious/multipath_lite_app.t ......... ok
t/mojolicious/ojo.t ........................ ok
t/mojolicious/ojo_signatures.t ............. ok
t/mojolicious/pattern.t .................... ok
t/mojolicious/production_app.t ............. ok
t/mojolicious/proxy_app.t .................. ok
t/mojolicious/rebased_lite_app.t ........... ok
t/mojolicious/renderer.t ................... ok
t/mojolicious/restful_lite_app.t ........... ok
t/mojolicious/routes.t ..................... ok
t/mojolicious/session_lite_app.t ........... ok
t/mojolicious/signatures_lite_app.t ........ ok
t/mojolicious/static_lite_app.t ............ ok
t/mojolicious/static_prefix_lite_app.t ..... ok
t/mojolicious/tag_helper_lite_app.t ........ ok
t/mojolicious/testing_app.t ................ ok
t/mojolicious/tls_lite_app.t ............... skipped: set TEST_TLS to enable this test (developer only!)
t/mojolicious/twinkle_lite_app.t ........... ok
t/mojolicious/types.t ...................... ok
(in cleanup) Can't remove file "C:\Users\USER\AppData\Local\Temp\mojo.tmp.GfMWgIQJ2_8FlK9X": Permission denied at C:\strawberry-perl-5.36.3.1-64bit-portable\cpan\build\Mojolicious-9.40-0\blib\lib/Mojo/Asset/File.pm line 36.
t/mojolicious/upload_lite_app.t ............ ok
t/mojolicious/upload_stream_lite_app.t ..... ok
t/mojolicious/validation_lite_app.t ........ ok
t/mojolicious/websocket_lite_app.t ......... ok
t/mojolicious/yaml_config_lite_app.t ....... ok
t/pod.t .................................... skipped: set TEST_POD to enable this test (developer only!)
t/pod_coverage.t ........................... skipped: set TEST_POD to enable this test (developer only!)
t/test/mojo.t .............................. ok
Test Summary Report
-------------------
t/mojo/file.t (Wstat: 256 (exited 1) Tests: 31 Failed: 1)
Failed test: 27
Non-zero exit status: 1
Files=107, Tests=4296, 207 wallclock secs ( 2.12 usr + 0.31 sys = 2.44 CPU)
Result: FAIL
Failed 1/107 test programs. 1/4296 subtests failed.
gmake: *** [makefile:1062: test_dynamic] Error 255
------------------------------
PREREQUISITES
------------------------------
Prerequisite modules loaded:
requires:
Module Need Have
------------------- ----- --------
IO::Socket::IP 0.37 0.42
perl 5.016 5.036003
Sub::Util 1.41 1.63
build_requires:
Module Need Have
------------------- ----- --------
ExtUtils::MakeMaker 0 7.70
configure_requires:
Module Need Have
------------------- ----- --------
ExtUtils::MakeMaker 0 7.70
------------------------------
ENVIRONMENT AND OTHER CONTEXT
------------------------------
Environment variables:
COMSPEC = C:\WINDOWS\system32\cmd.exe
LC_ALL = C
NONINTERACTIVE_TESTING = 1
NUMBER_OF_PROCESSORS = 4
PATH = C:\strawberry-perl-5.36.3.1-64bit-portable\perl\site\bin;C:\strawberry-perl-5.36.3.1-64bit-portable\perl\bin;C:\strawberry-perl-5.36.3.1-64bit-portable\c\bin;C:\WINDOWS\system32;C:\WINDOWS;C:\WINDOWS\System32\Wbem;C:\WINDOWS\System32\WindowsPowerShell\v1.0
PERL5LIB =
PERL5OPT =
PERL5_CPANPLUS_IS_RUNNING = 9028
PERL5_CPAN_IS_RUNNING = 9028
PERL_MM_USE_DEFAULT = 1
PERL_USE_UNSAFE_INC = 1
PROCESSOR_IDENTIFIER = Intel64 Family 6 Model 58 Stepping 9, GenuineIntel
TEMP = C:\Users\USER\AppData\Local\Temp
TERM = dumb
Perl special variables (and OS-specific diagnostics, for MSWin32):
$^X = C:\strawberry-perl-5.36.3.1-64bit-portable\perl\bin\perl.exe
$UID/$EUID = 0 / 0
$GID = 0
$EGID = 0
Win32::GetOSName = Win8.1
Win32::GetOSVersion = , 6, 3, 9600, 2, 0, 0, 256, 1
Win32::FsType = NTFS
Win32::IsAdminUser = 0
Perl module toolchain versions installed:
Module Have
------------------- --------
CPAN 2.36
CPAN::Meta 2.150010
Cwd 3.84
ExtUtils::CBuilder 0.280236
ExtUtils::Command 7.70
ExtUtils::Install 2.22
ExtUtils::MakeMaker 7.70
ExtUtils::Manifest 1.75
ExtUtils::ParseXS 3.51
File::Spec 3.84
JSON 4.10
JSON::PP 4.16
Module::Build 0.4234
Module::Signature n/a
Parse::CPAN::Meta 2.150010
Test2 1.302198
Test::Harness 3.48
Test::More 1.302198
YAML 1.30
YAML::Syck n/a
version 0.9930
--
Summary of my perl5 (revision 5 version 36 subversion 3) configuration:
Platform:
osname=MSWin32
osvers=10.0.19045.3693
archname=MSWin32-x64-multi-thread
uname='Win32 strawberry-perl 5.36.3.1 # 06:05:31 Tue December 05 2023 x64'
config_args='undef'
hint=recommended
useposix=true
d_sigaction=undef
useithreads=define
usemultiplicity=define
use64bitint=define
use64bitall=undef
uselongdouble=undef
usemymalloc=n
default_inc_excludes_dot=define
Compiler:
cc='gcc'
ccflags =' -DWIN32 -DWIN64 -DPERL_TEXTMODE_SCRIPTS -DMULTIPLICITY -DPERL_IMPLICIT_SYS -DUSE_PERLIO -D__USE_MINGW_ANSI_STDIO -fwrapv -fno-strict-aliasing -mms-bitfields'
optimize='-Os'
cppflags='-DWIN32'
ccversion=''
gccversion='13.1.0'
gccosandvers=''
intsize=4
longsize=4
ptrsize=8
doublesize=8
byteorder=12345678
doublekind=3
d_longlong=define
longlongsize=8
d_longdbl=define
longdblsize=16
longdblkind=3
ivtype='long long'
ivsize=8
nvtype='double'
nvsize=8
Off_t='long long'
lseeksize=8
alignbytes=8
prototype=define
Linker and Libraries:
ld='g++.exe'
ldflags ='-s -L"C:\strawberry-perl-5.36.3.1-64bit-portable\perl\lib\CORE" -L"C:\strawberry-perl-5.36.3.1-64bit-portable\c\lib"'
libpth=C:\strawberry-perl-5.36.3.1-64bit-portable\c\lib C:\strawberry-perl-5.36.3.1-64bit-portable\c\x86_64-w64-mingw32\lib C:\strawberry-perl-5.36.3.1-64bit-portable\c\lib\gcc\x86_64-w64-mingw32\13.1.0
libs= -lmoldname -lkernel32 -luser32 -lgdi32 -lwinspool -lcomdlg32 -ladvapi32 -lshell32 -lole32 -loleaut32 -lnetapi32 -luuid -lws2_32 -lmpr -lwinmm -lversion -lodbc32 -lodbccp32 -lcomctl32
perllibs= -lmoldname -lkernel32 -luser32 -lgdi32 -lwinspool -lcomdlg32 -ladvapi32 -lshell32 -lole32 -loleaut32 -lnetapi32 -luuid -lws2_32 -lmpr -lwinmm -lversion -lodbc32 -lodbccp32 -lcomctl32
libc=
so=dll
useshrplib=true
libperl=libperl536.a
gnulibc_version=''
Dynamic Linking:
dlsrc=dl_win32.xs
dlext=xs.dll
d_dlsymun=undef
ccdlflags=' '
cccdlflags=' '
lddlflags='-mdll -s -L"C:\strawberry-perl-5.36.3.1-64bit-portable\perl\lib\CORE" -L"C:\strawberry-perl-5.36.3.1-64bit-portable\c\lib"'
Characteristics of this binary (from libperl):
Compile-time options:
HAS_TIMES
HAVE_INTERP_INTERN
MULTIPLICITY
PERLIO_LAYERS
PERL_COPY_ON_WRITE
PERL_DONT_CREATE_GVSV
PERL_IMPLICIT_SYS
PERL_MALLOC_WRAP
PERL_OP_PARENT
PERL_PRESERVE_IVUV
USE_64_BIT_INT
USE_ITHREADS
USE_LARGE_FILES
USE_LOCALE
USE_LOCALE_COLLATE
USE_LOCALE_CTYPE
USE_LOCALE_NUMERIC
USE_LOCALE_TIME
USE_PERLIO
USE_PERL_ATOF
Built under MSWin32
Compiled at Dec 5 2023 17:05:54
%ENV:
PERL5_CPANPLUS_IS_RUNNING="9028"
PERL5_CPAN_IS_RUNNING="9028"
PERL_MM_USE_DEFAULT="1"
PERL_USE_UNSAFE_INC="1"
@INC:
C:/strawberry-perl-5.36.3.1-64bit-portable/perl/site/lib/MSWin32-x64-multi-thread
C:/strawberry-perl-5.36.3.1-64bit-portable/perl/site/lib
C:/strawberry-perl-5.36.3.1-64bit-portable/perl/vendor/lib
C:/strawberry-perl-5.36.3.1-64bit-portable/perl/lib
.