CGI v4.57 Perl 5 v5.36.0 arm-android

Status
Fail
From
Trizen
Dist
CGI v4.57
Platform
Perl 5 v5.36.0 arm-android
Date
2023-05-25 11:10:26
ID
c0323ef2-faec-11ed-8828-94b54a56c1a3
This distribution has been tested as part of the CPAN Testers
project, supporting the Perl programming language.  See
http://wiki.cpantesters.org/ for more information or email
questions to cpan-testers-discuss@perl.org


--
Dear LEEJO,

This is a computer-generated report for CGI-4.57
on perl 5.36.0, created by App::cpanminus::reporter 0.20 (1.7046).

Thank you for uploading your work to CPAN.  However, there was a problem
testing your distribution.

If you think this report is invalid, please consult the CPAN Testers Wiki
for suggestions on how to avoid getting FAIL reports for missing library
or binary dependencies, unsupported operating systems, and so on:

http://wiki.cpantesters.org/wiki/CPANAuthorNotes

Sections of this report:

    * Tester comments
    * Program output
    * Prerequisites
    * Environment and other context

------------------------------
TESTER COMMENTS
------------------------------

Additional comments from tester:

none provided

------------------------------
PROGRAM OUTPUT
------------------------------

Output from '':

Building and testing CGI-4.57
[proxychains] DLL init: proxychains-ng 4.16
[proxychains] DLL init: proxychains-ng 4.16
[proxychains] DLL init: proxychains-ng 4.16
[proxychains] DLL init: proxychains-ng 4.16
[proxychains] DLL init: proxychains-ng 4.16
[proxychains] DLL init: proxychains-ng 4.16
[proxychains] DLL init: proxychains-ng 4.16
[proxychains] DLL init: proxychains-ng 4.16
[proxychains] DLL init: proxychains-ng 4.16
[proxychains] DLL init: proxychains-ng 4.16
[proxychains] DLL init: proxychains-ng 4.16
[proxychains] DLL init: proxychains-ng 4.16
[proxychains] DLL init: proxychains-ng 4.16
[proxychains] DLL init: proxychains-ng 4.16
[proxychains] DLL init: proxychains-ng 4.16
[proxychains] DLL init: proxychains-ng 4.16
[proxychains] DLL init: proxychains-ng 4.16
[proxychains] DLL init: proxychains-ng 4.16
[proxychains] DLL init: proxychains-ng 4.16
[proxychains] DLL init: proxychains-ng 4.16
[proxychains] DLL init: proxychains-ng 4.16
[proxychains] DLL init: proxychains-ng 4.16
[proxychains] DLL init: proxychains-ng 4.16
[proxychains] DLL init: proxychains-ng 4.16
[proxychains] DLL init: proxychains-ng 4.16
[proxychains] DLL init: proxychains-ng 4.16
[proxychains] DLL init: proxychains-ng 4.16
[proxychains] DLL init: proxychains-ng 4.16
[proxychains] DLL init: proxychains-ng 4.16
[proxychains] DLL init: proxychains-ng 4.16
[proxychains] DLL init: proxychains-ng 4.16
[proxychains] DLL init: proxychains-ng 4.16
[proxychains] DLL init: proxychains-ng 4.16
[proxychains] DLL init: proxychains-ng 4.16
[proxychains] DLL init: proxychains-ng 4.16
[proxychains] DLL init: proxychains-ng 4.16
[proxychains] DLL init: proxychains-ng 4.16
[proxychains] DLL init: proxychains-ng 4.16
[proxychains] DLL init: proxychains-ng 4.16
[proxychains] DLL init: proxychains-ng 4.16
cp lib/CGI/HTML/Functions.pm blib/lib/CGI/HTML/Functions.pm
cp lib/CGI/Cookie.pm blib/lib/CGI/Cookie.pm
cp lib/CGI/Carp.pm blib/lib/CGI/Carp.pm
cp lib/CGI.pod blib/lib/CGI.pod
cp lib/CGI/File/Temp.pm blib/lib/CGI/File/Temp.pm
cp lib/CGI/HTML/Functions.pod blib/lib/CGI/HTML/Functions.pod
cp lib/CGI/Push.pm blib/lib/CGI/Push.pm
cp lib/Fh.pm blib/lib/Fh.pm
cp lib/CGI.pm blib/lib/CGI.pm
cp lib/CGI/Util.pm blib/lib/CGI/Util.pm
cp lib/CGI/Pretty.pm blib/lib/CGI/Pretty.pm
[proxychains] DLL init: proxychains-ng 4.16
[proxychains] DLL init: proxychains-ng 4.16
[proxychains] DLL init: proxychains-ng 4.16
[proxychains] DLL init: proxychains-ng 4.16
Manifying 7 pod documents
[proxychains] DLL init: proxychains-ng 4.16
[proxychains] DLL init: proxychains-ng 4.16
[proxychains] DLL init: proxychains-ng 4.16
[proxychains] DLL init: proxychains-ng 4.16
[proxychains] DLL init: proxychains-ng 4.16
[proxychains] DLL init: proxychains-ng 4.16
[proxychains] DLL init: proxychains-ng 4.16
[proxychains] DLL init: proxychains-ng 4.16
[proxychains] DLL init: proxychains-ng 4.16
[proxychains] DLL init: proxychains-ng 4.16
[proxychains] DLL init: proxychains-ng 4.16
PERL_DL_NONLAZY=1 "/data/data/com.termux/files/usr/bin/perl" "-MExtUtils::Command::MM" "-MTest::Harness" "-e" "undef *Test::Harness::Switches; test_harness(0, 'blib/lib', 'blib/arch')" t/*.t t/headers/*.t
[proxychains] DLL init: proxychains-ng 4.16
[proxychains] DLL init: proxychains-ng 4.16
[proxychains] DLL init: proxychains-ng 4.16
[proxychains] DLL init: proxychains-ng 4.16
[proxychains] DLL init: proxychains-ng 4.16
t/append_query.t ............ ok
[proxychains] DLL init: proxychains-ng 4.16
t/arbitrary_handles.t ....... ok
[proxychains] DLL init: proxychains-ng 4.16
t/autoescape.t .............. ok
[proxychains] DLL init: proxychains-ng 4.16
t/can.t ..................... ok
[proxychains] DLL init: proxychains-ng 4.16
[Thu May 25 13:48:46 2023] carp.t: foo at /data/data/com.termux/files/home/.cpanm/work/1685011542.9875/CGI-4.57/blib/lib/CGI/Carp.pm line 360.
t/carp.t .................... ok
[proxychains] DLL init: proxychains-ng 4.16
# cgi-lib.pl routines
private_tempfiles has been deprecated at /data/data/com.termux/files/home/.cpanm/work/1685011542.9875/CGI-4.57/blib/lib/CGI.pm line 3238.
t/cgi.t ..................... ok
[proxychains] DLL init: proxychains-ng 4.16
t/changes.t ................. skipped: Test::CPAN::Changes required for this test
[proxychains] DLL init: proxychains-ng 4.16
t/charset.t ................. ok
[proxychains] DLL init: proxychains-ng 4.16
t/checkbox_group.t .......... ok
[proxychains] DLL init: proxychains-ng 4.16
ran, but produced warnings: /data/data/com.termux/files/usr/bin/perl -MCGI -e $r = CGI::param("game"); print $r game=chess&game=checkers&weather=dull
stderr is:
[proxychains] DLL init: proxychains-ng 4.16

stdout is:
chess
t/command_line.t ............ 
Dubious, test returned 255 (wstat 65280, 0xff00)
No subtests run 
[proxychains] DLL init: proxychains-ng 4.16
t/compiles_pod.t ............ ok
[proxychains] DLL init: proxychains-ng 4.16
t/cookie.t .................. ok
[proxychains] DLL init: proxychains-ng 4.16
t/delete.t .................. ok
[proxychains] DLL init: proxychains-ng 4.16
t/Dump.t .................... ok
[proxychains] DLL init: proxychains-ng 4.16
t/end_form.t ................ ok
[proxychains] DLL init: proxychains-ng 4.16
t/form.t .................... ok
[proxychains] DLL init: proxychains-ng 4.16
t/function.t ................ ok
[proxychains] DLL init: proxychains-ng 4.16
t/gh-155.t .................. ok
[proxychains] DLL init: proxychains-ng 4.16
t/headers.t ................. ok
[proxychains] DLL init: proxychains-ng 4.16
t/headers/attachment.t ...... ok
[proxychains] DLL init: proxychains-ng 4.16
t/headers/charset.t ......... ok
[proxychains] DLL init: proxychains-ng 4.16
t/headers/cookie.t .......... ok
[proxychains] DLL init: proxychains-ng 4.16
t/headers/default.t ......... ok
[proxychains] DLL init: proxychains-ng 4.16
t/headers/nph.t ............. ok
[proxychains] DLL init: proxychains-ng 4.16
t/headers/p3p.t ............. ok
[proxychains] DLL init: proxychains-ng 4.16
t/headers/target.t .......... ok
[proxychains] DLL init: proxychains-ng 4.16
t/headers/type.t ............ ok
[proxychains] DLL init: proxychains-ng 4.16
t/hidden.t .................. ok
[proxychains] DLL init: proxychains-ng 4.16
t/html.t .................... ok
[proxychains] DLL init: proxychains-ng 4.16
t/html_functions.t .......... ok
[proxychains] DLL init: proxychains-ng 4.16
t/http.t .................... ok
[proxychains] DLL init: proxychains-ng 4.16
t/init.t .................... ok
[proxychains] DLL init: proxychains-ng 4.16
t/multipart_globals.t ....... ok
[proxychains] DLL init: proxychains-ng 4.16
t/multipart_init.t .......... ok
[proxychains] DLL init: proxychains-ng 4.16
t/multipart_start.t ......... ok
[proxychains] DLL init: proxychains-ng 4.16
t/no_tabindex.t ............. ok
[proxychains] DLL init: proxychains-ng 4.16
t/param_fetch.t ............. ok
[proxychains] DLL init: proxychains-ng 4.16
t/param_list_context.t ...... ok
[proxychains] DLL init: proxychains-ng 4.16
t/popup_menu.t .............. ok
[proxychains] DLL init: proxychains-ng 4.16
t/postdata.t ................ ok
[proxychains] DLL init: proxychains-ng 4.16
CGI::Pretty is DEPRECATED and will be removed in a future release. Please see https://github.com/leejo/CGI.pm/issues/162 for more information at /data/data/com.termux/files/home/.cpanm/work/1685011542.9875/CGI-4.57/blib/lib/CGI/Pretty.pm line 20.
t/pretty.t .................. ok
[proxychains] DLL init: proxychains-ng 4.16
t/push.t .................... ok
[proxychains] DLL init: proxychains-ng 4.16
t/query_string.t ............ ok
[proxychains] DLL init: proxychains-ng 4.16
t/redirect_query_string.t ... ok
[proxychains] DLL init: proxychains-ng 4.16
t/request.t ................. ok
[proxychains] DLL init: proxychains-ng 4.16
t/rt-31107.t ................ ok
[proxychains] DLL init: proxychains-ng 4.16
t/rt-52469.t ................ ok
[proxychains] DLL init: proxychains-ng 4.16
t/rt-57524.t ................ ok
[proxychains] DLL init: proxychains-ng 4.16
t/rt-75628.t ................ ok
[proxychains] DLL init: proxychains-ng 4.16
t/rt-84767.t ................ ok
[proxychains] DLL init: proxychains-ng 4.16
t/save_read_roundtrip.t ..... ok
[proxychains] DLL init: proxychains-ng 4.16
t/sorted.t .................. ok
[proxychains] DLL init: proxychains-ng 4.16
t/start_end_asterisk.t ...... ok
[proxychains] DLL init: proxychains-ng 4.16
t/start_end_end.t ........... ok
[proxychains] DLL init: proxychains-ng 4.16
t/start_end_start.t ......... ok
[proxychains] DLL init: proxychains-ng 4.16
t/unescapeHTML.t ............ ok
[proxychains] DLL init: proxychains-ng 4.16
t/upload.t .................. ok
[proxychains] DLL init: proxychains-ng 4.16
t/upload_quoted_unquoted.t .. ok
[proxychains] DLL init: proxychains-ng 4.16
t/uploadInfo.t .............. ok
[proxychains] DLL init: proxychains-ng 4.16
t/url.t ..................... ok
[proxychains] DLL init: proxychains-ng 4.16
t/user_agent.t .............. ok
[proxychains] DLL init: proxychains-ng 4.16
t/utf8.t .................... ok
[proxychains] DLL init: proxychains-ng 4.16
t/util-58.t ................. ok
[proxychains] DLL init: proxychains-ng 4.16
t/util.t .................... ok

Test Summary Report
-------------------
t/command_line.t          (Wstat: 65280 (exited 255) Tests: 0 Failed: 0)
  Non-zero exit status: 255
  Parse errors: No plan found in TAP output
t/compiles_pod.t          (Wstat: 0 Tests: 18 Failed: 0)
  TODO passed:   3, 6
Files=64, Tests=1581, 78 wallclock secs ( 2.77 usr  0.37 sys + 71.15 cusr  4.53 csys = 78.82 CPU)
Result: FAIL

------------------------------
PREREQUISITES
------------------------------

Prerequisite modules loaded:

runtime:

    Module              Need     Have    
    ------------------- -------- --------
    Carp                0        1.52    
    Config              0        5.036000
    Encode              0        3.19    
    Exporter            0        5.77    
    File::Spec          0.82     3.84    
    File::Temp          0.17     0.2311  
    HTML::Entities      3.69     3.81    
    if                  0        0.0610  
    overload            0        1.35    
    parent              0.225    0.241   
    perl                5.008001 5.036000
    strict              0        1.12    
    utf8                0        1.24    
    warnings            0        1.58    

build:

    Module              Need     Have    
    ------------------- -------- --------
    ExtUtils::MakeMaker 0        7.64    

configure:

    Module              Need     Have    
    ------------------- -------- --------
    ExtUtils::MakeMaker 0        7.64    


------------------------------
ENVIRONMENT AND OTHER CONTEXT
------------------------------

Environment variables:

    CCFLAGS = -march=native -O3 -pipe -fno-plt -fexceptions -Wp,-D_FORTIFY_SOURCE=2 -Wformat -Werror=format-security
    LANG = en_US.UTF-8
    LDFLAGS = -Wl,-O1,--sort-common,--as-needed,-z,relro,-z,now
    PATH = /data/data/com.termux/files/usr/bin
    PERL_MM_OPT = OPTIMIZE="-march=native -O3 -pipe -fno-plt"
    PREFIX = /data/data/com.termux/files/usr
    SHELL = /data/data/com.termux/files/usr/bin/zsh
    TERM = xterm-256color
    TMPDIR = /data/data/com.termux/files/usr/tmp

Perl special variables (and OS-specific diagnostics, for MSWin32):

    EGID = 10230 3003 9997 50230
    EUID = 10230
    EXECUTABLE_NAME = /data/data/com.termux/files/usr/bin/perl
    GID = 10230 3003 9997 50230
    UID = 10230

Perl module toolchain versions installed:

    Module              Have    
    ------------------- --------
    CPAN                2.36    
    CPAN::Meta          2.150010
    Cwd                 3.84    
    ExtUtils::CBuilder  0.280236
    ExtUtils::Command   7.64    
    ExtUtils::Install   2.22    
    ExtUtils::MakeMaker 7.64    
    ExtUtils::Manifest  1.73    
    ExtUtils::ParseXS   3.45    
    File::Spec          3.84    
    JSON                4.10    
    JSON::PP            4.16    
    Module::Build       0.4232  
    Module::Signature   0.88    
    Parse::CPAN::Meta   2.150010
    Test::Harness       3.44    
    Test::More          1.302194
    YAML                n/a     
    YAML::Syck          n/a     
    version             0.9929  


--

Summary of my perl5 (revision 5 version 36 subversion 0) configuration:
   
  Platform:
    osname=android
    osvers=current
    archname=arm-android
    uname=''
    config_args='--target=arm-linux-androideabi --with-cc=arm-linux-androideabi-clang --with-ranlib=llvm-ranlib -Dosname=android -Dsysroot=-I/data/data/com.termux/files -Dprefix=/data/data/com.termux/files/usr -Dsh=/data/data/com.termux/files/usr/bin/sh -Dld=arm-linux-androideabi-clang -Wl,-rpath=/data/data/com.termux/files/usr/lib -Wl,--enable-new-dtags -Dar=llvm-ar -Duseshrplib -Duseithreads -Dusemultiplicity --keeplog --mode=target --target=arm-linux-androideabi --targetarch=arm-unknown-linux-androideabi'
    hint=default
    useposix=true
    d_sigaction=define
    useithreads=define
    usemultiplicity=define
    use64bitint=undef
    use64bitall=undef
    uselongdouble=undef
    usemymalloc=n
    default_inc_excludes_dot=define
  Compiler:
    cc='arm-linux-androideabi-clang'
    ccflags ='-I/data/data/com.termux/files/usr/include -D_LARGEFILE_SOURCE -D_FILE_OFFSET_BITS=64'
    optimize=''
    cppflags='-I/data/data/com.termux/files/usr/include'
    ccversion=''
    gccversion='0.0'
    gccosandvers=''
    intsize=4
    longsize=4
    ptrsize=4
    doublesize=8
    byteorder=1234
    doublekind=3
    d_longlong=define
    longlongsize=8
    d_longdbl=define
    longdblsize=8
    longdblkind=0
    ivtype='long'
    ivsize=4
    nvtype='double'
    nvsize=8
    Off_t='off_t'
    lseeksize=8
    alignbytes=8
    prototype=define
  Linker and Libraries:
    ld='arm-linux-androideabi-clang -Wl,-rpath=/data/data/com.termux/files/usr/lib -Wl,--enable-new-dtags'
    ldflags ='-I/data/data/com.termux/files/usr/include'
    libpth=/data/data/com.termux/files/usr/lib /data/data/com.termux/files/usr/local/lib
    libs=-lm -ldl
    perllibs=-lm -ldl
    libc=
    so=so
    useshrplib=true
    libperl=libperl.so
    gnulibc_version=''
  Dynamic Linking:
    dlsrc=dl_dlopen.xs
    dlext=so
    d_dlsymun=undef
    ccdlflags='-Wl,-E'
    cccdlflags='-fPIC -Wno-unused-function'
    lddlflags='-I/data/data/com.termux/files/usr/include -shared -I/data/data/com.termux/files/usr/include'


Characteristics of this binary (from libperl): 
  Compile-time options:
    HAS_TIMES
    MULTIPLICITY
    PERLIO_LAYERS
    PERL_COPY_ON_WRITE
    PERL_DONT_CREATE_GVSV
    PERL_MALLOC_WRAP
    PERL_OP_PARENT
    PERL_PRESERVE_IVUV
    USE_ITHREADS
    USE_LARGE_FILES
    USE_LOCALE
    USE_LOCALE_COLLATE
    USE_LOCALE_CTYPE
    USE_LOCALE_NUMERIC
    USE_LOCALE_TIME
    USE_PERLIO
    USE_PERL_ATOF
    USE_REENTRANT_API
    USE_THREAD_SAFE_LOCALE
  Built under android
  Compiled at Aug 15 2022 20:03:08
  %ENV:
    PERL_MM_OPT="OPTIMIZE="-march=native -O3 -pipe -fno-plt""
  @INC:
    /data/data/com.termux/files/usr/lib/perl5/site_perl/5.36.0/arm-android
    /data/data/com.termux/files/usr/lib/perl5/site_perl/5.36.0
    /data/data/com.termux/files/usr/lib/perl5/5.36.0/arm-android
    /data/data/com.termux/files/usr/lib/perl5/5.36.0