Back
From: metabase:user:320bfe00-2aae-11df-837a-5e0a49663a4f
Subject: FAIL POE-Component-Server-JSONRPC-0.04 v5.15.9 GNU/Linux
Date: 2012-04-07T23:38:23Z
This distribution has been tested as part of the CPAN Testers
project, supporting the Perl programming language. See
http://wiki.cpantesters.org/ for more information or email
questions to cpan-testers-discuss@perl.org
--
Dear Come BERNIGAUD,
This is a computer-generated report for POE-Component-Server-JSONRPC-0.04
on perl 5.15.9, created by CPAN-Reporter-1.2005.
Thank you for uploading your work to CPAN. However, there was a problem
testing your distribution.
If you think this report is invalid, please consult the CPAN Testers Wiki
for suggestions on how to avoid getting FAIL reports for missing library
or binary dependencies, unsupported operating systems, and so on:
http://wiki.cpantesters.org/wiki/CPANAuthorNotes
Sections of this report:
* Tester comments
* Program output
* Prerequisites
* Environment and other context
------------------------------
TESTER COMMENTS
------------------------------
Additional comments from tester:
this report is from an automated smoke testing program
and was not reviewed by a human for accuracy
------------------------------
PROGRAM OUTPUT
------------------------------
Output from '/usr/bin/make test':
PERL_DL_NONLAZY=1 /home/sand/src/perl/repoperls/installed-perls/perl/v5.15.9-56-g2e77690/165a/bin/perl "-MExtUtils::Command::MM" "-e" "test_harness(0, 'inc', 'blib/lib', 'blib/arch')" t/*.t
Can't locate POE/Component/Server/SimpleHTTP.pm in @INC (@INC contains: /tmp/loop_over_bdir-Nj3pN9/POE-Component-Server-JSONRPC-0.04-IwyOyI/inc /tmp/loop_over_bdir-Nj3pN9/POE-Component-Server-JSONRPC-0.04-IwyOyI/blib/lib /tmp/loop_over_bdir-Nj3pN9/POE-Component-Server-JSONRPC-0.04-IwyOyI/blib/arch /home/src/perl/repoperls/installed-perls/perl/v5.15.9-56-g2e77690/165a/lib/site_perl/5.15.9/x86_64-linux /home/src/perl/repoperls/installed-perls/perl/v5.15.9-56-g2e77690/165a/lib/site_perl/5.15.9 /home/src/perl/repoperls/installed-perls/perl/v5.15.9-56-g2e77690/165a/lib/5.15.9/x86_64-linux /home/src/perl/repoperls/installed-perls/perl/v5.15.9-56-g2e77690/165a/lib/5.15.9 .) at (eval 82) line 1.
BEGIN failed--compilation aborted at (eval 82) line 1.
# Failed test 'use POE::Component::Server::JSONRPC::Http;'
# at t/00_compile.t line 6.
# Tried to use 'POE::Component::Server::JSONRPC::Http'.
# Error: could not import qw(Component::Server::SimpleHTTP) at /tmp/loop_over_bdir-Nj3pN9/POE-Component-Server-JSONRPC-0.04-IwyOyI/blib/lib/POE/Component/Server/JSONRPC/Http.pm line 28.
# BEGIN failed--compilation aborted at t/00_compile.t line 6.
# Compilation failed in require at (eval 78) line 2.
# BEGIN failed--compilation aborted at (eval 78) line 2.
# Looks like you failed 1 test of 3.
t/00_compile.t ....
Dubious, test returned 1 (wstat 256, 0x100)
Failed 1/3 subtests
t/pod.t ........... ok
Can't locate POE/Component/Server/SimpleHTTP.pm in @INC (@INC contains: /tmp/loop_over_bdir-Nj3pN9/POE-Component-Server-JSONRPC-0.04-IwyOyI/inc /tmp/loop_over_bdir-Nj3pN9/POE-Component-Server-JSONRPC-0.04-IwyOyI/blib/lib /tmp/loop_over_bdir-Nj3pN9/POE-Component-Server-JSONRPC-0.04-IwyOyI/blib/arch /home/src/perl/repoperls/installed-perls/perl/v5.15.9-56-g2e77690/165a/lib/site_perl/5.15.9/x86_64-linux /home/src/perl/repoperls/installed-perls/perl/v5.15.9-56-g2e77690/165a/lib/site_perl/5.15.9 /home/src/perl/repoperls/installed-perls/perl/v5.15.9-56-g2e77690/165a/lib/5.15.9/x86_64-linux /home/src/perl/repoperls/installed-perls/perl/v5.15.9-56-g2e77690/165a/lib/5.15.9 .) at (eval 105) line 1.
BEGIN failed--compilation aborted at (eval 105) line 1.
t/pod_coverage.t .. ok
Test Summary Report
-------------------
t/00_compile.t (Wstat: 256 Tests: 3 Failed: 1)
Failed test: 2
Non-zero exit status: 1
Files=3, Tests=9, 1 wallclock secs ( 0.03 usr 0.01 sys + 0.25 cusr 0.04 csys = 0.33 CPU)
Result: FAIL
Failed 1/3 test programs. 1/9 subtests failed.
make: *** [test_dynamic] Error 255
------------------------------
PREREQUISITES
------------------------------
Prerequisite modules loaded:
requires:
Module Need Have
--------------------------- ---- -------
Class::Accessor::Fast 0 0.34
JSON::Any 0 1.29
POE 0 1.352
POE::Component::Server::TCP 0 1.352
POE::Filter::Line 0 1.352
Test::More 0 0.98
build_requires:
Module Need Have
--------------------------- ---- -------
ExtUtils::MakeMaker 0 6.63_02
------------------------------
ENVIRONMENT AND OTHER CONTEXT
------------------------------
Environment variables:
AUTOMATED_TESTING = 1
LANG = en_US.UTF-8
LANGUAGE = en_US:en
PATH = /home/sand/bin:/usr/local/bin:/usr/bin:/bin:/usr/bin/X11:/usr/games:/usr/local/perl/bin:/usr/X11/bin:/sbin:/usr/sbin
PERL5LIB =
PERL5OPT =
PERL5_CPANPLUS_IS_RUNNING = 12334
PERL5_CPAN_IS_RUNNING = 12334
PERL_MM_USE_DEFAULT = 1
SHELL = /usr/bin/zsh
TERM = screen
Perl special variables (and OS-specific diagnostics, for MSWin32):
$^X = /home/sand/src/perl/repoperls/installed-perls/perl/v5.15.9-56-g2e77690/165a/bin/perl
$UID/$EUID = 1005 / 1005
$GID = 1005 123 1005
$EGID = 1005 123 1005
Perl module toolchain versions installed:
Module Have
------------------- --------
CPAN 1.9800
CPAN::Meta 2.120630
Cwd 3.39_02
ExtUtils::CBuilder 0.280206
ExtUtils::Command 1.17
ExtUtils::Install 1.58
ExtUtils::MakeMaker 6.63_02
ExtUtils::Manifest 1.61
ExtUtils::ParseXS 3.16
File::Spec 3.39_02
JSON 2.53
JSON::PP 2.27200
Module::Build 0.40
Module::Signature 0.68
Parse::CPAN::Meta 1.4404
Test::Harness 3.23
Test::More 0.98
YAML 0.80
YAML::Syck 1.20
version 0.96
--
Summary of my perl5 (revision 5 version 15 subversion 9) configuration:
Commit id: 2e7769021bc2a280a4de2b75287a35f775694e1b
Platform:
osname=linux, osvers=3.2.0-2-amd64, archname=x86_64-linux
uname='linux k83 3.2.0-2-amd64 #1 smp tue mar 13 16:54:04 utc 2012 x86_64 gnulinux '
config_args='-Dprefix=/home/src/perl/repoperls/installed-perls/perl/v5.15.9-56-g2e77690/165a -Dmyhostname=k83 -Dinstallusrbinperl=n -Uversiononly -Dusedevel -des -Ui_db -Uuseithreads -Uuselongdouble -DDEBUGGING=-g'
hint=recommended, useposix=true, d_sigaction=define
useithreads=undef, usemultiplicity=undef
useperlio=define, d_sfio=undef, uselargefiles=define, usesocks=undef
use64bitint=define, use64bitall=define, uselongdouble=undef
usemymalloc=n, bincompat5005=undef
Compiler:
cc='cc', ccflags ='-fno-strict-aliasing -pipe -fstack-protector -I/usr/local/include -D_LARGEFILE_SOURCE -D_FILE_OFFSET_BITS=64',
optimize='-O2 -g',
cppflags='-fno-strict-aliasing -pipe -fstack-protector -I/usr/local/include'
ccversion='', gccversion='4.6.3', gccosandvers=''
intsize=4, longsize=8, ptrsize=8, doublesize=8, byteorder=12345678
d_longlong=define, longlongsize=8, d_longdbl=define, longdblsize=16
ivtype='long', ivsize=8, nvtype='double', nvsize=8, Off_t='off_t', lseeksize=8
alignbytes=8, prototype=define
Linker and Libraries:
ld='cc', ldflags =' -fstack-protector -L/usr/local/lib'
libpth=/usr/local/lib /lib/x86_64-linux-gnu /lib/../lib /usr/lib/x86_64-linux-gnu /usr/lib/../lib /lib /usr/lib
libs=-lnsl -ldb -ldl -lm -lcrypt -lutil -lc
perllibs=-lnsl -ldl -lm -lcrypt -lutil -lc
libc=, so=so, useshrplib=false, libperl=libperl.a
gnulibc_version='2.13'
Dynamic Linking:
dlsrc=dl_dlopen.xs, dlext=so, d_dlsymun=undef, ccdlflags='-Wl,-E'
cccdlflags='-fPIC', lddlflags='-shared -O2 -g -L/usr/local/lib -fstack-protector'
Characteristics of this binary (from libperl):
Compile-time options: HAS_TIMES PERLIO_LAYERS PERL_DONT_CREATE_GVSV
PERL_MALLOC_WRAP PERL_PRESERVE_IVUV PERL_USE_DEVEL
USE_64_BIT_ALL USE_64_BIT_INT USE_LARGE_FILES
USE_LOCALE USE_LOCALE_COLLATE USE_LOCALE_CTYPE
USE_LOCALE_NUMERIC USE_PERLIO USE_PERL_ATOF
Built under linux
Compiled at Mar 31 2012 11:31:23
%ENV:
PERL5LIB=""
PERL5OPT=""
PERL5_CPANPLUS_IS_RUNNING="12334"
PERL5_CPAN_IS_RUNNING="12334"
PERL_MM_USE_DEFAULT="1"
@INC:
/home/src/perl/repoperls/installed-perls/perl/v5.15.9-56-g2e77690/165a/lib/site_perl/5.15.9/x86_64-linux
/home/src/perl/repoperls/installed-perls/perl/v5.15.9-56-g2e77690/165a/lib/site_perl/5.15.9
/home/src/perl/repoperls/installed-perls/perl/v5.15.9-56-g2e77690/165a/lib/5.15.9/x86_64-linux
/home/src/perl/repoperls/installed-perls/perl/v5.15.9-56-g2e77690/165a/lib/5.15.9
.