Back
From: metabase:user:9820532a-708b-1014-9a05-b18a96298da1
Subject: FAIL CPAN-IndexPod-0.25 v5.14.2 GNU/Linux
Date: 2011-11-16T14:25:02Z
This distribution has been tested as part of the CPAN Testers
project, supporting the Perl programming language. See
http://wiki.cpantesters.org/ for more information or email
questions to cpan-testers-discuss@perl.org
--
Dear Leon Brocard,
This is a computer-generated report for CPAN-IndexPod-0.25
on perl 5.14.2, created by CPAN-Reporter-1.2002.
Thank you for uploading your work to CPAN. However, there was a problem
testing your distribution.
If you think this report is invalid, please consult the CPAN Testers Wiki
for suggestions on how to avoid getting FAIL reports for missing library
or binary dependencies, unsupported operating systems, and so on:
http://wiki.cpantesters.org/wiki/CPANAuthorNotes
Sections of this report:
* Tester comments
* Program output
* Prerequisites
* Environment and other context
------------------------------
TESTER COMMENTS
------------------------------
Additional comments from tester:
this report is from an automated smoke testing program
and was not reviewed by a human for accuracy
------------------------------
PROGRAM OUTPUT
------------------------------
Output from '/usr/bin/make test':
PERL_DL_NONLAZY=1 /home/test/perl5/perlbrew/perls/perl-5.14.2/bin/perl5.14.2 "-MExtUtils::Command::MM" "-e" "test_harness(0, 'blib/lib', 'blib/arch')" t/*.t
t/pod.t ........... ok
t/pod_coverage.t .. ok
# Failed test 'use CPAN::IndexPod;'
# at t/simple.t line 8.
# Tried to use 'CPAN::IndexPod'.
# Error: KinoSearch::InvIndexer has been replaced by KinoSearch::Index::Indexer. at /home/test/perl5/perlbrew/perls/perl-5.14.2/lib/site_perl/5.14.2/x86_64-linux/KinoSearch/InvIndexer.pm line 3
# require KinoSearch/InvIndexer.pm called at lib/CPAN/IndexPod.pm line 6
# CPAN::IndexPod::BEGIN() called at /home/test/perl5/perlbrew/perls/perl-5.14.2/lib/site_perl/5.14.2/x86_64-linux/KinoSearch/InvIndexer.pm line 0
# eval {...} called at /home/test/perl5/perlbrew/perls/perl-5.14.2/lib/site_perl/5.14.2/x86_64-linux/KinoSearch/InvIndexer.pm line 0
# require CPAN/IndexPod.pm called at (eval 8) line 2
# main::BEGIN() called at /home/test/perl5/perlbrew/perls/perl-5.14.2/lib/site_perl/5.14.2/x86_64-linux/KinoSearch/InvIndexer.pm line 0
# eval {...} called at /home/test/perl5/perlbrew/perls/perl-5.14.2/lib/site_perl/5.14.2/x86_64-linux/KinoSearch/InvIndexer.pm line 0
# eval 'package main;
# use CPAN::IndexPod @{$args[0]};
# 1;
#
# ;' called at /home/test/perl5/perlbrew/perls/perl-5.14.2/lib/5.14.2/Test/More.pm line 885
# Test::More::_eval('package main;\x{a}use CPAN::IndexPod @{$args[0]};\x{a}1;\x{a}', 'ARRAY(0x2221008)') called at /home/test/perl5/perlbrew/perls/perl-5.14.2/lib/5.14.2/Test/More.pm line 860
# Test::More::use_ok('CPAN::IndexPod') called at t/simple.t line 8
# Compilation failed in require at lib/CPAN/IndexPod.pm line 6.
# BEGIN failed--compilation aborted at lib/CPAN/IndexPod.pm line 6.
# Compilation failed in require at (eval 8) line 2.
# BEGIN failed--compilation aborted at (eval 8) line 2.
Can't locate object method "new" via package "CPAN::IndexPod" at t/simple.t line 16.
# Looks like you planned 12 tests but ran 2.
# Looks like you failed 1 test of 2 run.
# Looks like your test exited with 2 just after 2.
t/simple.t ........
Dubious, test returned 2 (wstat 512, 0x200)
Failed 11/12 subtests
Test Summary Report
-------------------
t/simple.t (Wstat: 512 Tests: 2 Failed: 1)
Failed test: 1
Non-zero exit status: 2
Parse errors: Bad plan. You planned 12 tests but ran 2.
Files=3, Tests=4, 1 wallclock secs ( 0.05 usr 0.00 sys + 0.28 cusr 0.05 csys = 0.38 CPU)
Result: FAIL
Failed 1/3 test programs. 1/4 subtests failed.
make: *** [test_dynamic] Error 2
------------------------------
PREREQUISITES
------------------------------
Prerequisite modules loaded:
requires:
Module Need Have
------------------------ ---- -------
Class::Accessor::Chained 0 0.01
File::Find::Rule 0 0.33
KinoSearch 0 0.313
Pod::Simple 0 3.19
Test::More 0 0.98
build_requires:
Module Need Have
------------------------ ---- -------
ExtUtils::MakeMaker 0 6.63_02
------------------------------
ENVIRONMENT AND OTHER CONTEXT
------------------------------
Environment variables:
AUTOMATED_TESTING = 1
LANG = C
LC_ALL = C
PATH = /home/test/perl5/perlbrew/bin:/home/test/perl5/perlbrew/perls/perl-5.14.2/bin:/home/test/bin:~/bin:/usr/bin:/bin
PATH_WITHOUT_PERLBREW = /home/test/bin:~/bin:/usr/bin:/bin
PERL5LIB =
PERL5OPT =
PERL5_CPANPLUS_IS_RUNNING = 31704
PERL5_CPAN_IS_RUNNING = 31704
PERL5_CPAN_IS_RUNNING_IN_RECURSION = 21511,31704
PERLBREW_BASHRC_VERSION = 0.32
PERLBREW_HOME = /home/test/.perlbrew
PERLBREW_PATH = /home/test/perl5/perlbrew/bin:/home/test/perl5/perlbrew/perls/perl-5.14.2/bin
PERLBREW_PERL = perl-5.14.2
PERLBREW_ROOT = /home/test/perl5/perlbrew
PERLBREW_VERSION = 0.32
PERL_CPANM_OPT = --prompt --mirror file:///mirrors/cpan/
PERL_CR_SMOKER_CURRENT = CPAN-IndexPod-0.25
PERL_EXTUTILS_AUTOINSTALL = --defaultdeps
PERL_MM_USE_DEFAULT = 1
SHELL = /bin/bash
TERM = linux
Perl special variables (and OS-specific diagnostics, for MSWin32):
$^X = /home/test/perl5/perlbrew/perls/perl-5.14.2/bin/perl5.14.2
$UID/$EUID = 1001 / 1001
$GID = 1001 1001
$EGID = 1001 1001
Perl module toolchain versions installed:
Module Have
------------------- --------
CPAN 1.9800
CPAN::Meta 2.112621
Cwd 3.33
ExtUtils::CBuilder 0.280202
ExtUtils::Command 1.17
ExtUtils::Install 1.52
ExtUtils::MakeMaker 6.63_02
ExtUtils::Manifest 1.60
ExtUtils::ParseXS 3.05
File::Spec 3.33
JSON 2.27
JSON::PP 2.27008
Module::Build 0.3800
Module::Signature n/a
Parse::CPAN::Meta 1.4401
Test::Harness 3.23
Test::More 0.98
YAML 0.73
YAML::Syck 1.19
version 0.95
--
Summary of my perl5 (revision 5 version 14 subversion 2) configuration:
Platform:
osname=linux, osvers=2.6.35-28-generic, archname=x86_64-linux
uname='linux zippy 2.6.35-28-generic #50-ubuntu smp fri mar 18 18:42:20 utc 2011 x86_64 gnulinux '
config_args='-de -Dprefix=/home/test/perl5/perlbrew/perls/perl-5.14.2'
hint=recommended, useposix=true, d_sigaction=define
useithreads=undef, usemultiplicity=undef
useperlio=define, d_sfio=undef, uselargefiles=define, usesocks=undef
use64bitint=define, use64bitall=define, uselongdouble=undef
usemymalloc=n, bincompat5005=undef
Compiler:
cc='cc', ccflags ='-fno-strict-aliasing -pipe -fstack-protector -I/usr/local/include -D_LARGEFILE_SOURCE -D_FILE_OFFSET_BITS=64',
optimize='-O2',
cppflags='-fno-strict-aliasing -pipe -fstack-protector -I/usr/local/include'
ccversion='', gccversion='4.4.5', gccosandvers=''
intsize=4, longsize=8, ptrsize=8, doublesize=8, byteorder=12345678
d_longlong=define, longlongsize=8, d_longdbl=define, longdblsize=16
ivtype='long', ivsize=8, nvtype='double', nvsize=8, Off_t='off_t', lseeksize=8
alignbytes=8, prototype=define
Linker and Libraries:
ld='cc', ldflags =' -fstack-protector -L/usr/local/lib'
libpth=/usr/local/lib /lib/../lib /usr/lib/../lib /lib /usr/lib /usr/lib/x86_64-linux-gnu /lib64 /usr/lib64
libs=-lnsl -ldl -lm -lcrypt -lutil -lc
perllibs=-lnsl -ldl -lm -lcrypt -lutil -lc
libc=/lib/libc-2.12.1.so, so=so, useshrplib=false, libperl=libperl.a
gnulibc_version='2.12.1'
Dynamic Linking:
dlsrc=dl_dlopen.xs, dlext=so, d_dlsymun=undef, ccdlflags='-Wl,-E'
cccdlflags='-fPIC', lddlflags='-shared -O2 -L/usr/local/lib -fstack-protector'
Characteristics of this binary (from libperl):
Compile-time options: PERL_DONT_CREATE_GVSV PERL_MALLOC_WRAP
PERL_PRESERVE_IVUV USE_64_BIT_ALL USE_64_BIT_INT
USE_LARGE_FILES USE_PERLIO USE_PERL_ATOF
Built under linux
Compiled at Nov 13 2011 01:10:44
%ENV:
PERL5LIB=""
PERL5OPT=""
PERL5_CPANPLUS_IS_RUNNING="31704"
PERL5_CPAN_IS_RUNNING="31704"
PERL5_CPAN_IS_RUNNING_IN_RECURSION="21511,31704"
PERLBREW_BASHRC_VERSION="0.32"
PERLBREW_HOME="/home/test/.perlbrew"
PERLBREW_PATH="/home/test/perl5/perlbrew/bin:/home/test/perl5/perlbrew/perls/perl-5.14.2/bin"
PERLBREW_PERL="perl-5.14.2"
PERLBREW_ROOT="/home/test/perl5/perlbrew"
PERLBREW_VERSION="0.32"
PERL_CPANM_OPT="--prompt --mirror file:///mirrors/cpan/"
PERL_CR_SMOKER_CURRENT="CPAN-IndexPod-0.25"
PERL_EXTUTILS_AUTOINSTALL="--defaultdeps"
PERL_MM_USE_DEFAULT="1"
@INC:
/home/test/perl5/perlbrew/perls/perl-5.14.2/lib/site_perl/5.14.2/x86_64-linux
/home/test/perl5/perlbrew/perls/perl-5.14.2/lib/site_perl/5.14.2
/home/test/perl5/perlbrew/perls/perl-5.14.2/lib/5.14.2/x86_64-linux
/home/test/perl5/perlbrew/perls/perl-5.14.2/lib/5.14.2
.