Tkx v1.09 Perl 5 v5.24.1 x86_64-linux

Status
Fail
From
Slaven Rezić (SREZIC)
Dist
Tkx v1.09
Platform
Perl 5 v5.24.1 x86_64-linux
Date
2019-04-29 02:16:21
ID
c7f6836c-6a24-11e9-86f9-b6401f24ea8f
This distribution has been tested as part of the CPAN Testers
project, supporting the Perl programming language.  See
http://wiki.cpantesters.org/ for more information or email
questions to cpan-testers-discuss@perl.org


--
Dear Gisle Aas,

This is a computer-generated report for Tkx-1.09
on perl 5.24.1, created by CPAN-Reporter-1.2018.

Thank you for uploading your work to CPAN.  However, there was a problem
testing your distribution.

If you think this report is invalid, please consult the CPAN Testers Wiki
for suggestions on how to avoid getting FAIL reports for missing library
or binary dependencies, unsupported operating systems, and so on:

http://wiki.cpantesters.org/wiki/CPANAuthorNotes

Sections of this report:

    * Tester comments
    * Program output
    * Prerequisites
    * Environment and other context

------------------------------
TESTER COMMENTS
------------------------------

Additional comments from tester:

none provided

------------------------------
PROGRAM OUTPUT
------------------------------

Output from '/usr/bin/make test':

PERL_DL_NONLAZY=1 "/opt/perl-5.24.1d/bin/perl" "-MExtUtils::Command::MM" "-MTest::Harness" "-e" "undef *Test::Harness::Switches; test_harness(0, 'blib/lib', 'blib/arch')" t/*.t
Tcl error 'no display name and no $DISPLAY environment variable at /home/cpansand/.cpan/build/2019042902/Tcl-1.27-KRUZT9/blib/lib/Tcl.pm line 817.
' while invoking scalar result call:
	"package require Tk" at t/LabEntry.t line 8.
Compilation failed in require at t/LabEntry.t line 8.
BEGIN failed--compilation aborted at t/LabEntry.t line 8.
t/LabEntry.t ...... 
Dubious, test returned 2 (wstat 512, 0x200)
No subtests run 
Tcl error 'no display name and no $DISPLAY environment variable at /home/cpansand/.cpan/build/2019042902/Tcl-1.27-KRUZT9/blib/lib/Tcl.pm line 817.
' while invoking scalar result call:
	"package require Tk" at t/mega-config.t line 8.
Compilation failed in require at t/mega-config.t line 8.
BEGIN failed--compilation aborted at t/mega-config.t line 8.
t/mega-config.t ... 
Dubious, test returned 2 (wstat 512, 0x200)
No subtests run 
Tcl error 'no display name and no $DISPLAY environment variable at /home/cpansand/.cpan/build/2019042902/Tcl-1.27-KRUZT9/blib/lib/Tcl.pm line 817.
' while invoking scalar result call:
	"package require Tk" at t/mega.t line 8.
Compilation failed in require at t/mega.t line 8.
BEGIN failed--compilation aborted at t/mega.t line 8.
t/mega.t .......... 
Dubious, test returned 2 (wstat 512, 0x200)
No subtests run 
Tcl error 'no display name and no $DISPLAY environment variable at /home/cpansand/.cpan/build/2019042902/Tcl-1.27-KRUZT9/blib/lib/Tcl.pm line 817.
' while invoking scalar result call:
	"package require Tk" at t/nul-char.t line 15.
Compilation failed in require at t/nul-char.t line 15.
BEGIN failed--compilation aborted at t/nul-char.t line 15.
t/nul-char.t ...... 
Dubious, test returned 2 (wstat 512, 0x200)
No subtests run 
Tcl error 'no display name and no $DISPLAY environment variable at /home/cpansand/.cpan/build/2019042902/Tcl-1.27-KRUZT9/blib/lib/Tcl.pm line 817.
' while invoking scalar result call:
	"package require Tk" at t/tcl-callback.t line 8.
Compilation failed in require at t/tcl-callback.t line 8.
BEGIN failed--compilation aborted at t/tcl-callback.t line 8.
t/tcl-callback.t .. 
Dubious, test returned 2 (wstat 512, 0x200)
No subtests run 
Tcl error 'no display name and no $DISPLAY environment variable at /home/cpansand/.cpan/build/2019042902/Tcl-1.27-KRUZT9/blib/lib/Tcl.pm line 817.
' while invoking scalar result call:
	"package require Tk" at t/tcl.t line 8.
Compilation failed in require at t/tcl.t line 8.
BEGIN failed--compilation aborted at t/tcl.t line 8.
t/tcl.t ........... 
Dubious, test returned 2 (wstat 512, 0x200)
No subtests run 
Tcl error 'no display name and no $DISPLAY environment variable at /home/cpansand/.cpan/build/2019042902/Tcl-1.27-KRUZT9/blib/lib/Tcl.pm line 817.
' while invoking scalar result call:
	"package require Tk" at t/tk.t line 8.
Compilation failed in require at t/tk.t line 8.
BEGIN failed--compilation aborted at t/tk.t line 8.
t/tk.t ............ 
Dubious, test returned 2 (wstat 512, 0x200)
No subtests run 
Tcl error 'no display name and no $DISPLAY environment variable at /home/cpansand/.cpan/build/2019042902/Tcl-1.27-KRUZT9/blib/lib/Tcl.pm line 817.
' while invoking scalar result call:
	"package require Tk" at t/utf8.t line 15.
Compilation failed in require at t/utf8.t line 15.
BEGIN failed--compilation aborted at t/utf8.t line 15.
t/utf8.t .......... 
Dubious, test returned 2 (wstat 512, 0x200)
No subtests run 

Test Summary Report
-------------------
t/LabEntry.t    (Wstat: 512 Tests: 0 Failed: 0)
  Non-zero exit status: 2
  Parse errors: No plan found in TAP output
t/mega-config.t (Wstat: 512 Tests: 0 Failed: 0)
  Non-zero exit status: 2
  Parse errors: No plan found in TAP output
t/mega.t        (Wstat: 512 Tests: 0 Failed: 0)
  Non-zero exit status: 2
  Parse errors: No plan found in TAP output
t/nul-char.t    (Wstat: 512 Tests: 0 Failed: 0)
  Non-zero exit status: 2
  Parse errors: No plan found in TAP output
t/tcl-callback.t (Wstat: 512 Tests: 0 Failed: 0)
  Non-zero exit status: 2
  Parse errors: No plan found in TAP output
t/tcl.t         (Wstat: 512 Tests: 0 Failed: 0)
  Non-zero exit status: 2
  Parse errors: No plan found in TAP output
t/tk.t          (Wstat: 512 Tests: 0 Failed: 0)
  Non-zero exit status: 2
  Parse errors: No plan found in TAP output
t/utf8.t        (Wstat: 512 Tests: 0 Failed: 0)
  Non-zero exit status: 2
  Parse errors: No plan found in TAP output
Files=8, Tests=0,  1 wallclock secs ( 0.03 usr  0.03 sys +  0.23 cusr  0.11 csys =  0.40 CPU)
Result: FAIL
Failed 8/8 test programs. 0/0 subtests failed.
Makefile:893: recipe for target 'test_dynamic' failed
make: *** [test_dynamic] Error 2

------------------------------
PREREQUISITES
------------------------------

Prerequisite modules loaded:

requires:

    Module              Need  Have    
    ------------------- ----- --------
    perl                5.008 5.024001
    Tcl                 1     1.27    

build_requires:

    Module              Need  Have    
    ------------------- ----- --------
    ExtUtils::MakeMaker 0     7.10_02 

configure_requires:

    Module              Need  Have    
    ------------------- ----- --------
    ExtUtils::MakeMaker 0     7.10_02 


------------------------------
ENVIRONMENT AND OTHER CONTEXT
------------------------------

Environment variables:

    LANG = de_DE.UTF-8
    PATH = /usr/local/bin:/usr/bin:/bin:/usr/local/sbin:/usr/sbin:/sbin:/home/cpansand/bin/linux-gnu:/home/cpansand/bin/sh:/home/cpansand/bin:/usr/games:/home/cpansand/devel:/home/eserte/src/srezic-misc/scripts
    PERL5LIB = /home/cpansand/.cpan/build/2019042902/Tcl-1.27-KRUZT9/blib/arch:/home/cpansand/.cpan/build/2019042902/Tcl-1.27-KRUZT9/blib/lib:/home/cpansand/.cpan/build/2019042902/Modern-PBP-Perl-1.240-zuOFfh/blib/arch:/home/cpansand/.cpan/build/2019042902/Modern-PBP-Perl-1.240-zuOFfh/blib/lib:/home/cpansand/.cpan/build/2019042902/Perl-Version-1.013-TjYE8C/blib/arch:/home/cpansand/.cpan/build/2019042902/Perl-Version-1.013-TjYE8C/blib/lib:/home/cpansand/.cpan/build/2019042902/File-Slurp-Tiny-0.004-f_0W9U/blib/arch:/home/cpansand/.cpan/build/2019042902/File-Slurp-Tiny-0.004-f_0W9U/blib/lib:/home/cpansand/.cpan/build/2019042902/Test-Pod-1.52-a_v_g9/blib/arch:/home/cpansand/.cpan/build/2019042902/Test-Pod-1.52-a_v_g9/blib/lib:/home/cpansand/.cpan/build/2019042902/Test-Pod-Coverage-1.10-b0cvXP/blib/arch:/home/cpansand/.cpan/build/2019042902/Test-Pod-Coverage-1.10-b0cvXP/blib/lib:/home/cpansand/.cpan/build/2019042902/Pod-Coverage-0.23-3ZjahB/blib/arch:/home/cpansand/.cpan/build/2019042902/Pod-Coverage-0.23-3ZjahB/blib/lib:/home/cpansand/.cpan/build/2019042902/Devel-Symdump-2.18-gF5UOu/blib/arch:/home/cpansand/.cpan/build/2019042902/Devel-Symdump-2.18-gF5UOu/blib/lib
    PERL5OPT = 
    PERL5_CPANPLUS_IS_RUNNING = 6168
    PERL5_CPAN_IS_RUNNING = 6168
    PERL5_CPAN_IS_RUNNING_IN_RECURSION = 32499,6168
    PERLDOC = -MPod::Perldoc::ToTextOverstrike
    PERL_BATCH = yes
    PERL_CANARY_STABILITY_NOPROMPT = 1
    PERL_CPAN_REPORTER_CONFIG = /var/tmp/cpansmoker-1023/2019042902/cpanreporter_000_config.ini
    PERL_EXTUTILS_AUTOINSTALL = --defaultdeps
    SHELL = /usr/bin/zsh
    TERM = screen
    TMPDIR = /var/tmp/cpansmoker-1023/2019042902

Perl special variables (and OS-specific diagnostics, for MSWin32):

    $^X = /opt/perl-5.24.1d/bin/perl
    $UID/$EUID = 1023 / 1023
    $GID = 1023 1023
    $EGID = 1023 1023

Perl module toolchain versions installed:

    Module              Have      
    ------------------- ----------
    CPAN                2.11_01   
    CPAN::Meta          2.150005  
    Cwd                 3.63_01   
    ExtUtils::CBuilder  0.280225  
    ExtUtils::Command   7.10_02   
    ExtUtils::Install   2.04      
    ExtUtils::MakeMaker 7.10_02   
    ExtUtils::Manifest  1.70      
    ExtUtils::ParseXS   3.31      
    File::Spec          3.63_01   
    JSON                4.02      
    JSON::PP            2.27300_01
    Module::Build       0.4224    
    Module::Signature   n/a       
    Parse::CPAN::Meta   1.4417_001
    Test::Harness       3.36_01   
    Test::More          1.302162  
    YAML                1.27      
    YAML::Syck          1.31      
    version             0.9924    


--

Summary of my perl5 (revision 5 version 24 subversion 1) configuration:
   
  Platform:
    osname=linux, osvers=4.4.0-142-generic, archname=x86_64-linux
    uname='linux ubuntu16 4.4.0-142-generic #168-ubuntu smp wed jan 16 21:00:45 utc 2019 x86_64 x86_64 x86_64 gnulinux '
    config_args='-ds -e -Dprefix=/opt/perl-5.24.1d -DDEBUGGING -Dcf_email=srezic@cpan.org'
    hint=recommended, useposix=true, d_sigaction=define
    useithreads=undef, usemultiplicity=undef
    use64bitint=define, use64bitall=define, uselongdouble=undef
    usemymalloc=n, bincompat5005=undef
  Compiler:
    cc='cc', ccflags ='-fwrapv -DDEBUGGING -fno-strict-aliasing -pipe -fstack-protector-strong -I/usr/local/include -D_LARGEFILE_SOURCE -D_FILE_OFFSET_BITS=64',
    optimize='-O2 -g',
    cppflags='-fwrapv -DDEBUGGING -fno-strict-aliasing -pipe -fstack-protector-strong -I/usr/local/include'
    ccversion='', gccversion='5.4.0 20160609', gccosandvers=''
    intsize=4, longsize=8, ptrsize=8, doublesize=8, byteorder=12345678, doublekind=3
    d_longlong=define, longlongsize=8, d_longdbl=define, longdblsize=16, longdblkind=3
    ivtype='long', ivsize=8, nvtype='double', nvsize=8, Off_t='off_t', lseeksize=8
    alignbytes=8, prototype=define
  Linker and Libraries:
    ld='cc', ldflags =' -fstack-protector-strong -L/usr/local/lib'
    libpth=/usr/local/lib /usr/lib/gcc/x86_64-linux-gnu/5/include-fixed /usr/include/x86_64-linux-gnu /usr/lib /lib/x86_64-linux-gnu /lib/../lib /usr/lib/x86_64-linux-gnu /usr/lib/../lib /lib
    libs=-lpthread -lnsl -lgdbm -ldb -ldl -lm -lcrypt -lutil -lc -lgdbm_compat
    perllibs=-lpthread -lnsl -ldl -lm -lcrypt -lutil -lc
    libc=libc-2.23.so, so=so, useshrplib=false, libperl=libperl.a
    gnulibc_version='2.23'
  Dynamic Linking:
    dlsrc=dl_dlopen.xs, dlext=so, d_dlsymun=undef, ccdlflags='-Wl,-E'
    cccdlflags='-fPIC', lddlflags='-shared -O2 -g -L/usr/local/lib -fstack-protector-strong'


Characteristics of this binary (from libperl): 
  Compile-time options: DEBUGGING HAS_TIMES PERLIO_LAYERS PERL_COPY_ON_WRITE
                        PERL_DONT_CREATE_GVSV
                        PERL_HASH_FUNC_ONE_AT_A_TIME_HARD PERL_MALLOC_WRAP
                        PERL_PRESERVE_IVUV USE_64_BIT_ALL USE_64_BIT_INT
                        USE_LARGE_FILES USE_LOCALE USE_LOCALE_COLLATE
                        USE_LOCALE_CTYPE USE_LOCALE_NUMERIC USE_LOCALE_TIME
                        USE_PERLIO USE_PERL_ATOF
  Built under linux
  Compiled at Mar 24 2019 21:39:05
  %ENV:
    PERL5LIB="/home/cpansand/.cpan/build/2019042902/Tcl-1.27-KRUZT9/blib/arch:/home/cpansand/.cpan/build/2019042902/Tcl-1.27-KRUZT9/blib/lib:/home/cpansand/.cpan/build/2019042902/Modern-PBP-Perl-1.240-zuOFfh/blib/arch:/home/cpansand/.cpan/build/2019042902/Modern-PBP-Perl-1.240-zuOFfh/blib/lib:/home/cpansand/.cpan/build/2019042902/Perl-Version-1.013-TjYE8C/blib/arch:/home/cpansand/.cpan/build/2019042902/Perl-Version-1.013-TjYE8C/blib/lib:/home/cpansand/.cpan/build/2019042902/File-Slurp-Tiny-0.004-f_0W9U/blib/arch:/home/cpansand/.cpan/build/2019042902/File-Slurp-Tiny-0.004-f_0W9U/blib/lib:/home/cpansand/.cpan/build/2019042902/Test-Pod-1.52-a_v_g9/blib/arch:/home/cpansand/.cpan/build/2019042902/Test-Pod-1.52-a_v_g9/blib/lib:/home/cpansand/.cpan/build/2019042902/Test-Pod-Coverage-1.10-b0cvXP/blib/arch:/home/cpansand/.cpan/build/2019042902/Test-Pod-Coverage-1.10-b0cvXP/blib/lib:/home/cpansand/.cpan/build/2019042902/Pod-Coverage-0.23-3ZjahB/blib/arch:/home/cpansand/.cpan/build/2019042902/Pod-Coverage-0.23-3ZjahB/blib/lib:/home/cpansand/.cpan/build/2019042902/Devel-Symdump-2.18-gF5UOu/blib/arch:/home/cpansand/.cpan/build/2019042902/Devel-Symdump-2.18-gF5UOu/blib/lib"
    PERL5OPT=""
    PERL5_CPANPLUS_IS_RUNNING="6168"
    PERL5_CPAN_IS_RUNNING="6168"
    PERL5_CPAN_IS_RUNNING_IN_RECURSION="32499,6168"
    PERLDOC="-MPod::Perldoc::ToTextOverstrike"
    PERL_BATCH="yes"
    PERL_CANARY_STABILITY_NOPROMPT="1"
    PERL_CPAN_REPORTER_CONFIG="/var/tmp/cpansmoker-1023/2019042902/cpanreporter_000_config.ini"
    PERL_EXTUTILS_AUTOINSTALL="--defaultdeps"
  @INC:
    /home/cpansand/.cpan/build/2019042902/Tcl-1.27-KRUZT9/blib/arch
    /home/cpansand/.cpan/build/2019042902/Tcl-1.27-KRUZT9/blib/lib
    /home/cpansand/.cpan/build/2019042902/Modern-PBP-Perl-1.240-zuOFfh/blib/arch
    /home/cpansand/.cpan/build/2019042902/Modern-PBP-Perl-1.240-zuOFfh/blib/lib
    /home/cpansand/.cpan/build/2019042902/Perl-Version-1.013-TjYE8C/blib/arch
    /home/cpansand/.cpan/build/2019042902/Perl-Version-1.013-TjYE8C/blib/lib
    /home/cpansand/.cpan/build/2019042902/File-Slurp-Tiny-0.004-f_0W9U/blib/arch
    /home/cpansand/.cpan/build/2019042902/File-Slurp-Tiny-0.004-f_0W9U/blib/lib
    /home/cpansand/.cpan/build/2019042902/Test-Pod-1.52-a_v_g9/blib/arch
    /home/cpansand/.cpan/build/2019042902/Test-Pod-1.52-a_v_g9/blib/lib
    /home/cpansand/.cpan/build/2019042902/Test-Pod-Coverage-1.10-b0cvXP/blib/arch
    /home/cpansand/.cpan/build/2019042902/Test-Pod-Coverage-1.10-b0cvXP/blib/lib
    /home/cpansand/.cpan/build/2019042902/Pod-Coverage-0.23-3ZjahB/blib/arch
    /home/cpansand/.cpan/build/2019042902/Pod-Coverage-0.23-3ZjahB/blib/lib
    /home/cpansand/.cpan/build/2019042902/Devel-Symdump-2.18-gF5UOu/blib/arch
    /home/cpansand/.cpan/build/2019042902/Devel-Symdump-2.18-gF5UOu/blib/lib
    /opt/perl-5.24.1d/lib/site_perl/5.24.1/x86_64-linux
    /opt/perl-5.24.1d/lib/site_perl/5.24.1
    /opt/perl-5.24.1d/lib/5.24.1/x86_64-linux
    /opt/perl-5.24.1d/lib/5.24.1
    .