GHCN vv0.22.258 Perl 5 v5.30.2 x86_64-linux-ld

Status
Fail
From
Andreas J. K├Ânig (ANDK)
Dist
GHCN vv0.22.258
Platform
Perl 5 v5.30.2 x86_64-linux-ld
Date
2022-09-17T15:31:21
ID
c82defde-369d-11ed-a62f-61068f2ee776
This distribution has been tested as part of the CPAN Testers
project, supporting the Perl programming language.  See
http://wiki.cpantesters.org/ for more information or email
questions to cpan-testers-discuss@perl.org


--
Dear Gary Puckering,

This is a computer-generated report for GHCN-v0.22.258
on perl 5.30.2, created by CPAN-Reporter-1.2018.

Thank you for uploading your work to CPAN.  However, there was a problem
testing your distribution.

If you think this report is invalid, please consult the CPAN Testers Wiki
for suggestions on how to avoid getting FAIL reports for missing library
or binary dependencies, unsupported operating systems, and so on:

http://wiki.cpantesters.org/wiki/CPANAuthorNotes

Sections of this report:

    * Tester comments
    * Program output
    * Prerequisites
    * Environment and other context

------------------------------
TESTER COMMENTS
------------------------------

Additional comments from tester:

this report is from an automated smoke testing program
and was not reviewed by a human for accuracy

------------------------------
PROGRAM OUTPUT
------------------------------

Output from '/usr/bin/make test':

PERL_DL_NONLAZY=1 "/home/sand/src/perl/repoperls/installed-perls/host/k93msid/v5.30.2/af11/bin/perl" "-MExtUtils::Command::MM" "-MTest::Harness" "-e" "undef *Test::Harness::Switches; test_harness(0, 'blib/lib', 'blib/arch')" t/*.t
# 
# Versions for all modules listed in MYMETA.json (including optional ones):
# 
# === Configure Requires ===
# 
#     Module              Want    Have
#     ------------------- ---- -------
#     ExtUtils::MakeMaker  any 7.65_02
# 
# === Build Requires ===
# 
#     Module              Want    Have
#     ------------------- ---- -------
#     ExtUtils::MakeMaker  any 7.65_02
# 
# === Test Requires ===
# 
#     Module              Want     Have
#     ------------------- ---- --------
#     Capture::Tiny        any     0.48
#     ExtUtils::MakeMaker  any  7.65_02
#     File::Path           any     2.18
#     File::Spec           any     3.78
#     File::Temp           any   0.2311
#     Test::Exception      any     0.43
#     Test::More           any 1.302191
#     lib                  any     0.65
# 
# === Test Recommends ===
# 
#     Module         Want     Have
#     ---------- -------- --------
#     CPAN::Meta 2.120900 2.150010
# 
# === Runtime Requires ===
# 
#     Module                    Want      Have
#     ------------------------- ---- ---------
#     Cache::FileCache           any     undef
#     Carp                       any      1.50
#     Const::Fast                any     0.014
#     ControlBreak               any v0.22.244
#     Devel::Size                any      0.83
#     English                    any      1.10
#     Exporter                   any      5.73
#     File::HomeDir              any     1.006
#     File::Spec                 any      3.78
#     FindBin                    any      1.51
#     GIS::Distance              any      0.19
#     Getopt::Long               any      2.52
#     HTML::Entities             any      3.78
#     Hash::Wrap                 any      0.22
#     List::Util                 any      1.62
#     Module::Load::Conditional  any      0.68
#     Object::Pad               0.66      0.68
#     Pod::Usage                 any      1.69
#     Set::IntSpan::Fast         any      1.15
#     Text::Abbrev               any      1.02
#     Time::HiRes                any    1.9764
#     Try::Tiny                  any      0.31
#     URI::Fetch                 any      0.15
#     YAML::Tiny                 any      1.73
#     base                       any      2.27
#     feature                    any      1.54
#     if                         any    0.0608
#     parent                     any     0.238
#     strict                     any      1.11
#     warnings                   any      1.44
# 
t/00-report-prereqs.t ........... ok
t/00_initialize_test_env.t ...... ok
t/11_common.t ................... ok
t/12_country_codes.t ............ ok
t/13_measures.t ................. ok
t/14_options.t .................. ok
t/21_station.t .................. ok
*E* unreadable config file: /home/sand/.ghcn_fetch.yaml at /home/sand/src/perl/repoperls/installed-perls/host/k93msid/v5.30.2/af11/lib/site_perl/5.30.2/Test/Builder.pm line 374.
# Looks like your test exited with 255 just after 3.
t/22_station_table_subs.t ....... 
Dubious, test returned 255 (wstat 65280, 0xff00)
Failed 7/10 subtests 
creating or refreshing cache: /tmp/loop_over_bdir-2646-bytQlZ/GHCN-v0.22.258-0/t/ghcn_cache/ghcn
*E* unable to fetch data from https://www1.ncdc.noaa.gov/pub/data/ghcn/daily/ghcnd-stations.txt: Can't connect to www1.ncdc.noaa.gov:443 (Network is unreachable)
 at /home/sand/src/perl/repoperls/installed-perls/host/k93msid/v5.30.2/af11/lib/site_perl/5.30.2/Test/Builder.pm line 374.
# Looks like your test exited with 2 just after 3.
t/31_station_table_synthesis.t .. 
Dubious, test returned 2 (wstat 512, 0x200)
Failed 13/16 subtests 
t/81_timing_stats.t ............. ok
*E* unable to fetch data from https://www1.ncdc.noaa.gov/pub/data/ghcn/daily/ghcnd-stations.txt: unknown error
 at /tmp/loop_over_bdir-2646-bytQlZ/GHCN-v0.22.258-0/t/../lib/App/GHCN/Fetch.pm line 283.
# Looks like your test exited with 255 before it could output anything.
t/91_ghcn_fetch.t ............... 
Dubious, test returned 255 (wstat 65280, 0xff00)
Failed 7/7 subtests 
t/92_ghcn_extremes.t ............ ok
t/93_ghcn_station_counts.t ...... ok

Test Summary Report
-------------------
t/22_station_table_subs.t     (Wstat: 65280 (exited 255) Tests: 3 Failed: 0)
  Non-zero exit status: 255
  Parse errors: Bad plan.  You planned 10 tests but ran 3.
t/31_station_table_synthesis.t (Wstat: 512 (exited 2) Tests: 3 Failed: 0)
  Non-zero exit status: 2
  Parse errors: Bad plan.  You planned 16 tests but ran 3.
t/91_ghcn_fetch.t             (Wstat: 65280 (exited 255) Tests: 0 Failed: 0)
  Non-zero exit status: 255
  Parse errors: Bad plan.  You planned 7 tests but ran 0.
Files=13, Tests=107,  4 wallclock secs ( 0.07 usr  0.01 sys +  1.98 cusr  0.35 csys =  2.41 CPU)
Result: FAIL
Failed 3/13 test programs. 0/107 subtests failed.
make: *** [Makefile:999: test_dynamic] Error 255

------------------------------
PREREQUISITES
------------------------------

Prerequisite modules loaded:

requires:

    Module                    Need     Have     
    ------------------------- -------- ---------
    base                      0        2.27     
    Cache::FileCache          0        0        
    Carp                      0        1.50     
    Const::Fast               0        0.014    
    ControlBreak              0        v0.22.244
    Devel::Size               0        0.83     
    English                   0        1.10     
    Exporter                  0        5.73     
    feature                   0        1.54     
    File::HomeDir             0        1.006    
    File::Spec                0        3.78     
    FindBin                   0        1.51     
    Getopt::Long              0        2.52     
    GIS::Distance             0        0.19     
    Hash::Wrap                0        0.22     
    HTML::Entities            0        3.78     
    if                        0        0.0608   
    List::Util                0        1.62     
    Module::Load::Conditional 0        0.68     
    Object::Pad               0.66     0.68     
    parent                    0        0.238    
    perl                      5.018000 5.030002 
    Pod::Usage                0        1.69     
    Set::IntSpan::Fast        0        1.15     
    strict                    0        1.11     
    Text::Abbrev              0        1.02     
    Time::HiRes               0        1.9764   
    Try::Tiny                 0        0.31     
    URI::Fetch                0        0.15     
    warnings                  0        1.44     
    YAML::Tiny                0        1.73     

build_requires:

    Module                    Need     Have     
    ------------------------- -------- ---------
    Capture::Tiny             0        0.48     
    ExtUtils::MakeMaker       0        7.65_02  
    File::Path                0        2.18     
    File::Spec                0        3.78     
    File::Temp                0        0.2311   
    lib                       0        0.65     
    Test::Exception           0        0.43     
    Test::More                0        1.302191 

configure_requires:

    Module                    Need     Have     
    ------------------------- -------- ---------
    ExtUtils::MakeMaker       0        7.65_02  


------------------------------
ENVIRONMENT AND OTHER CONTEXT
------------------------------

Environment variables:

    AUTOMATED_TESTING = 1
    LANG = en_US.UTF-8
    LANGUAGE = en_US:en
    PATH = /home/sand/bin:/usr/local/bin:/usr/bin:/bin:/usr/games:/usr/local/perl/bin:/usr/X11/bin:/sbin:/usr/sbin
    PERL5LIB = 
    PERL5OPT = 
    PERL5_CPANPLUS_IS_RUNNING = 4000050
    PERL5_CPAN_IS_RUNNING = 4000050
    PERL_CANARY_STABILITY_NOPROMPT = 1
    PERL_MM_USE_DEFAULT = 1
    PERL_USE_UNSAFE_INC = 1
    SHELL = /usr/bin/zsh
    TERM = screen

Perl special variables (and OS-specific diagnostics, for MSWin32):

    $^X = /home/sand/src/perl/repoperls/installed-perls/host/k93msid/v5.30.2/af11/bin/perl
    $UID/$EUID = 1005 / 1005
    $GID = 1005 1005
    $EGID = 1005 1005

Perl module toolchain versions installed:

    Module              Have    
    ------------------- --------
    CPAN                2.33    
    CPAN::Meta          2.150010
    Cwd                 3.78    
    ExtUtils::CBuilder  0.280236
    ExtUtils::Command   7.65_02 
    ExtUtils::Install   2.14    
    ExtUtils::MakeMaker 7.65_02 
    ExtUtils::Manifest  1.72    
    ExtUtils::ParseXS   3.40    
    File::Spec          3.78    
    JSON                4.07    
    JSON::PP            4.10    
    Module::Build       0.4231  
    Module::Signature   0.88    
    Parse::CPAN::Meta   2.150010
    Test::Harness       3.44    
    Test::More          1.302191
    YAML                1.30    
    YAML::Syck          1.34    
    version             0.9929  


--

Summary of my perl5 (revision 5 version 30 subversion 2) configuration:
  Commit id: ceb5a43b9b27601fc60e97677b4ac903317ef392
  Platform:
    osname=linux
    osvers=5.16.0-5-amd64
    archname=x86_64-linux-ld
    uname='linux k93msid 5.16.0-5-amd64 #1 smp preempt debian 5.16.14-1 (2022-03-15) x86_64 gnulinux '
    config_args='-Dprefix=/home/sand/src/perl/repoperls/installed-perls/host/k93msid/v5.30.2/af11 -Dmyhostname=k93msid -Dinstallusrbinperl=n -Uversiononly -Dusedevel -des -Ui_db -Dlibswanted=cl pthread socket inet nsl gdbm dbm malloc dl ld sun m crypt sec util c cposix posix ucb BSD gdbm_compat -Uuseithreads -Duselongdouble -DEBUGGING=-g'
    hint=recommended
    useposix=true
    d_sigaction=define
    useithreads=undef
    usemultiplicity=undef
    use64bitint=define
    use64bitall=define
    uselongdouble=define
    usemymalloc=n
    default_inc_excludes_dot=define
    bincompat5005=undef
  Compiler:
    cc='cc'
    ccflags ='-fwrapv -fno-strict-aliasing -pipe -fstack-protector-strong -I/usr/local/include -D_LARGEFILE_SOURCE -D_FILE_OFFSET_BITS=64 -D_FORTIFY_SOURCE=2'
    optimize='-O2 -g'
    cppflags='-fwrapv -fno-strict-aliasing -pipe -fstack-protector-strong -I/usr/local/include'
    ccversion=''
    gccversion='11.2.0'
    gccosandvers=''
    intsize=4
    longsize=8
    ptrsize=8
    doublesize=8
    byteorder=12345678
    doublekind=3
    d_longlong=define
    longlongsize=8
    d_longdbl=define
    longdblsize=16
    longdblkind=3
    ivtype='long'
    ivsize=8
    nvtype='long double'
    nvsize=16
    Off_t='off_t'
    lseeksize=8
    alignbytes=16
    prototype=define
  Linker and Libraries:
    ld='cc'
    ldflags =' -fstack-protector-strong -L/usr/local/lib'
    libpth=/usr/local/lib /usr/include/x86_64-linux-gnu /usr/lib /lib/x86_64-linux-gnu /lib/../lib /usr/lib/x86_64-linux-gnu /usr/lib/../lib /lib
    libs=-lpthread -lnsl -ldl -lm -lcrypt -lutil -lc
    perllibs=-lpthread -lnsl -ldl -lm -lcrypt -lutil -lc
    libc=libc-2.33.so
    so=so
    useshrplib=false
    libperl=libperl.a
    gnulibc_version='2.33'
  Dynamic Linking:
    dlsrc=dl_dlopen.xs
    dlext=so
    d_dlsymun=undef
    ccdlflags='-Wl,-E'
    cccdlflags='-fPIC'
    lddlflags='-shared -O2 -g -L/usr/local/lib -fstack-protector-strong'


Characteristics of this binary (from libperl): 
  Compile-time options:
    HAS_TIMES
    PERLIO_LAYERS
    PERL_COPY_ON_WRITE
    PERL_DONT_CREATE_GVSV
    PERL_MALLOC_WRAP
    PERL_OP_PARENT
    PERL_PRESERVE_IVUV
    PERL_USE_DEVEL
    USE_64_BIT_ALL
    USE_64_BIT_INT
    USE_LARGE_FILES
    USE_LOCALE
    USE_LOCALE_COLLATE
    USE_LOCALE_CTYPE
    USE_LOCALE_NUMERIC
    USE_LOCALE_TIME
    USE_LONG_DOUBLE
    USE_PERLIO
    USE_PERL_ATOF
  Built under linux
  Compiled at Mar 18 2022 18:10:06
  %ENV:
    PERL5LIB=""
    PERL5OPT=""
    PERL5_CPANPLUS_IS_RUNNING="4000050"
    PERL5_CPAN_IS_RUNNING="4000050"
    PERL_CANARY_STABILITY_NOPROMPT="1"
    PERL_MM_USE_DEFAULT="1"
    PERL_USE_UNSAFE_INC="1"
  @INC:
    /home/sand/src/perl/repoperls/installed-perls/host/k93msid/v5.30.2/af11/lib/site_perl/5.30.2/x86_64-linux-ld
    /home/sand/src/perl/repoperls/installed-perls/host/k93msid/v5.30.2/af11/lib/site_perl/5.30.2
    /home/sand/src/perl/repoperls/installed-perls/host/k93msid/v5.30.2/af11/lib/5.30.2/x86_64-linux-ld
    /home/sand/src/perl/repoperls/installed-perls/host/k93msid/v5.30.2/af11/lib/5.30.2
    .