FB3-Convert v0.48 Perl 5 v5.24.0 x86_64-linux

Status
Fail
From
Slaven Rezić
Dist
FB3-Convert v0.48
Platform
Perl 5 v5.24.0 x86_64-linux
Date
2021-09-12T09:07:00
ID
c9cb07fa-13a8-11ec-86cb-6b681f24ea8f
This distribution has been tested as part of the CPAN Testers
project, supporting the Perl programming language.  See
http://wiki.cpantesters.org/ for more information or email
questions to cpan-testers-discuss@perl.org


--
Dear Dmitrii Gribov,

This is a computer-generated report for FB3-Convert-0.48
on perl 5.24.0, created by CPAN-Reporter-1.2018.

Thank you for uploading your work to CPAN.  However, there was a problem
testing your distribution.

If you think this report is invalid, please consult the CPAN Testers Wiki
for suggestions on how to avoid getting FAIL reports for missing library
or binary dependencies, unsupported operating systems, and so on:

http://wiki.cpantesters.org/wiki/CPANAuthorNotes

Sections of this report:

    * Tester comments
    * Program output
    * Prerequisites
    * Environment and other context

------------------------------
TESTER COMMENTS
------------------------------

Additional comments from tester:

none provided

------------------------------
PROGRAM OUTPUT
------------------------------

Output from './Build test':

# Testing FB3::Convert 0.48, Perl 5.024000, /opt/perl-5.24.0/bin/perl
t/00-load.t .. ok
# Testing result of body.xml, Perl 5.024000, /opt/perl-5.24.0/bin/perl
# Testing FB2 files
# Testing t/examples/fb2/history_101760.fb2 and compare with t/examples/fb2/history_101760.xml
# Testing t/examples/fb2/div_102611.fb2 and compare with t/examples/fb2/div_102611.xml
# Testing t/examples/fb2/subtitle_cite_109783.fb2 and compare with t/examples/fb2/subtitle_cite_109783.xml
# Testing t/examples/fb2/subtitle_112333.fb2 and compare with t/examples/fb2/subtitle_112333.xml
# Testing t/examples/fb2/subtitle_114533.fb2 and compare with t/examples/fb2/subtitle_114533.xml
# Testing t/examples/fb2/notes_119025.fb2 and compare with t/examples/fb2/notes_119025.xml
# Testing t/examples/fb2/hell_example_133321.fb2 and compare with t/examples/fb2/hell_example_133321.xml
# Testing t/examples/fb2/nude_title_in_body_ok_133321.fb2 and compare with t/examples/fb2/nude_title_in_body_ok_133321.xml
# Testing t/examples/fb2/nude_title_in_body_fail_133321.fb2 and compare with t/examples/fb2/nude_title_in_body_fail_133321.xml
# Testing t/examples/fb2/poem_not_section_133907.fb2 and compare with t/examples/fb2/poem_not_section_133907.xml
# Testing t/examples/fb2/142286_nevozmoj.fb2 and compare with t/examples/fb2/142286_nevozmoj.xml
# Testing t/examples/fb2/142286_gibelpush.fb2 and compare with t/examples/fb2/142286_gibelpush.xml
# Testing t/examples/fb2/143667_notes_pos.fb2 and compare with t/examples/fb2/143667_notes_pos.xml
# Testing t/examples/fb2/annotation_subtitle_144337.fb2 and compare with t/examples/fb2/annotation_subtitle_144337.xml
# Testing t/examples/fb2/cite_textauthor_153278.fb2 and compare with t/examples/fb2/cite_textauthor_153278.xml
# Testing t/examples/fb2/161029_subtitle_textauthor.fb2 and compare with t/examples/fb2/161029_subtitle_textauthor.xml
# Testing t/examples/fb2/164367_notes.fb2 and compare with t/examples/fb2/164367_notes.xml
# phantomjs not found. Euristic skipped. see <http://phantomjs.org/>
# Testing EPUB files
# Testing t/examples/epub/xss_108909.epub and compare with t/examples/epub/xss_108909.xml
# Testing t/examples/epub/title_in_section_108909.epub and compare with t/examples/epub/title_in_section_108909.xml
# Testing t/examples/epub/simple_108909.epub and compare with t/examples/epub/simple_108909.xml
# Testing t/examples/epub/trim_split_empty_p_108909.epub and compare with t/examples/epub/trim_split_empty_p_108909.xml
# Testing t/examples/epub/empty_a_near_h_109373.epub and compare with t/examples/epub/empty_a_near_h_109373.xml
# Testing t/examples/epub/empty_p_near_h_109373.epub and compare with t/examples/epub/empty_p_near_h_109373.xml
# Testing t/examples/epub/rm_unlink_id_a_span_109373.epub and compare with t/examples/epub/rm_unlink_id_a_span_109373.xml
# Testing t/examples/epub/move_empty_a_109373.epub and compare with t/examples/epub/move_empty_a_109373.xml
# Testing t/examples/epub/euristica_ok_109381.epub and compare with t/examples/epub/euristica_ok_109381.xml
# Testing t/examples/epub/euristica_fail_109381.epub and compare with t/examples/epub/euristica_fail_109381.xml
# Testing t/examples/epub/validate_links_111103.epub and compare with t/examples/epub/validate_links_111103.xml
# Testing t/examples/epub/div_and_p_111501.epub and compare with t/examples/epub/div_and_p_111501.xml
# Testing t/examples/epub/ul_ol_111501.epub and compare with t/examples/epub/ul_ol_111501.xml
# Testing t/examples/epub/entities_114117.epub and compare with t/examples/epub/entities_114117.xml
# Testing t/examples/epub/img_crazy_114117.epub and compare with t/examples/epub/img_crazy_114117.xml
# Testing t/examples/epub/empty_a_near_h_2_id_114117.epub and compare with t/examples/epub/empty_a_near_h_2_id_114117.xml
# Testing t/examples/epub/table_114309.epub and compare with t/examples/epub/table_114309.xml
# Testing t/examples/epub/table_attr_and_inside_114309.epub and compare with t/examples/epub/table_attr_and_inside_114309.xml
# Testing t/examples/epub/empty_td_th_114309.epub and compare with t/examples/epub/empty_td_th_114309.xml
# Testing t/examples/epub/img_correct_and_empty_id_126503.epub and compare with t/examples/epub/img_correct_and_empty_id_126503.xml
# Testing t/examples/epub/empty_title_132047.epub and compare with t/examples/epub/empty_title_132047.xml
# Testing t/examples/epub/br_133548.epub and compare with t/examples/epub/br_133548.xml
# Testing t/examples/epub/bad_links_136561.epub and compare with t/examples/epub/bad_links_136561.xml
# Testing t/examples/epub/bad_link_147166.epub and compare with t/examples/epub/bad_link_147166.xml
# Testing t/examples/epub/double_id_150047.epub and compare with t/examples/epub/double_id_150047.xml
# Testing t/examples/epub/div_and_p_hard_150083.epub and compare with t/examples/epub/div_and_p_hard_150083.xml
# Testing t/examples/epub/img2jpg_151718.epub and compare with t/examples/epub/img2jpg_151718.xml
# Testing t/examples/epub/hardbr_154533.epub and compare with t/examples/epub/hardbr_154533.xml
# Testing t/examples/epub/br_in_h_167811.epub and compare with t/examples/epub/br_in_h_167811.xml
# Testing t/examples/epub/crazy_table_space_167811.epub and compare with t/examples/epub/crazy_table_space_167811.xml
# Testing t/examples/epub/empty_p_near_h_167811.epub and compare with t/examples/epub/empty_p_near_h_167811.xml
# Testing t/examples/epub/split_section_br_167811.epub and compare with t/examples/epub/split_section_br_167811.xml
# Testing t/examples/epub/td_br_172467.epub and compare with t/examples/epub/td_br_172467.xml
# Testing t/examples/epub/empty_ol_172467.epub and compare with t/examples/epub/empty_ol_172467.xml
# Testing t/examples/epub/caption_in_table_189163.epub and compare with t/examples/epub/caption_in_table_189163.xml
t/test1.t .... ok
# Testing result of fb3->fb2, Perl 5.024000, /opt/perl-5.24.0/bin/perl
# Testing FB3->FB2 files
# Testing t/examples/fb3_to_fb2/same_img_cover_135705.fb3 and compare with t/examples/fb3_to_fb2/same_img_cover_135705.xml
# Error of convert fb3->fb2
t/test2.t .... 
No subtests run 
# Testing cutfb3, Perl 5.024000, /opt/perl-5.24.0/bin/perl
# Testing t/examples/cutfb3/195_141392.fb3 and compare with t/examples/cutfb3/195_141392.xml
# Error of cut fb3
t/test3.t .... 
No subtests run 

Test Summary Report
-------------------
t/test2.t  (Wstat: 0 Tests: 0 Failed: 0)
  Parse errors: No plan found in TAP output
t/test3.t  (Wstat: 0 Tests: 0 Failed: 0)
  Parse errors: No plan found in TAP output
Files=4, Tests=19,  3 wallclock secs ( 0.02 usr  0.01 sys +  1.68 cusr  0.39 csys =  2.10 CPU)
Result: FAIL
Failed 2/4 test programs. 0/19 subtests failed.

------------------------------
PREREQUISITES
------------------------------

Prerequisite modules loaded:

requires:

    Module                    Need  Have    
    ------------------------- ----- --------
    Archive::Zip              0     1.59    
    Clone                     0     0.38    
    FB3                       0.13  0.17    
    File::ShareDir            1.00  1.102   
    Hash::Merge               0     0.200   
    Image::ExifTool           0     10.20   
    Image::Info               0     1.42    
    Image::Magick             0     0       
    Image::Size               0     3.300   
    JSON::Path                0     0.205   
    Lingua::Identify          0     0.56    
    perl                      5.014 5.024000
    TeX::Hyphen               0     1.17    
    URI::Escape               0     3.31    
    UUID::Tiny                0     1.04    
    WWW::Mechanize::PhantomJS 0     0.13    
    XML::Diff                 0     0.05    
    XML::Entities             0     1.0002  
    XML::Entities::Data       0     0       
    XML::LibXML               0     2.0128  
    XML::LibXSLT              0     1.95    

build_requires:

    Module                    Need  Have    
    ------------------------- ----- --------
    Test::More                0     1.302052

configure_requires:

    Module                    Need  Have    
    ------------------------- ----- --------
    Module::Build             0     0.4220  


------------------------------
ENVIRONMENT AND OTHER CONTEXT
------------------------------

Environment variables:

    LANG = en_US.UTF-8
    LANGUAGE = en_US:en
    LC_ALL = en_US.UTF-8
    PATH = /usr/local/bin:/usr/bin:/bin:/usr/local/sbin:/usr/sbin:/sbin:/home/cpansand/bin/linux-gnu:/home/cpansand/bin/sh:/home/cpansand/bin:/usr/games:/home/cpansand/devel:/home/eserte/src/srezic-misc/scripts
    PERL5LIB = /home/cpansand/.cpan/build/2021090500/XML-Entities-2/blib/arch:/home/cpansand/.cpan/build/2021090500/XML-Entities-2/blib/lib:/home/cpansand/.cpan/build/2021090500/XML-Diff-0.05-2/blib/arch:/home/cpansand/.cpan/build/2021090500/XML-Diff-0.05-2/blib/lib:/home/cpansand/.cpan/build/2021090500/Lingua-Identify-0.56-2/blib/arch:/home/cpansand/.cpan/build/2021090500/Lingua-Identify-0.56-2/blib/lib:/home/cpansand/.cpan/build/2021090500/Text-Ngram-0.15-2/blib/arch:/home/cpansand/.cpan/build/2021090500/Text-Ngram-0.15-2/blib/lib:/home/cpansand/.cpan/build/2021090500/Unicode-CaseFold-1.01-1/blib/arch:/home/cpansand/.cpan/build/2021090500/Unicode-CaseFold-1.01-1/blib/lib:/home/cpansand/.cpan/build/2021090500/Text-Affixes-0.09-2/blib/arch:/home/cpansand/.cpan/build/2021090500/Text-Affixes-0.09-2/blib/lib:/home/cpansand/.cpan/build/2021090500/Image-Info-1.42-1/blib/arch:/home/cpansand/.cpan/build/2021090500/Image-Info-1.42-1/blib/lib:/home/cpansand/.cpan/build/2021090500/FB3-0.17-2/blib/arch:/home/cpansand/.cpan/build/2021090500/FB3-0.17-2/blib/lib:/home/cpansand/.cpan/build/2021090500/OPC-0.05-2/blib/arch:/home/cpansand/.cpan/build/2021090500/OPC-0.05-2/blib/lib
    PERL5OPT = 
    PERL5_CPANPLUS_IS_RUNNING = 31919
    PERL5_CPAN_IS_RUNNING = 31919
    PERL5_CPAN_IS_RUNNING_IN_RECURSION = 30456,31919
    PERLDOC = -MPod::Perldoc::ToTextOverstrike
    PERL_BATCH = yes
    PERL_CANARY_STABILITY_NOPROMPT = 1
    PERL_CPAN_REPORTER_CONFIG = /var/tmp/cpansmoker-1023/2021090500/cpanreporter_000_config.ini
    PERL_EXTUTILS_AUTOINSTALL = --defaultdeps
    PERL_USE_UNSAFE_INC = 1
    SHELL = /bin/zsh
    TERM = screen
    TMPDIR = /var/tmp/cpansmoker-1023/2021090500

Perl special variables (and OS-specific diagnostics, for MSWin32):

    $^X = /opt/perl-5.24.0/bin/perl
    $UID/$EUID = 1023 / 1023
    $GID = 1023 1023
    $EGID = 1023 1023

Perl module toolchain versions installed:

    Module              Have    
    ------------------- --------
    CPAN                2.28    
    CPAN::Meta          2.150010
    Cwd                 3.63    
    ExtUtils::CBuilder  0.280225
    ExtUtils::Command   7.24    
    ExtUtils::Install   2.04    
    ExtUtils::MakeMaker 7.24    
    ExtUtils::Manifest  1.70    
    ExtUtils::ParseXS   3.31    
    File::Spec          3.63    
    JSON                2.90    
    JSON::PP            2.27300 
    Module::Build       0.4220  
    Module::Signature   0.80    
    Parse::CPAN::Meta   2.150010
    Test::Harness       3.36    
    Test::More          1.302052
    YAML                1.17    
    YAML::Syck          1.29    
    version             0.9916  


--

Summary of my perl5 (revision 5 version 24 subversion 0) configuration:
   
  Platform:
    osname=linux, osvers=3.2.0-4-amd64, archname=x86_64-linux
    uname='linux cvrsnica-wheezy 3.2.0-4-amd64 #1 smp debian 3.2.54-2 x86_64 gnulinux '
    config_args='-ds -e -Dprefix=/opt/perl-5.24.0 -Dcf_email=srezic@cpan.org'
    hint=recommended, useposix=true, d_sigaction=define
    useithreads=undef, usemultiplicity=undef
    use64bitint=define, use64bitall=define, uselongdouble=undef
    usemymalloc=n, bincompat5005=undef
  Compiler:
    cc='cc', ccflags ='-fwrapv -fno-strict-aliasing -pipe -fstack-protector -I/usr/local/include -D_LARGEFILE_SOURCE -D_FILE_OFFSET_BITS=64 -D_FORTIFY_SOURCE=2',
    optimize='-O2',
    cppflags='-fwrapv -fno-strict-aliasing -pipe -fstack-protector -I/usr/local/include'
    ccversion='', gccversion='4.7.2', gccosandvers=''
    intsize=4, longsize=8, ptrsize=8, doublesize=8, byteorder=12345678, doublekind=3
    d_longlong=define, longlongsize=8, d_longdbl=define, longdblsize=16, longdblkind=3
    ivtype='long', ivsize=8, nvtype='double', nvsize=8, Off_t='off_t', lseeksize=8
    alignbytes=8, prototype=define
  Linker and Libraries:
    ld='cc', ldflags =' -fstack-protector -L/usr/local/lib'
    libpth=/usr/local/lib /usr/lib/gcc/x86_64-linux-gnu/4.7/include-fixed /usr/include/x86_64-linux-gnu /usr/lib /lib/x86_64-linux-gnu /lib/../lib /usr/lib/x86_64-linux-gnu /usr/lib/../lib /lib
    libs=-lpthread -lnsl -ldb -ldl -lm -lcrypt -lutil -lc
    perllibs=-lpthread -lnsl -ldl -lm -lcrypt -lutil -lc
    libc=libc-2.13.so, so=so, useshrplib=false, libperl=libperl.a
    gnulibc_version='2.13'
  Dynamic Linking:
    dlsrc=dl_dlopen.xs, dlext=so, d_dlsymun=undef, ccdlflags='-Wl,-E'
    cccdlflags='-fPIC', lddlflags='-shared -O2 -L/usr/local/lib -fstack-protector'


Characteristics of this binary (from libperl): 
  Compile-time options: HAS_TIMES PERLIO_LAYERS PERL_COPY_ON_WRITE
                        PERL_DONT_CREATE_GVSV
                        PERL_HASH_FUNC_ONE_AT_A_TIME_HARD PERL_MALLOC_WRAP
                        PERL_PRESERVE_IVUV USE_64_BIT_ALL USE_64_BIT_INT
                        USE_LARGE_FILES USE_LOCALE USE_LOCALE_COLLATE
                        USE_LOCALE_CTYPE USE_LOCALE_NUMERIC USE_LOCALE_TIME
                        USE_PERLIO USE_PERL_ATOF
  Built under linux
  Compiled at May 30 2016 08:43:25
  %ENV:
    PERL5LIB="/home/cpansand/.cpan/build/2021090500/XML-Entities-2/blib/arch:/home/cpansand/.cpan/build/2021090500/XML-Entities-2/blib/lib:/home/cpansand/.cpan/build/2021090500/XML-Diff-0.05-2/blib/arch:/home/cpansand/.cpan/build/2021090500/XML-Diff-0.05-2/blib/lib:/home/cpansand/.cpan/build/2021090500/Lingua-Identify-0.56-2/blib/arch:/home/cpansand/.cpan/build/2021090500/Lingua-Identify-0.56-2/blib/lib:/home/cpansand/.cpan/build/2021090500/Text-Ngram-0.15-2/blib/arch:/home/cpansand/.cpan/build/2021090500/Text-Ngram-0.15-2/blib/lib:/home/cpansand/.cpan/build/2021090500/Unicode-CaseFold-1.01-1/blib/arch:/home/cpansand/.cpan/build/2021090500/Unicode-CaseFold-1.01-1/blib/lib:/home/cpansand/.cpan/build/2021090500/Text-Affixes-0.09-2/blib/arch:/home/cpansand/.cpan/build/2021090500/Text-Affixes-0.09-2/blib/lib:/home/cpansand/.cpan/build/2021090500/Image-Info-1.42-1/blib/arch:/home/cpansand/.cpan/build/2021090500/Image-Info-1.42-1/blib/lib:/home/cpansand/.cpan/build/2021090500/FB3-0.17-2/blib/arch:/home/cpansand/.cpan/build/2021090500/FB3-0.17-2/blib/lib:/home/cpansand/.cpan/build/2021090500/OPC-0.05-2/blib/arch:/home/cpansand/.cpan/build/2021090500/OPC-0.05-2/blib/lib"
    PERL5OPT=""
    PERL5_CPANPLUS_IS_RUNNING="31919"
    PERL5_CPAN_IS_RUNNING="31919"
    PERL5_CPAN_IS_RUNNING_IN_RECURSION="30456,31919"
    PERLDOC="-MPod::Perldoc::ToTextOverstrike"
    PERL_BATCH="yes"
    PERL_CANARY_STABILITY_NOPROMPT="1"
    PERL_CPAN_REPORTER_CONFIG="/var/tmp/cpansmoker-1023/2021090500/cpanreporter_000_config.ini"
    PERL_EXTUTILS_AUTOINSTALL="--defaultdeps"
    PERL_USE_UNSAFE_INC="1"
  @INC:
    /home/cpansand/.cpan/build/2021090500/XML-Entities-2/blib/arch
    /home/cpansand/.cpan/build/2021090500/XML-Entities-2/blib/lib
    /home/cpansand/.cpan/build/2021090500/XML-Diff-0.05-2/blib/arch
    /home/cpansand/.cpan/build/2021090500/XML-Diff-0.05-2/blib/lib
    /home/cpansand/.cpan/build/2021090500/Lingua-Identify-0.56-2/blib/arch
    /home/cpansand/.cpan/build/2021090500/Lingua-Identify-0.56-2/blib/lib
    /home/cpansand/.cpan/build/2021090500/Text-Ngram-0.15-2/blib/arch
    /home/cpansand/.cpan/build/2021090500/Text-Ngram-0.15-2/blib/lib
    /home/cpansand/.cpan/build/2021090500/Unicode-CaseFold-1.01-1/blib/arch
    /home/cpansand/.cpan/build/2021090500/Unicode-CaseFold-1.01-1/blib/lib
    /home/cpansand/.cpan/build/2021090500/Text-Affixes-0.09-2/blib/arch
    /home/cpansand/.cpan/build/2021090500/Text-Affixes-0.09-2/blib/lib
    /home/cpansand/.cpan/build/2021090500/Image-Info-1.42-1/blib/arch
    /home/cpansand/.cpan/build/2021090500/Image-Info-1.42-1/blib/lib
    /home/cpansand/.cpan/build/2021090500/FB3-0.17-2/blib/arch
    /home/cpansand/.cpan/build/2021090500/FB3-0.17-2/blib/lib
    /home/cpansand/.cpan/build/2021090500/OPC-0.05-2/blib/arch
    /home/cpansand/.cpan/build/2021090500/OPC-0.05-2/blib/lib
    /opt/perl-5.24.0/lib/site_perl/5.24.0/x86_64-linux
    /opt/perl-5.24.0/lib/site_perl/5.24.0
    /opt/perl-5.24.0/lib/5.24.0/x86_64-linux
    /opt/perl-5.24.0/lib/5.24.0
    .