Report for POE-Component-Server-JSONRPC-0.04

Back
From: metabase:user:30f4dfbe-2aae-11df-837a-5e0a49663a4f
Subject: FAIL POE-Component-Server-JSONRPC-0.04 v5.10.0 GNU/Linux
Date: 2011-09-01T23:04:57Z

This distribution has been tested as part of the CPAN Testers
project, supporting the Perl programming language.  See
http://wiki.cpantesters.org/ for more information or email
questions to cpan-testers-discuss@perl.org


--
Dear Come BERNIGAUD,

This is a computer-generated report for POE-Component-Server-JSONRPC-0.04
on perl 5.10.0, created by CPAN-Reporter-1.2002.

Thank you for uploading your work to CPAN.  However, there was a problem
testing your distribution.

If you think this report is invalid, please consult the CPAN Testers Wiki
for suggestions on how to avoid getting FAIL reports for missing library
or binary dependencies, unsupported operating systems, and so on:

http://wiki.cpantesters.org/wiki/CPANAuthorNotes

Sections of this report:

    * Tester comments
    * Program output
    * Prerequisites
    * Environment and other context

------------------------------
TESTER COMMENTS
------------------------------

Additional comments from tester:

this report is from an automated smoke testing program
and was not reviewed by a human for accuracy

------------------------------
PROGRAM OUTPUT
------------------------------

Output from '/usr/bin/make test':

PERL_DL_NONLAZY=1 /home/njh/perl5/perlbrew/perls/perl-5.10.0/bin/perl5.10.0 "-MExtUtils::Command::MM" "-e" "test_harness(0, 'inc', 'blib/lib', 'blib/arch')" t/*.t
Can't locate POE/Component/Server/SimpleHTTP.pm in @INC (@INC contains: /home/njh/.local/share/.cpan/build/POE-Component-Server-JSONRPC-0.04-8935H7/inc /home/njh/.local/share/.cpan/build/POE-Component-Server-JSONRPC-0.04-8935H7/blib/lib /home/njh/.local/share/.cpan/build/POE-Component-Server-JSONRPC-0.04-8935H7/blib/arch /home/njh/perl5/perlbrew/perls/perl-5.10.0/lib/5.10.0/x86_64-linux /home/njh/perl5/perlbrew/perls/perl-5.10.0/lib/5.10.0 /home/njh/perl5/perlbrew/perls/perl-5.10.0/lib/site_perl/5.10.0/x86_64-linux /home/njh/perl5/perlbrew/perls/perl-5.10.0/lib/site_perl/5.10.0 .) at (eval 79) line 1.
BEGIN failed--compilation aborted at (eval 79) line 1.

#   Failed test 'use POE::Component::Server::JSONRPC::Http;'
#   at t/00_compile.t line 6.
#     Tried to use 'POE::Component::Server::JSONRPC::Http'.
#     Error:  could not import qw(Component::Server::SimpleHTTP) at /home/njh/.local/share/.cpan/build/POE-Component-Server-JSONRPC-0.04-8935H7/blib/lib/POE/Component/Server/JSONRPC/Http.pm line 28
# BEGIN failed--compilation aborted at t/00_compile.t line 6.
# Compilation failed in require at (eval 76) line 2.
# BEGIN failed--compilation aborted at (eval 76) line 2.
# Looks like you failed 1 test of 3.
t/00_compile.t .... 
Dubious, test returned 1 (wstat 256, 0x100)
Failed 1/3 subtests 
t/pod.t ........... ok
Can't locate POE/Component/Server/SimpleHTTP.pm in @INC (@INC contains: /home/njh/.local/share/.cpan/build/POE-Component-Server-JSONRPC-0.04-8935H7/inc /home/njh/.local/share/.cpan/build/POE-Component-Server-JSONRPC-0.04-8935H7/blib/lib /home/njh/.local/share/.cpan/build/POE-Component-Server-JSONRPC-0.04-8935H7/blib/arch /home/njh/perl5/perlbrew/perls/perl-5.10.0/lib/5.10.0/x86_64-linux /home/njh/perl5/perlbrew/perls/perl-5.10.0/lib/5.10.0 /home/njh/perl5/perlbrew/perls/perl-5.10.0/lib/site_perl/5.10.0/x86_64-linux /home/njh/perl5/perlbrew/perls/perl-5.10.0/lib/site_perl/5.10.0 .) at (eval 87) line 1.
BEGIN failed--compilation aborted at (eval 87) line 1.
t/pod_coverage.t .. ok

Test Summary Report
-------------------
t/00_compile.t  (Wstat: 256 Tests: 3 Failed: 1)
  Failed test:  2
  Non-zero exit status: 1
Files=3, Tests=9,  1 wallclock secs ( 0.02 usr  0.02 sys +  0.30 cusr  0.06 csys =  0.40 CPU)
Result: FAIL
Failed 1/3 test programs. 1/9 subtests failed.
make: *** [test_dynamic] Error 255

------------------------------
PREREQUISITES
------------------------------

Prerequisite modules loaded:

requires:

    Module                      Need Have 
    --------------------------- ---- -----
    Class::Accessor::Fast       0    0.34 
    JSON::Any                   0    1.29 
    POE                         0    1.312
    POE::Component::Server::TCP 0    1.312
    POE::Filter::Line           0    1.312
    Test::More                  0    0.98 

build_requires:

    Module                      Need Have 
    --------------------------- ---- -----
    ExtUtils::MakeMaker         0    6.59 


------------------------------
ENVIRONMENT AND OTHER CONTEXT
------------------------------

Environment variables:

    AUTOMATED_TESTING = 1
    LANG = en_US.UTF-8
    PATH = /home/njh/perl5/perlbrew/bin:/home/njh/perl5/perlbrew/perls/perl-5.10.0/bin:/usr/bin:/bin
    PERL5LIB = 
    PERL5OPT = 
    PERL5_CPANPLUS_IS_RUNNING = 26270
    PERL5_CPAN_IS_RUNNING = 26270
    PERL5_MINISMOKEBOX = 0.54
    PERLBREW_PATH = /home/njh/perl5/perlbrew/bin:/home/njh/perl5/perlbrew/perls/perl-5.10.0/bin
    PERLBREW_PERL = perl-5.10.0
    PERLBREW_ROOT = /home/njh/perl5/perlbrew
    PERLBREW_VERSION = 0.27
    PERL_EXTUTILS_AUTOINSTALL = --defaultdeps
    PERL_MM_USE_DEFAULT = 1
    SHELL = /bin/sh

Perl special variables (and OS-specific diagnostics, for MSWin32):

    $^X = /home/njh/perl5/perlbrew/perls/perl-5.10.0/bin/perl5.10.0
    $UID/$EUID = 1000 / 1000
    $GID = 1000 20 24 25 29 44 46 104 112 1000
    $EGID = 1000 20 24 25 29 44 46 104 112 1000

Perl module toolchain versions installed:

    Module              Have    
    ------------------- --------
    CPAN                1.9800  
    CPAN::Meta          2.112150
    Cwd                 3.33    
    ExtUtils::CBuilder  0.280202
    ExtUtils::Command   1.17    
    ExtUtils::Install   1.54    
    ExtUtils::MakeMaker 6.59    
    ExtUtils::Manifest  1.60    
    ExtUtils::ParseXS   3.04    
    File::Spec          3.33    
    JSON                2.53    
    JSON::PP            2.27200 
    Module::Build       0.3800  
    Module::Signature   n/a     
    Parse::CPAN::Meta   1.4401  
    Test::Harness       3.23    
    Test::More          0.98    
    YAML                0.73    
    YAML::Syck          1.17    
    version             0.94    


--

Summary of my perl5 (revision 5 version 10 subversion 0) configuration:
  Platform:
    osname=linux, osvers=2.6.39-2-amd64, archname=x86_64-linux
    uname='linux bandsman.dyndns-ip.com 2.6.39-2-amd64 #1 smp tue jul 5 02:51:22 utc 2011 x86_64 gnulinux '
    config_args='-de -Dprefix=/home/njh/perl5/perlbrew/perls/perl-5.10.0 -Dccflags=-O2 -D_FORTIFY_SOURCE=2 -D_FORTIFY_SOURCE=2 -Accflags=-O2'
    hint=recommended, useposix=true, d_sigaction=define
    useithreads=undef, usemultiplicity=undef
    useperlio=define, d_sfio=undef, uselargefiles=define, usesocks=undef
    use64bitint=define, use64bitall=define, uselongdouble=undef
    usemymalloc=n, bincompat5005=undef
  Compiler:
    cc='cc', ccflags ='-O2 -O2 -fno-strict-aliasing -pipe -I/usr/local/include -D_LARGEFILE_SOURCE -D_FILE_OFFSET_BITS=64',
    optimize='-O2',
    cppflags='-O2 -O2 -fno-strict-aliasing -pipe -I/usr/local/include'
    ccversion='', gccversion='4.6.1', gccosandvers=''
    intsize=4, longsize=8, ptrsize=8, doublesize=8, byteorder=12345678
    d_longlong=define, longlongsize=8, d_longdbl=define, longdblsize=16
    ivtype='long', ivsize=8, nvtype='double', nvsize=8, Off_t='off_t', lseeksize=8
    alignbytes=8, prototype=define
  Linker and Libraries:
    ld='cc', ldflags =' -L/usr/local/lib'
    libpth=/usr/local/lib /lib /usr/lib /usr/lib/x86_64-linux-gnu /lib64 /usr/lib64
    libs=-lnsl -ldb -ldl -lm -lcrypt -lutil -lc
    perllibs=-lnsl -ldl -lm -lcrypt -lutil -lc
    libc=, so=so, useshrplib=false, libperl=libperl.a
    gnulibc_version='2.13'
  Dynamic Linking:
    dlsrc=dl_dlopen.xs, dlext=so, d_dlsymun=undef, ccdlflags='-Wl,-E'
    cccdlflags='-fPIC', lddlflags='-shared -O2 -L/usr/local/lib'


Characteristics of this binary (from libperl): 
  Compile-time options: PERL_DONT_CREATE_GVSV PERL_MALLOC_WRAP USE_64_BIT_ALL
                        USE_64_BIT_INT USE_LARGE_FILES USE_PERLIO
  Built under linux
  Compiled at Jul  8 2011 19:21:51
  %ENV:
    PERL5LIB=""
    PERL5OPT=""
    PERL5_CPANPLUS_IS_RUNNING="26270"
    PERL5_CPAN_IS_RUNNING="26270"
    PERL5_MINISMOKEBOX="0.54"
    PERLBREW_PATH="/home/njh/perl5/perlbrew/bin:/home/njh/perl5/perlbrew/perls/perl-5.10.0/bin"
    PERLBREW_PERL="perl-5.10.0"
    PERLBREW_ROOT="/home/njh/perl5/perlbrew"
    PERLBREW_VERSION="0.27"
    PERL_EXTUTILS_AUTOINSTALL="--defaultdeps"
    PERL_MM_USE_DEFAULT="1"
  @INC:
    /home/njh/perl5/perlbrew/perls/perl-5.10.0/lib/5.10.0/x86_64-linux
    /home/njh/perl5/perlbrew/perls/perl-5.10.0/lib/5.10.0
    /home/njh/perl5/perlbrew/perls/perl-5.10.0/lib/site_perl/5.10.0/x86_64-linux
    /home/njh/perl5/perlbrew/perls/perl-5.10.0/lib/site_perl/5.10.0
    .