JQuery-DataTables-Heavy v0.04 Perl 5 v5.22.3 x86_64-linux-ld
- Status
- Fail
- From
- Slaven Rezić (SREZIC)
- Dist
-
JQuery-DataTables-Heavy v0.04
- Platform
- Perl 5 v5.22.3 x86_64-linux-ld
- Date
- 2019-08-02T19:07:51
- ID
- d342a8d4-b558-11e9-8fc2-5c2d1f24ea8f
This distribution has been tested as part of the CPAN Testers
project, supporting the Perl programming language. See
http://wiki.cpantesters.org/ for more information or email
questions to cpan-testers-discuss@perl.org
--
Dear Yusuke Watase,
This is a computer-generated report for JQuery-DataTables-Heavy-0.04
on perl 5.22.3, created by CPAN-Reporter-1.2018.
Thank you for uploading your work to CPAN. However, there was a problem
testing your distribution.
If you think this report is invalid, please consult the CPAN Testers Wiki
for suggestions on how to avoid getting FAIL reports for missing library
or binary dependencies, unsupported operating systems, and so on:
http://wiki.cpantesters.org/wiki/CPANAuthorNotes
Sections of this report:
* Tester comments
* Program output
* Prerequisites
* Environment and other context
------------------------------
TESTER COMMENTS
------------------------------
Additional comments from tester:
none provided
------------------------------
PROGRAM OUTPUT
------------------------------
Output from './Build test':
t/00_compile.t ....................... ok
Can't locate DBIx/Class/Schema.pm in @INC (you may need to install the DBIx::Class::Schema module) (@INC contains: . /home/cpansand/.cpan/build/2019080217/JQuery-DataTables-Heavy-0.04-9/blib/lib /home/cpansand/.cpan/build/2019080217/JQuery-DataTables-Heavy-0.04-9/blib/arch /home/cpansand/.cpan/build/2019080217/JQuery-DataTables-Heavy-0.04-9/_build/lib /home/cpansand/.cpan/build/2019080217/Test-Mock-Guard-0.10-2/blib/arch /home/cpansand/.cpan/build/2019080217/Test-Mock-Guard-0.10-2/blib/lib /home/cpansand/.cpan/build/2019080217/SQL-Abstract-Limit-0.141-8/blib/arch /home/cpansand/.cpan/build/2019080217/SQL-Abstract-Limit-0.141-8/blib/lib /home/cpansand/.cpan/build/2019080217/SQL-Abstract-1.86-1/blib/arch /home/cpansand/.cpan/build/2019080217/SQL-Abstract-1.86-1/blib/lib /opt/perl-5.22.3D/lib/site_perl/5.22.3/x86_64-linux-ld /opt/perl-5.22.3D/lib/site_perl/5.22.3 /opt/perl-5.22.3D/lib/5.22.3/x86_64-linux-ld /opt/perl-5.22.3D/lib/5.22.3) at /home/cpansand/.cpan/build/2019080217/Test-Mock-Guard-0.10-2/blib/lib/Test/Mock/Guard.pm line 41.
Test::Mock::Guard::new("Test::Mock::Guard", "DBIx::Class::Schema", HASH(0x19ac030)) called at /home/cpansand/.cpan/build/2019080217/Test-Mock-Guard-0.10-2/blib/lib/Test/Mock/Guard.pm line 18
Test::Mock::Guard::mock_guard("DBIx::Class::Schema", HASH(0x19ac030)) called at t/10_jquery-datatables-heavy-dbic.t line 13
# Tests were run but no plan was declared and done_testing() was not seen.
# Looks like your test exited with 2 just after 1.
t/10_jquery-datatables-heavy-dbic.t ..
Dubious, test returned 2 (wstat 512, 0x200)
All 1 subtests passed
t/11_jquery-datatables-heavy-dbi.t ... ok
Test Summary Report
-------------------
t/10_jquery-datatables-heavy-dbic.t (Wstat: 512 Tests: 1 Failed: 0)
Non-zero exit status: 2
Parse errors: No plan found in TAP output
Files=3, Tests=12, 1 wallclock secs ( 0.01 usr 0.02 sys + 0.28 cusr 0.06 csys = 0.37 CPU)
Result: FAIL
Failed 1/3 test programs. 0/12 subtests failed.
------------------------------
PREREQUISITES
------------------------------
Prerequisite modules loaded:
requires:
Module Need Have
---------------------- -------- --------
Class::Load 0 0.24
Hash::Merge 0 0.200
Moo 0 2.003002
MooX::Types::MooseLike 0 0.29
perl 5.008005 5.022003
SQL::Abstract::Limit 0 0.141
version 0.77 0.9909
build_requires:
Module Need Have
---------------------- -------- --------
Test::Mock::Guard 0.09 0.10
Test::More 0.98 1.302086
configure_requires:
Module Need Have
---------------------- -------- --------
Module::Build 0.38 0.4224
------------------------------
ENVIRONMENT AND OTHER CONTEXT
------------------------------
Environment variables:
LANG = C
PATH = /usr/local/bin:/usr/bin:/bin:/usr/local/sbin:/usr/sbin:/sbin:/home/cpansand/bin/linux-gnu:/home/cpansand/bin/sh:/home/cpansand/bin:/usr/games:/home/cpansand/devel:/home/eserte/src/srezic-misc/scripts
PERL5LIB = /home/cpansand/.cpan/build/2019080217/Test-Mock-Guard-0.10-2/blib/arch:/home/cpansand/.cpan/build/2019080217/Test-Mock-Guard-0.10-2/blib/lib:/home/cpansand/.cpan/build/2019080217/SQL-Abstract-Limit-0.141-8/blib/arch:/home/cpansand/.cpan/build/2019080217/SQL-Abstract-Limit-0.141-8/blib/lib:/home/cpansand/.cpan/build/2019080217/SQL-Abstract-1.86-1/blib/arch:/home/cpansand/.cpan/build/2019080217/SQL-Abstract-1.86-1/blib/lib
PERL5OPT =
PERL5_CPANPLUS_IS_RUNNING = 2353
PERL5_CPAN_IS_RUNNING = 2353
PERL5_CPAN_IS_RUNNING_IN_RECURSION = 2217,2353
PERLDOC = -MPod::Perldoc::ToTextOverstrike
PERL_BATCH = yes
PERL_CANARY_STABILITY_NOPROMPT = 1
PERL_CPAN_REPORTER_CONFIG = /var/tmp/cpansmoker-1023/2019080217/cpanreporter_000_config.ini
PERL_EXTUTILS_AUTOINSTALL = --defaultdeps
PERL_USE_UNSAFE_INC = 1
SHELL = /usr/bin/zsh
TERM = screen
TMPDIR = /var/tmp/cpansmoker-1023/2019080217
Perl special variables (and OS-specific diagnostics, for MSWin32):
$^X = /opt/perl-5.22.3D/bin/perl
$UID/$EUID = 1023 / 1023
$GID = 1023 1023
$EGID = 1023 1023
Perl module toolchain versions installed:
Module Have
------------------- ----------
CPAN 2.16
CPAN::Meta 2.150001
Cwd 3.56_02
ExtUtils::CBuilder 0.280221
ExtUtils::Command 1.20_01
ExtUtils::Install 2.04
ExtUtils::MakeMaker 7.04_02
ExtUtils::Manifest 1.70
ExtUtils::ParseXS 3.28
File::Spec 3.56_02
JSON 2.94
JSON::PP 2.27300_01
Module::Build 0.4224
Module::Signature 0.81
Parse::CPAN::Meta 1.4414_001
Test::Harness 3.35_01
Test::More 1.302086
YAML 1.23
YAML::Syck 1.30
version 0.9909
--
Summary of my perl5 (revision 5 version 22 subversion 3) configuration:
Platform:
osname=linux, osvers=3.16.0-4-amd64, archname=x86_64-linux-ld
uname='linux debian8 3.16.0-4-amd64 #1 smp debian 3.16.43-2+deb8u1 (2017-06-18) x86_64 gnulinux '
config_args='-ds -e -Dprefix=/opt/perl-5.22.3D -Duselongdouble -Dcf_email=srezic@cpan.org'
hint=recommended, useposix=true, d_sigaction=define
useithreads=undef, usemultiplicity=undef
use64bitint=define, use64bitall=define, uselongdouble=define
usemymalloc=n, bincompat5005=undef
Compiler:
cc='cc', ccflags ='-fwrapv -fno-strict-aliasing -pipe -fstack-protector-strong -I/usr/local/include -D_LARGEFILE_SOURCE -D_FILE_OFFSET_BITS=64 -D_FORTIFY_SOURCE=2',
optimize='-O2',
cppflags='-fwrapv -fno-strict-aliasing -pipe -fstack-protector-strong -I/usr/local/include'
ccversion='', gccversion='4.9.2', gccosandvers=''
intsize=4, longsize=8, ptrsize=8, doublesize=8, byteorder=12345678, doublekind=3
d_longlong=define, longlongsize=8, d_longdbl=define, longdblsize=16, longdblkind=3
ivtype='long', ivsize=8, nvtype='long double', nvsize=16, Off_t='off_t', lseeksize=8
alignbytes=16, prototype=define
Linker and Libraries:
ld='cc', ldflags =' -fstack-protector-strong -L/usr/local/lib'
libpth=/usr/local/lib /usr/lib/gcc/x86_64-linux-gnu/4.9/include-fixed /usr/include/x86_64-linux-gnu /usr/lib /lib/x86_64-linux-gnu /lib/../lib /usr/lib/x86_64-linux-gnu /usr/lib/../lib /lib
libs=-lpthread -lnsl -lgdbm -ldb -ldl -lm -lcrypt -lutil -lc -lgdbm_compat
perllibs=-lpthread -lnsl -ldl -lm -lcrypt -lutil -lc
libc=libc-2.19.so, so=so, useshrplib=false, libperl=libperl.a
gnulibc_version='2.19'
Dynamic Linking:
dlsrc=dl_dlopen.xs, dlext=so, d_dlsymun=undef, ccdlflags='-Wl,-E'
cccdlflags='-fPIC', lddlflags='-shared -O2 -L/usr/local/lib -fstack-protector-strong'
Characteristics of this binary (from libperl):
Compile-time options: HAS_TIMES PERLIO_LAYERS PERL_DONT_CREATE_GVSV
PERL_HASH_FUNC_ONE_AT_A_TIME_HARD PERL_MALLOC_WRAP
PERL_NEW_COPY_ON_WRITE PERL_PRESERVE_IVUV
USE_64_BIT_ALL USE_64_BIT_INT USE_LARGE_FILES
USE_LOCALE USE_LOCALE_COLLATE USE_LOCALE_CTYPE
USE_LOCALE_NUMERIC USE_LOCALE_TIME USE_LONG_DOUBLE
USE_PERLIO USE_PERL_ATOF
Built under linux
Compiled at Jun 27 2017 20:04:01
%ENV:
PERL5LIB="/home/cpansand/.cpan/build/2019080217/Test-Mock-Guard-0.10-2/blib/arch:/home/cpansand/.cpan/build/2019080217/Test-Mock-Guard-0.10-2/blib/lib:/home/cpansand/.cpan/build/2019080217/SQL-Abstract-Limit-0.141-8/blib/arch:/home/cpansand/.cpan/build/2019080217/SQL-Abstract-Limit-0.141-8/blib/lib:/home/cpansand/.cpan/build/2019080217/SQL-Abstract-1.86-1/blib/arch:/home/cpansand/.cpan/build/2019080217/SQL-Abstract-1.86-1/blib/lib"
PERL5OPT=""
PERL5_CPANPLUS_IS_RUNNING="2353"
PERL5_CPAN_IS_RUNNING="2353"
PERL5_CPAN_IS_RUNNING_IN_RECURSION="2217,2353"
PERLDOC="-MPod::Perldoc::ToTextOverstrike"
PERL_BATCH="yes"
PERL_CANARY_STABILITY_NOPROMPT="1"
PERL_CPAN_REPORTER_CONFIG="/var/tmp/cpansmoker-1023/2019080217/cpanreporter_000_config.ini"
PERL_EXTUTILS_AUTOINSTALL="--defaultdeps"
PERL_USE_UNSAFE_INC="1"
@INC:
/home/cpansand/.cpan/build/2019080217/Test-Mock-Guard-0.10-2/blib/arch
/home/cpansand/.cpan/build/2019080217/Test-Mock-Guard-0.10-2/blib/lib
/home/cpansand/.cpan/build/2019080217/SQL-Abstract-Limit-0.141-8/blib/arch
/home/cpansand/.cpan/build/2019080217/SQL-Abstract-Limit-0.141-8/blib/lib
/home/cpansand/.cpan/build/2019080217/SQL-Abstract-1.86-1/blib/arch
/home/cpansand/.cpan/build/2019080217/SQL-Abstract-1.86-1/blib/lib
/opt/perl-5.22.3D/lib/site_perl/5.22.3/x86_64-linux-ld
/opt/perl-5.22.3D/lib/site_perl/5.22.3
/opt/perl-5.22.3D/lib/5.22.3/x86_64-linux-ld
/opt/perl-5.22.3D/lib/5.22.3
.