Image-Base-Magick v7 Perl 5 v5.20.3 MSWin32-x86-multi-thread-64int
- Status
- Fail
- From
- NONAME
- Dist
-
Image-Base-Magick v7
- Platform
- Perl 5 v5.20.3 MSWin32-x86-multi-thread-64int
- Date
- 2021-09-04 13:44:47
- ID
- d3520b36-6e05-1014-b83f-f6fb1220662c
This distribution has been tested as part of the CPAN Testers
project, supporting the Perl programming language. See
http://wiki.cpantesters.org/ for more information or email
questions to cpan-testers-discuss@perl.org
--
Dear Kevin Ryde,
This is a computer-generated report for Image-Base-Magick-7
on perl 5.20.3, created by CPAN-Reporter-1.2018.
Thank you for uploading your work to CPAN. However, there was a problem
testing your distribution.
If you think this report is invalid, please consult the CPAN Testers Wiki
for suggestions on how to avoid getting FAIL reports for missing library
or binary dependencies, unsupported operating systems, and so on:
http://wiki.cpantesters.org/wiki/CPANAuthorNotes
Sections of this report:
* Tester comments
* Program output
* Prerequisites
* Environment and other context
------------------------------
TESTER COMMENTS
------------------------------
Additional comments from tester:
none provided
------------------------------
PROGRAM OUTPUT
------------------------------
Output from 'c:\Strawberry\c\bin\dmake.exe test':
C:\"Strawberry\perl\bin\perl.exe" "-MExtUtils::Command::MM" "-MTest::Harness" "-e" "undef *Test::Harness::Switches; test_harness(0, 'blib\lib', 'blib\arch')" t/*.t
t/Magick-use.t ..... ok
# Test::Weaken version 3.022000
t/Magick-weaken.t .. ok
# Image::Magick VERSION 6.9.12
# Tempfile tempfile.png
t/Magick.t .........
Dubious, test returned 23 (wstat 5888, 0x1700)
Failed 2513/2518 subtests
Test Summary Report
-------------------
t/Magick.t (Wstat: 5888 Tests: 5 Failed: 0)
Non-zero exit status: 23
Parse errors: Bad plan. You planned 2518 tests but ran 5.
Files=3, Tests=7, 6 wallclock secs ( 0.13 usr + 0.08 sys = 0.20 CPU)
Result: FAIL
Failed 1/3 test programs. 0/7 subtests failed.
dmake.exe: Error code 151, while making 'test_dynamic'
------------------------------
PREREQUISITES
------------------------------
Prerequisite modules loaded:
requires:
Module Need Have
------------------- ----- --------
Image::Base 0 1.17
Image::Magick 0 6.9.12
perl 5.001 5.020003
build_requires:
Module Need Have
------------------- ----- --------
ExtUtils::MakeMaker 0 7.63_05
Test 0 1.26
configure_requires:
Module Need Have
------------------- ----- --------
ExtUtils::MakeMaker 0 7.63_05
------------------------------
ENVIRONMENT AND OTHER CONTEXT
------------------------------
Environment variables:
COMSPEC = C:\windows\system32\cmd.exe
NONINTERACTIVE_TESTING = 1
NUMBER_OF_PROCESSORS = 4
PATH = C:\Program Files\ImageMagick-6.9.12-Q16;C:\home\grape\perl5\bin;C:\windows\system32;C:\windows;C:\windows\System32\Wbem;C:\windows\System32\WindowsPowerShell\v1.0\;C:\Strawberry\c\bin;C:\Strawberry\perl\site\bin;C:\Strawberry\perl\bin
PERL5LIB = C:\home\grape\perl5\lib\perl5
PERL5OPT =
PERL5_CPANPLUS_IS_RUNNING = 6764
PERL5_CPAN_IS_RUNNING = 6764
PERL_LOCAL_LIB_ROOT = C:\home\grape\perl5
PERL_MB_OPT = --install_base "C:\\home\\grape\\perl5"
PERL_MM_OPT = INSTALL_BASE=C:\\home\\grape\\perl5
PERL_MM_USE_DEFAULT = 1
PERL_USE_UNSAFE_INC = 1
PROCESSOR_IDENTIFIER = x86 Family 6 Model 37 Stepping 5, GenuineIntel
TEMP = C:\Users\user\AppData\Local\Temp
TERM = dumb
Perl special variables (and OS-specific diagnostics, for MSWin32):
$^X = C:\Strawberry\perl\bin\perl.exe
$UID/$EUID = 0 / 0
$GID = 0
$EGID = 0
Win32::GetOSName = Win7
Win32::GetOSVersion = Service Pack 1, 6, 1, 7601, 2, 1, 0, 256, 1
Win32::FsType = NTFS
Win32::IsAdminUser = 0
Perl module toolchain versions installed:
Module Have
------------------- --------
CPAN 2.26
CPAN::Meta 2.150010
Cwd 3.75
ExtUtils::CBuilder 0.280236
ExtUtils::Command 7.63_05
ExtUtils::Install 2.20
ExtUtils::MakeMaker 7.63_05
ExtUtils::Manifest 1.73
ExtUtils::ParseXS 3.35
File::Spec 3.75
JSON 4.03
JSON::PP 4.06
Module::Build 0.42_28
Module::Signature 0.87
Parse::CPAN::Meta 2.150010
Test::Harness 3.36
Test::More 1.302186
YAML 1.27
YAML::Syck 1.34
version 0.9929
--
Summary of my perl5 (revision 5 version 20 subversion 3) configuration:
Platform:
osname=MSWin32, osvers=6.3, archname=MSWin32-x86-multi-thread-64int
uname='Win32 strawberry-perl 5.20.3.3 #1 Tue Mar 8 06:38:32 2016 i386'
config_args='undef'
hint=recommended, useposix=true, d_sigaction=undef
useithreads=define, usemultiplicity=define
use64bitint=define, use64bitall=undef, uselongdouble=undef
usemymalloc=n, bincompat5005=undef
Compiler:
cc='gcc', ccflags =' -s -O2 -DWIN32 -DPERL_TEXTMODE_SCRIPTS -DPERL_IMPLICIT_CONTEXT -DPERL_IMPLICIT_SYS -DUSE_PERLIO -fwrapv -fno-strict-aliasing -mms-bitfields',
optimize='-s -O2',
cppflags='-DWIN32'
ccversion='', gccversion='4.8.3', gccosandvers=''
intsize=4, longsize=4, ptrsize=4, doublesize=8, byteorder=12345678
d_longlong=define, longlongsize=8, d_longdbl=define, longdblsize=12
ivtype='long long', ivsize=8, nvtype='double', nvsize=8, Off_t='long long', lseeksize=8
alignbytes=8, prototype=define
Linker and Libraries:
ld='g++', ldflags ='-s -L"c:\Strawberry\perl\lib\CORE" -L"c:\Strawberry\c\lib"'
libpth=c:\Strawberry\c\lib c:\Strawberry\c\i686-w64-mingw32\lib c:\Strawberry\c\lib\gcc\i686-w64-mingw32\4.8.3
libs=-lmoldname -lkernel32 -luser32 -lgdi32 -lwinspool -lcomdlg32 -ladvapi32 -lshell32 -lole32 -loleaut32 -lnetapi32 -luuid -lws2_32 -lmpr -lwinmm -lversion -lodbc32 -lodbccp32 -lcomctl32
perllibs=-lmoldname -lkernel32 -luser32 -lgdi32 -lwinspool -lcomdlg32 -ladvapi32 -lshell32 -lole32 -loleaut32 -lnetapi32 -luuid -lws2_32 -lmpr -lwinmm -lversion -lodbc32 -lodbccp32 -lcomctl32
libc=, so=dll, useshrplib=true, libperl=libperl520.a
gnulibc_version=''
Dynamic Linking:
dlsrc=dl_win32.xs, dlext=xs.dll, d_dlsymun=undef, ccdlflags=' '
cccdlflags=' ', lddlflags='-mdll -s -L"c:\Strawberry\perl\lib\CORE" -L"c:\Strawberry\c\lib"'
Characteristics of this binary (from libperl):
Compile-time options: HAS_TIMES HAVE_INTERP_INTERN MULTIPLICITY
PERLIO_LAYERS PERL_DONT_CREATE_GVSV
PERL_HASH_FUNC_ONE_AT_A_TIME_HARD
PERL_IMPLICIT_CONTEXT PERL_IMPLICIT_SYS
PERL_MALLOC_WRAP PERL_NEW_COPY_ON_WRITE
PERL_PRESERVE_IVUV USE_64_BIT_INT USE_ITHREADS
USE_LARGE_FILES USE_LOCALE USE_LOCALE_COLLATE
USE_LOCALE_CTYPE USE_LOCALE_NUMERIC USE_PERLIO
USE_PERL_ATOF
Built under MSWin32
Compiled at Mar 8 2016 06:43:07
%ENV:
PERL5LIB="C:\home\grape\perl5\lib\perl5"
PERL5_CPANPLUS_IS_RUNNING="6764"
PERL5_CPAN_IS_RUNNING="6764"
PERL_LOCAL_LIB_ROOT="C:\home\grape\perl5"
PERL_MB_OPT="--install_base "C:\\home\\grape\\perl5""
PERL_MM_OPT="INSTALL_BASE=C:\\home\\grape\\perl5"
PERL_MM_USE_DEFAULT="1"
PERL_USE_UNSAFE_INC="1"
@INC:
C:\home\grape\perl5\lib\perl5/MSWin32-x86-multi-thread-64int
C:\home\grape\perl5\lib\perl5
C:/Strawberry/perl/site/lib
C:/Strawberry/perl/vendor/lib
C:/Strawberry/perl/lib
.