Report for MooseX-App-Cmd-0.27

Back
From: metabase:user:314402c4-2aae-11df-837a-5e0a49663a4f
Subject: FAIL MooseX-App-Cmd-0.27 v5.20.0 RC1 GNU/Linux
Date: 2014-05-24T15:55:28Z

This distribution has been tested as part of the CPAN Testers
project, supporting the Perl programming language.  See
http://wiki.cpantesters.org/ for more information or email
questions to cpan-testers-discuss@perl.org


--
Dear Mark Gardner,

This is a computer-generated report for MooseX-App-Cmd-0.27
on perl 5.20.0, created by CPAN-Reporter-1.2011.

Thank you for uploading your work to CPAN.  However, there was a problem
testing your distribution.

If you think this report is invalid, please consult the CPAN Testers Wiki
for suggestions on how to avoid getting FAIL reports for missing library
or binary dependencies, unsupported operating systems, and so on:

http://wiki.cpantesters.org/wiki/CPANAuthorNotes

Sections of this report:

    * Tester comments
    * Program output
    * Prerequisites
    * Environment and other context

------------------------------
TESTER COMMENTS
------------------------------

Additional comments from tester:

none provided

------------------------------
PROGRAM OUTPUT
------------------------------

Output from '/usr/bin/make test':

PERL_DL_NONLAZY=1 /opt/perl-5.20.0-RC1t/bin/perl "-MExtUtils::Command::MM" "-MTest::Harness" "-e" "undef *Test::Harness::Switches; test_harness(0, 'blib/lib', 'blib/arch')" t/*.t
t/00-compile.t .......................... ok
# Testing with Perl 5.020000, /opt/perl-5.20.0-RC1t/bin/perl
#     Any::Moose version is 0.21
#     App::Cmd version is 0.323
#     App::Cmd::Command version is 0.323
#     Carp version is 1.3301
#     Data::Dumper version is 2.151
#     English version is 1.09
#     ExtUtils::MakeMaker version is 6.98
#     File::Basename version is 2.85
#     File::Spec version is 3.47
#     Getopt::Long::Descriptive version is 0.097
#     IO::Handle version is 1.35
#     IPC::Open3 version is 1.16
#     MouseX::Getopt version is 0.35
#     Scalar::Util version is 1.38
#     Test::More version is 1.001003
#     Test::Output version is 1.03
#     Test::use::ok version is 0.11
#     YAML version is 0.90
#     base version is 2.22
#     lib version is 0.63
#     namespace::clean version is 0.25
#     strict version is 1.08
#     warnings version is 1.23
t/000-report-versions.t ................. ok
t/author-critic.t ....................... skipped: these tests are for testing by the author
t/author-test-eol.t ..................... skipped: these tests are for testing by the author

#   Failed test 'required option field is missing'
#   at t/basic.t line 71.
#                   'Mandatory parameter 'wow' missing in call to "eval"
# 
# basic.t bark [-?] [long options...]
# 	--wow              required option field
# 	-? --usage --help  Prints this usage information.
# '
#     doesn't match '(?^:Mandatory parameter 'wow' missing in call to \(eval\))'
# Looks like you failed 1 test of 12.
t/basic.t ............................... 
Dubious, test returned 1 (wstat 256, 0x100)
Failed 1/12 subtests 
t/build_emulates_new.t .................. ok

#   Failed test 'command died with the correct string'
#   at t/configfile.t line 28.
#                   'Mandatory parameter 'moo' missing in call to "eval"
# 
# configfile.t moo [-?] [long options...]
# 	--configfile        
# 	-? --usage --help  Prints this usage information.
# 	--moo              required option field
# '
#     doesn't match '(?^:Mandatory parameter 'moo' missing in call to \(eval\))'
# Looks like you failed 1 test of 3.
t/configfile.t .......................... 
Dubious, test returned 1 (wstat 256, 0x100)
Failed 1/3 subtests 
t/moose.t ............................... ok
t/mouse.t ............................... ok
t/release-changes_has_content.t ......... skipped: these tests are for release candidate testing
t/release-cpan-changes.t ................ skipped: these tests are for release candidate testing
t/release-dist-manifest.t ............... skipped: these tests are for release candidate testing
t/release-distmeta.t .................... skipped: these tests are for release candidate testing
t/release-kwalitee.t .................... skipped: these tests are for release candidate testing
t/release-localbrew-perl-latest-TEST.t .. skipped: these tests are for release candidate testing
t/release-meta-json.t ................... skipped: these tests are for release candidate testing
t/release-minimum-version.t ............. skipped: these tests are for release candidate testing
t/release-mojibake.t .................... skipped: these tests are for release candidate testing
t/release-no-tabs.t ..................... skipped: these tests are for release candidate testing
t/release-pod-coverage.t ................ skipped: these tests are for release candidate testing
t/release-pod-linkcheck.t ............... skipped: these tests are for release candidate testing
t/release-pod-syntax.t .................. skipped: these tests are for release candidate testing
t/release-portability.t ................. skipped: these tests are for release candidate testing
t/release-synopsis.t .................... skipped: these tests are for release candidate testing
t/release-test-version.t ................ skipped: these tests are for release candidate testing
t/release-unused-vars.t ................. skipped: these tests are for release candidate testing

Test Summary Report
-------------------
t/basic.t                             (Wstat: 256 Tests: 12 Failed: 1)
  Failed test:  7
  Non-zero exit status: 1
t/configfile.t                        (Wstat: 256 Tests: 3 Failed: 1)
  Failed test:  1
  Non-zero exit status: 1
Files=26, Tests=47,  3 wallclock secs ( 0.09 usr  0.16 sys +  1.73 cusr  0.42 csys =  2.40 CPU)
Result: FAIL
Failed 2/26 test programs. 2/47 subtests failed.
make: *** [test_dynamic] Fehler 255

------------------------------
PREREQUISITES
------------------------------

Prerequisite modules loaded:

requires:

    Module                    Need  Have    
    ------------------------- ----- --------
    Any::Moose                0     0.21    
    App::Cmd                  0.321 0.323   
    App::Cmd::Command         0     0.323   
    English                   0     1.09    
    File::Basename            0     2.85    
    Getopt::Long::Descriptive 0.091 0.097   
    MouseX::Getopt            0     0.35    
    namespace::clean          0     0.25    
    Test::use::ok             0     0.11    

build_requires:

    Module                    Need  Have    
    ------------------------- ----- --------
    base                      0     2.22    
    Carp                      0     1.3301  
    Data::Dumper              0     2.151   
    ExtUtils::MakeMaker       0     6.98    
    File::Spec                0     3.47    
    IO::Handle                0     1.35    
    IPC::Open3                0     1.16    
    lib                       0     0.63    
    Scalar::Util              0     1.38    
    strict                    0     1.08    
    Test::More                0.94  1.001003
    Test::Output              0     1.03    
    warnings                  0     1.23    
    YAML                      0     0.90    

configure_requires:

    Module                    Need  Have    
    ------------------------- ----- --------
    ExtUtils::MakeMaker       6.30  6.98    


------------------------------
ENVIRONMENT AND OTHER CONTEXT
------------------------------

Environment variables:

    DBIC_NO_WARN_BAD_PERL = 1
    LANG = C
    LC_ALL = de_DE.UTF-8
    PATH = /usr/local/bin:/usr/bin:/bin:/usr/local/sbin:/usr/sbin:/sbin:/home/eserte/bin/linux-gnu:/home/eserte/bin/sh:/home/eserte/bin:/usr/games:/home/eserte/devel:/home/eserte/src/srezic-misc/scripts
    PERL5LIB = 
    PERL5OPT = 
    PERL5_CPANPLUS_IS_RUNNING = 7455
    PERL5_CPAN_IS_RUNNING = 7455
    PERL5_CPAN_IS_RUNNING_IN_RECURSION = 6544,7455
    PERLDOC = -MPod::Perldoc::ToTextOverstrike
    PERL_BATCH = yes
    PERL_CPAN_REPORTER_CONFIG = /var/tmp/cpansmoker-1001/LoWG8GGAsY_config.ini
    PERL_EXTUTILS_AUTOINSTALL = --defaultdeps
    PERL_HTML_DISPLAY_CLASS = HTML::Display::Mozilla
    PERL_PARALLEL_SMOKER = yes
    SHELL = /bin/zsh
    TERM = screen
    TMPDIR = /var/tmp/cpansmoker-1001

Perl special variables (and OS-specific diagnostics, for MSWin32):

    $^X = /opt/perl-5.20.0-RC1t/bin/perl
    $UID/$EUID = 1001 / 1001
    $GID = 1001 109 1001
    $EGID = 1001 109 1001

Perl module toolchain versions installed:

    Module              Have    
    ------------------- --------
    CPAN                2.05    
    CPAN::Meta          2.140640
    Cwd                 3.47    
    ExtUtils::CBuilder  0.280216
    ExtUtils::Command   1.18    
    ExtUtils::Install   1.67    
    ExtUtils::MakeMaker 6.98    
    ExtUtils::Manifest  1.63    
    ExtUtils::ParseXS   3.24    
    File::Spec          3.47    
    JSON                2.90    
    JSON::PP            2.27203 
    Module::Build       0.4205  
    Module::Signature   n/a     
    Parse::CPAN::Meta   1.4414  
    Test::Harness       3.30    
    Test::More          1.001003
    YAML                0.90    
    YAML::Syck          1.27    
    version             0.9908  


--

Summary of my perl5 (revision 5 version 20 subversion 0) configuration:
   
  Platform:
    osname=linux, osvers=3.2.0-4-amd64, archname=x86_64-linux-thread-multi
    uname='linux eserte 3.2.0-4-amd64 #1 smp debian 3.2.57-3 x86_64 gnulinux '
    config_args='-ds -e -Dprefix=/opt/perl-5.20.0-RC1t -Dusethreads'
    hint=recommended, useposix=true, d_sigaction=define
    useithreads=define, usemultiplicity=define
    use64bitint=define, use64bitall=define, uselongdouble=undef
    usemymalloc=n, bincompat5005=undef
  Compiler:
    cc='cc', ccflags ='-D_REENTRANT -D_GNU_SOURCE -fwrapv -fno-strict-aliasing -pipe -fstack-protector -I/usr/local/include -D_LARGEFILE_SOURCE -D_FILE_OFFSET_BITS=64',
    optimize='-O2',
    cppflags='-D_REENTRANT -D_GNU_SOURCE -fwrapv -fno-strict-aliasing -pipe -fstack-protector -I/usr/local/include'
    ccversion='', gccversion='4.7.2', gccosandvers=''
    intsize=4, longsize=8, ptrsize=8, doublesize=8, byteorder=12345678
    d_longlong=define, longlongsize=8, d_longdbl=define, longdblsize=16
    ivtype='long', ivsize=8, nvtype='double', nvsize=8, Off_t='off_t', lseeksize=8
    alignbytes=8, prototype=define
  Linker and Libraries:
    ld='cc', ldflags =' -fstack-protector -L/usr/local/lib'
    libpth=/usr/local/lib /usr/lib/gcc/x86_64-linux-gnu/4.7/include-fixed /usr/include/x86_64-linux-gnu /usr/lib /lib/x86_64-linux-gnu /lib/../lib /usr/lib/x86_64-linux-gnu /usr/lib/../lib /lib
    libs=-lnsl -ldb -ldl -lm -lcrypt -lutil -lpthread -lc
    perllibs=-lnsl -ldl -lm -lcrypt -lutil -lpthread -lc
    libc=libc-2.13.so, so=so, useshrplib=false, libperl=libperl.a
    gnulibc_version='2.13'
  Dynamic Linking:
    dlsrc=dl_dlopen.xs, dlext=so, d_dlsymun=undef, ccdlflags='-Wl,-E'
    cccdlflags='-fPIC', lddlflags='-shared -O2 -L/usr/local/lib -fstack-protector'


Characteristics of this binary (from libperl): 
  Compile-time options: HAS_TIMES MULTIPLICITY PERLIO_LAYERS
                        PERL_DONT_CREATE_GVSV
                        PERL_HASH_FUNC_ONE_AT_A_TIME_HARD
                        PERL_IMPLICIT_CONTEXT PERL_MALLOC_WRAP
                        PERL_NEW_COPY_ON_WRITE PERL_PRESERVE_IVUV
                        USE_64_BIT_ALL USE_64_BIT_INT USE_ITHREADS
                        USE_LARGE_FILES USE_LOCALE USE_LOCALE_COLLATE
                        USE_LOCALE_CTYPE USE_LOCALE_NUMERIC USE_PERLIO
                        USE_PERL_ATOF USE_REENTRANT_API
  Locally applied patches:
	RC1
  Built under linux
  Compiled at May 23 2014 09:12:16
  %ENV:
    PERL5LIB=""
    PERL5OPT=""
    PERL5_CPANPLUS_IS_RUNNING="7455"
    PERL5_CPAN_IS_RUNNING="7455"
    PERL5_CPAN_IS_RUNNING_IN_RECURSION="6544,7455"
    PERLDOC="-MPod::Perldoc::ToTextOverstrike"
    PERL_BATCH="yes"
    PERL_CPAN_REPORTER_CONFIG="/var/tmp/cpansmoker-1001/LoWG8GGAsY_config.ini"
    PERL_EXTUTILS_AUTOINSTALL="--defaultdeps"
    PERL_HTML_DISPLAY_CLASS="HTML::Display::Mozilla"
    PERL_PARALLEL_SMOKER="yes"
  @INC:
    /opt/perl-5.20.0-RC1t/lib/site_perl/5.20.0/x86_64-linux-thread-multi
    /opt/perl-5.20.0-RC1t/lib/site_perl/5.20.0
    /opt/perl-5.20.0-RC1t/lib/5.20.0/x86_64-linux-thread-multi
    /opt/perl-5.20.0-RC1t/lib/5.20.0
    .