Back
From: metabase:user:30f0bd62-2aae-11df-837a-5e0a49663a4f
Subject: FAIL CPAN-IndexPod-0.25 v5.16.2 OpenBSD
Date: 2012-12-23T00:15:17Z
This distribution has been tested as part of the CPAN Testers
project, supporting the Perl programming language. See
http://wiki.cpantesters.org/ for more information or email
questions to cpan-testers-discuss@perl.org
--
Dear Leon Brocard,
This is a computer-generated report for CPAN-IndexPod-0.25
on perl 5.16.2, created by CPAN-Reporter-1.2006.
Thank you for uploading your work to CPAN. However, there was a problem
testing your distribution.
If you think this report is invalid, please consult the CPAN Testers Wiki
for suggestions on how to avoid getting FAIL reports for missing library
or binary dependencies, unsupported operating systems, and so on:
http://wiki.cpantesters.org/wiki/CPANAuthorNotes
Sections of this report:
* Tester comments
* Program output
* Prerequisites
* Environment and other context
------------------------------
TESTER COMMENTS
------------------------------
Additional comments from tester:
this report is from an automated smoke testing program
and was not reviewed by a human for accuracy
------------------------------
PROGRAM OUTPUT
------------------------------
Output from '/usr/bin/make test':
PERL_DL_NONLAZY=1 /home/sts/cpansmoke/perl-5.16.2/bin/perl "-MExtUtils::Command::MM" "-e" "test_harness(0, 'blib/lib', 'blib/arch')" t/*.t
t/pod.t ........... skipped: Test::Pod 1.14 required for testing POD
t/pod_coverage.t .. skipped: Test::Pod::Coverage 1.04 required for testing POD coverage
# Failed test 'use CPAN::IndexPod;'
# at t/simple.t line 8.
# Tried to use 'CPAN::IndexPod'.
# Error: KinoSearch::InvIndexer has been replaced by KinoSearch::Index::Indexer. at /home/sts/cpansmoke/perl-5.16.2/cpan/build/KinoSearch-0.315-kGUGWn/blib/lib/KinoSearch/InvIndexer.pm line 3.
# require KinoSearch/InvIndexer.pm called at lib/CPAN/IndexPod.pm line 6
# CPAN::IndexPod::BEGIN() called at /home/sts/cpansmoke/perl-5.16.2/cpan/build/KinoSearch-0.315-kGUGWn/blib/lib/KinoSearch/InvIndexer.pm line 0
# eval {...} called at /home/sts/cpansmoke/perl-5.16.2/cpan/build/KinoSearch-0.315-kGUGWn/blib/lib/KinoSearch/InvIndexer.pm line 0
# require CPAN/IndexPod.pm called at (eval 4) line 2
# main::BEGIN() called at /home/sts/cpansmoke/perl-5.16.2/cpan/build/KinoSearch-0.315-kGUGWn/blib/lib/KinoSearch/InvIndexer.pm line 0
# eval {...} called at /home/sts/cpansmoke/perl-5.16.2/cpan/build/KinoSearch-0.315-kGUGWn/blib/lib/KinoSearch/InvIndexer.pm line 0
# eval 'package main;
# use CPAN::IndexPod @{$args[0]};
# 1;
#
# ;' called at /home/sts/cpansmoke/perl-5.16.2/lib/5.16.2/Test/More.pm line 885
# Test::More::_eval('package main;\x{a}use CPAN::IndexPod @{$args[0]};\x{a}1;\x{a}', 'ARRAY(0x3c087fe4)') called at /home/sts/cpansmoke/perl-5.16.2/lib/5.16.2/Test/More.pm line 860
# Test::More::use_ok('CPAN::IndexPod') called at t/simple.t line 8
# Compilation failed in require at lib/CPAN/IndexPod.pm line 6.
# BEGIN failed--compilation aborted at lib/CPAN/IndexPod.pm line 6.
# Compilation failed in require at (eval 4) line 2.
# BEGIN failed--compilation aborted at (eval 4) line 2.
Can't locate object method "new" via package "CPAN::IndexPod" at t/simple.t line 16.
# Looks like you planned 12 tests but ran 2.
# Looks like you failed 1 test of 2 run.
# Looks like your test exited with 2 just after 2.
t/simple.t ........
Dubious, test returned 2 (wstat 512, 0x200)
Failed 11/12 subtests
Test Summary Report
-------------------
t/simple.t (Wstat: 512 Tests: 2 Failed: 1)
Failed test: 1
Non-zero exit status: 2
Parse errors: Bad plan. You planned 12 tests but ran 2.
Files=3, Tests=2, 1 wallclock secs ( 0.03 usr 0.00 sys + 0.18 cusr 0.03 csys = 0.24 CPU)
Result: FAIL
Failed 1/3 test programs. 1/2 subtests failed.
*** Error code 2
Stop in /home/sts/cpansmoke/perl-5.16.2/cpan/build/CPAN-IndexPod-0.25-spwvgv (line 831 of Makefile).
------------------------------
PREREQUISITES
------------------------------
Prerequisite modules loaded:
requires:
Module Need Have
------------------------ ---- -------
Class::Accessor::Chained 0 0.01
File::Find::Rule 0 0.33
KinoSearch 0 0.315
Pod::Simple 0 3.20
Test::More 0 0.98
build_requires:
Module Need Have
------------------------ ---- -------
ExtUtils::MakeMaker 0 6.63_02
------------------------------
ENVIRONMENT AND OTHER CONTEXT
------------------------------
Environment variables:
AUTOMATED_TESTING = 1
PATH = /home/sts/bin:/bin:/sbin:/usr/bin:/usr/sbin:/usr/X11R6/bin:/usr/local/bin:/usr/local/sbin:/usr/games:.
PERL5LIB = /home/sts/cpansmoke/perl-5.16.2/cpan/build/KinoSearch-0.315-kGUGWn/blib/arch:/home/sts/cpansmoke/perl-5.16.2/cpan/build/KinoSearch-0.315-kGUGWn/blib/lib:/home/sts/cpansmoke/perl-5.16.2/cpan/build/Parse-RecDescent-1.967009-Hn6m1o/blib/arch:/home/sts/cpansmoke/perl-5.16.2/cpan/build/Parse-RecDescent-1.967009-Hn6m1o/blib/lib:/home/sts/cpansmoke/perl-5.16.2/cpan/build/Lingua-Stem-Snowball-0.952-xRC0Fu/blib/arch:/home/sts/cpansmoke/perl-5.16.2/cpan/build/Lingua-Stem-Snowball-0.952-xRC0Fu/blib/lib:/home/sts/cpansmoke/perl-5.16.2/cpan/build/Lingua-StopWords-0.09-HoFRh6/blib/arch:/home/sts/cpansmoke/perl-5.16.2/cpan/build/Lingua-StopWords-0.09-HoFRh6/blib/lib:/home/sts/cpansmoke/perl-5.16.2/cpan/build/Class-Accessor-Chained-0.01-mriiuR/blib/arch:/home/sts/cpansmoke/perl-5.16.2/cpan/build/Class-Accessor-Chained-0.01-mriiuR/blib/lib:/home/sts/cpansmoke/perl-5.16.2/cpan/build/Class-Accessor-0.34-MBQi3v/blib/arch:/home/sts/cpansmoke/perl-5.16.2/cpan/build/Class-Accessor-0.34-MBQi3v/blib/lib
PERL5OPT =
PERL5_CPANPLUS_IS_RUNNING = 12048
PERL5_CPAN_IS_RUNNING = 12048
PERL5_CPAN_IS_RUNNING_IN_RECURSION = 21152,12048
PERL_CR_SMOKER_CURRENT = CPAN-IndexPod-0.25
PERL_EXTUTILS_AUTOINSTALL = --defaultdeps
PERL_MM_USE_DEFAULT = 1
SHELL = /usr/local/bin/bash
TERM = screen
TMPDIR = /home/sts/cpansmoke/tmp
Perl special variables (and OS-specific diagnostics, for MSWin32):
$^X = /home/sts/cpansmoke/perl-5.16.2/bin/perl
$UID/$EUID = 1000 / 1000
$GID = 10 10 0
$EGID = 10 10 0
Perl module toolchain versions installed:
Module Have
------------------- --------
CPAN 1.9800
CPAN::Meta 2.120630
Cwd 3.39_02
ExtUtils::CBuilder 0.280206
ExtUtils::Command 1.17
ExtUtils::Install 1.58
ExtUtils::MakeMaker 6.63_02
ExtUtils::Manifest 1.61
ExtUtils::ParseXS 3.16
File::Spec 3.39_02
JSON 2.53
JSON::PP 2.27200
Module::Build 0.39_01
Module::Signature n/a
Parse::CPAN::Meta 1.4402
Test::Harness 3.23
Test::More 0.98
YAML n/a
YAML::Syck n/a
version 0.99
--
Summary of my perl5 (revision 5 version 16 subversion 2) configuration:
Platform:
osname=openbsd, osvers=5.2, archname=OpenBSD.i386-openbsd-thread-multi
uname='openbsd cpansmoke3 5.2 generic.mp#339 i386 '
config_args='-des -Dusethreads -Dprefix=/home/sts/cpansmoke/perl-5.16.2'
hint=recommended, useposix=true, d_sigaction=define
useithreads=define, usemultiplicity=define
useperlio=define, d_sfio=undef, uselargefiles=define, usesocks=undef
use64bitint=undef, use64bitall=undef, uselongdouble=undef
usemymalloc=y, bincompat5005=undef
Compiler:
cc='cc', ccflags ='-pthread -fno-strict-aliasing -pipe -fstack-protector -I/usr/local/include',
optimize='-O2',
cppflags='-pthread -fno-strict-aliasing -pipe -fstack-protector -I/usr/local/include'
ccversion='', gccversion='4.2.1 20070719 ', gccosandvers='openbsd5.2'
intsize=4, longsize=4, ptrsize=4, doublesize=8, byteorder=1234
d_longlong=define, longlongsize=8, d_longdbl=define, longdblsize=12
ivtype='long', ivsize=4, nvtype='double', nvsize=8, Off_t='off_t', lseeksize=8
alignbytes=4, prototype=define
Linker and Libraries:
ld='cc', ldflags ='-pthread -Wl,-E -fstack-protector -L/usr/local/lib'
libpth=/usr/local/lib /usr/lib
libs=-lgdbm -lm -lutil -lc
perllibs=-lm -lutil -lc
libc=/usr/lib/libc.so.65.0, so=so, useshrplib=false, libperl=libperl.a
gnulibc_version=''
Dynamic Linking:
dlsrc=dl_dlopen.xs, dlext=so, d_dlsymun=undef, ccdlflags=' '
cccdlflags='-DPIC -fPIC ', lddlflags='-shared -fPIC -L/usr/local/lib -fstack-protector'
Characteristics of this binary (from libperl):
Compile-time options: HAS_TIMES MULTIPLICITY MYMALLOC PERLIO_LAYERS
PERL_DONT_CREATE_GVSV PERL_IMPLICIT_CONTEXT
PERL_MALLOC_WRAP PERL_PRESERVE_IVUV USE_ITHREADS
USE_LARGE_FILES USE_LOCALE USE_LOCALE_COLLATE
USE_LOCALE_CTYPE USE_LOCALE_NUMERIC USE_PERLIO
USE_PERL_ATOF USE_REENTRANT_API
Built under openbsd
Compiled at Dec 9 2012 16:40:35
%ENV:
PERL5LIB="/home/sts/cpansmoke/perl-5.16.2/cpan/build/KinoSearch-0.315-kGUGWn/blib/arch:/home/sts/cpansmoke/perl-5.16.2/cpan/build/KinoSearch-0.315-kGUGWn/blib/lib:/home/sts/cpansmoke/perl-5.16.2/cpan/build/Parse-RecDescent-1.967009-Hn6m1o/blib/arch:/home/sts/cpansmoke/perl-5.16.2/cpan/build/Parse-RecDescent-1.967009-Hn6m1o/blib/lib:/home/sts/cpansmoke/perl-5.16.2/cpan/build/Lingua-Stem-Snowball-0.952-xRC0Fu/blib/arch:/home/sts/cpansmoke/perl-5.16.2/cpan/build/Lingua-Stem-Snowball-0.952-xRC0Fu/blib/lib:/home/sts/cpansmoke/perl-5.16.2/cpan/build/Lingua-StopWords-0.09-HoFRh6/blib/arch:/home/sts/cpansmoke/perl-5.16.2/cpan/build/Lingua-StopWords-0.09-HoFRh6/blib/lib:/home/sts/cpansmoke/perl-5.16.2/cpan/build/Class-Accessor-Chained-0.01-mriiuR/blib/arch:/home/sts/cpansmoke/perl-5.16.2/cpan/build/Class-Accessor-Chained-0.01-mriiuR/blib/lib:/home/sts/cpansmoke/perl-5.16.2/cpan/build/Class-Accessor-0.34-MBQi3v/blib/arch:/home/sts/cpansmoke/perl-5.16.2/cpan/build/Class-Accessor-0.34-MBQi3v/blib/lib"
PERL5OPT=""
PERL5_CPANPLUS_IS_RUNNING="12048"
PERL5_CPAN_IS_RUNNING="12048"
PERL5_CPAN_IS_RUNNING_IN_RECURSION="21152,12048"
PERL_CR_SMOKER_CURRENT="CPAN-IndexPod-0.25"
PERL_EXTUTILS_AUTOINSTALL="--defaultdeps"
PERL_MM_USE_DEFAULT="1"
@INC:
/home/sts/cpansmoke/perl-5.16.2/cpan/build/KinoSearch-0.315-kGUGWn/blib/arch
/home/sts/cpansmoke/perl-5.16.2/cpan/build/KinoSearch-0.315-kGUGWn/blib/lib
/home/sts/cpansmoke/perl-5.16.2/cpan/build/Parse-RecDescent-1.967009-Hn6m1o/blib/arch
/home/sts/cpansmoke/perl-5.16.2/cpan/build/Parse-RecDescent-1.967009-Hn6m1o/blib/lib
/home/sts/cpansmoke/perl-5.16.2/cpan/build/Lingua-Stem-Snowball-0.952-xRC0Fu/blib/arch
/home/sts/cpansmoke/perl-5.16.2/cpan/build/Lingua-Stem-Snowball-0.952-xRC0Fu/blib/lib
/home/sts/cpansmoke/perl-5.16.2/cpan/build/Lingua-StopWords-0.09-HoFRh6/blib/arch
/home/sts/cpansmoke/perl-5.16.2/cpan/build/Lingua-StopWords-0.09-HoFRh6/blib/lib
/home/sts/cpansmoke/perl-5.16.2/cpan/build/Class-Accessor-Chained-0.01-mriiuR/blib/arch
/home/sts/cpansmoke/perl-5.16.2/cpan/build/Class-Accessor-Chained-0.01-mriiuR/blib/lib
/home/sts/cpansmoke/perl-5.16.2/cpan/build/Class-Accessor-0.34-MBQi3v/blib/arch
/home/sts/cpansmoke/perl-5.16.2/cpan/build/Class-Accessor-0.34-MBQi3v/blib/lib
/home/sts/cpansmoke/perl-5.16.2/lib/site_perl/5.16.2/OpenBSD.i386-openbsd-thread-multi
/home/sts/cpansmoke/perl-5.16.2/lib/site_perl/5.16.2
/home/sts/cpansmoke/perl-5.16.2/lib/5.16.2/OpenBSD.i386-openbsd-thread-multi
/home/sts/cpansmoke/perl-5.16.2/lib/5.16.2
.