GHCN vv0.22.258 Perl 5 v5.26.2 x86_64-linux

Status
Fail
From
Chris Williams (BINGOS)
Dist
GHCN vv0.22.258
Platform
Perl 5 v5.26.2 x86_64-linux
Date
2022-09-16T14:28:29
ID
d57069c4-35cb-11ed-8f4e-c962458f5e5b
This distribution has been tested as part of the CPAN Testers
project, supporting the Perl programming language.  See
http://wiki.cpantesters.org/ for more information or email
questions to cpan-testers-discuss@perl.org


--

Dear PUCKERING,

This is a computer-generated error report created automatically by
CPANPLUS, version 0.9914. Testers personal comments may appear
at the end of this report.


Thank you for uploading your work to CPAN.  However, it appears that
there were some problems testing your distribution.

TEST RESULTS:

Below is the error stack from stage 'make test':

PERL_DL_NONLAZY=1 "/home/cpan/pit/bare/perl-5.26.2/bin/perl" "-MExtUtils::Command::MM" "-MTest::Harness" "-e" "undef *Test::Harness::Switches; test_harness(0, 'blib/lib', 'blib/arch')" t/*.t
# 
# Versions for all modules listed in MYMETA.json (including optional ones):
# 
# === Configure Requires ===
# 
#     Module              Want Have
#     ------------------- ---- ----
#     ExtUtils::MakeMaker  any 7.64
# 
# === Build Requires ===
# 
#     Module              Want Have
#     ------------------- ---- ----
#     ExtUtils::MakeMaker  any 7.64
# 
# === Test Requires ===
# 
#     Module              Want     Have
#     ------------------- ---- --------
#     Capture::Tiny        any     0.48
#     ExtUtils::MakeMaker  any     7.64
#     File::Path           any     2.18
#     File::Spec           any     3.75
#     File::Temp           any   0.2311
#     Test::Exception      any     0.43
#     Test::More           any 1.302190
#     lib                  any     0.64
# 
# === Test Recommends ===
# 
#     Module         Want     Have
#     ---------- -------- --------
#     CPAN::Meta 2.120900 2.150010
# 
# === Runtime Requires ===
# 
#     Module                    Want      Have
#     ------------------------- ---- ---------
#     Cache::FileCache           any     undef
#     Carp                       any      1.42
#     Const::Fast                any     0.014
#     ControlBreak               any v0.22.244
#     Devel::Size                any      0.83
#     English                    any      1.10
#     Exporter                   any      5.72
#     File::HomeDir              any     1.006
#     File::Spec                 any      3.75
#     FindBin                    any      1.51
#     GIS::Distance              any      0.19
#     Getopt::Long               any      2.49
#     HTML::Entities             any      3.78
#     Hash::Wrap                 any      0.22
#     List::Util                 any   1.46_02
#     Module::Load::Conditional  any      0.74
#     Object::Pad               0.66      0.68
#     Pod::Usage                 any      1.69
#     Set::IntSpan::Fast         any      1.15
#     Text::Abbrev               any      1.02
#     Time::HiRes                any    1.9741
#     Try::Tiny                  any      0.31
#     URI::Fetch                 any      0.15
#     YAML::Tiny                 any      1.73
#     base                       any      2.26
#     feature                    any      1.47
#     if                         any    0.0606
#     parent                     any     0.236
#     strict                     any      1.11
#     warnings                   any      1.37
# 
t/00-report-prereqs.t ........... ok
t/00_initialize_test_env.t ...... ok
t/11_common.t ................... ok
t/12_country_codes.t ............ ok
t/13_measures.t ................. ok
t/14_options.t .................. ok
t/21_station.t .................. ok
*E* unreadable config file: /home/cpan/fake/.ghcn_fetch.yaml at /home/cpan/pit/bare/perl-5.26.2/lib/site_perl/5.26.2/Test/Builder.pm line 374.
# Looks like your test exited with 255 just after 3.
t/22_station_table_subs.t ....... 
Dubious, test returned 255 (wstat 65280, 0xff00)
Failed 7/10 subtests 
creating or refreshing cache: /home/cpan/pit/bare/conf/perl-5.26.2/.cpanplus/5.26.2/build/r3a0_PJIQt/GHCN-v0.22.258/t/ghcn_cache/ghcn
*E* unable to fetch data from https://www1.ncdc.noaa.gov/pub/data/ghcn/daily/ghcnd-stations.txt: Protocol scheme 'https' is not supported (LWP::Protocol::https not installed)
 at /home/cpan/pit/bare/perl-5.26.2/lib/site_perl/5.26.2/Test/Builder.pm line 374.
# Looks like your test exited with 2 just after 3.
t/31_station_table_synthesis.t .. 
Dubious, test returned 2 (wstat 512, 0x200)
Failed 13/16 subtests 
t/81_timing_stats.t ............. ok
*E* unable to fetch data from https://www1.ncdc.noaa.gov/pub/data/ghcn/daily/ghcnd-stations.txt: unknown error
 at /home/cpan/pit/bare/conf/perl-5.26.2/.cpanplus/5.26.2/build/r3a0_PJIQt/GHCN-v0.22.258/t/../lib/App/GHCN/Fetch.pm line 283.
# Looks like your test exited with 255 before it could output anything.
t/91_ghcn_fetch.t ............... 
Dubious, test returned 255 (wstat 65280, 0xff00)
Failed 7/7 subtests 
t/92_ghcn_extremes.t ............ ok
t/93_ghcn_station_counts.t ...... ok

Test Summary Report
-------------------
t/22_station_table_subs.t     (Wstat: 65280 (exited 255) Tests: 3 Failed: 0)
  Non-zero exit status: 255
  Parse errors: Bad plan.  You planned 10 tests but ran 3.
t/31_station_table_synthesis.t (Wstat: 512 (exited 2) Tests: 3 Failed: 0)
  Non-zero exit status: 2
  Parse errors: Bad plan.  You planned 16 tests but ran 3.
t/91_ghcn_fetch.t             (Wstat: 65280 (exited 255) Tests: 0 Failed: 0)
  Non-zero exit status: 255
  Parse errors: Bad plan.  You planned 7 tests but ran 0.
Files=13, Tests=107,  2 wallclock secs ( 0.06 usr  0.02 sys +  1.70 cusr  0.24 csys =  2.02 CPU)
Result: FAIL
Failed 3/13 test programs. 0/107 subtests failed.
make: *** [Makefile:998: test_dynamic] Error 255


PREREQUISITES:

Here is a list of prerequisites you specified and versions we
managed to load:

	  Module Name                        Have     Want
	  Cache::FileCache                      0        0
	  Capture::Tiny                      0.48        0
	  Carp                               1.42        0
	  Const::Fast                       0.014        0
	  ControlBreak                   v0.22.244        0
	  Devel::Size                        0.83        0
	  English                            1.10        0
	  Exporter                           5.72        0
	  ExtUtils::MakeMaker                7.64        0
	  File::HomeDir                     1.006        0
	  File::Path                         2.18        0
	  File::Spec                         3.75        0
	  File::Temp                       0.2311        0
	  FindBin                            1.51        0
	  GIS::Distance                      0.19        0
	  Getopt::Long                       2.49        0
	  HTML::Entities                     3.78        0
	  Hash::Wrap                         0.22        0
	  List::Util                      1.46_02        0
	  Module::Load::Conditional          0.74        0
	  Object::Pad                        0.68     0.66
	  Pod::Usage                         1.69        0
	  Set::IntSpan::Fast                 1.15        0
	  Test::Exception                    0.43        0
	  Test::More                     1.302190        0
	  Text::Abbrev                       1.02        0
	  Time::HiRes                      1.9741        0
	  Try::Tiny                          0.31        0
	  URI::Fetch                         0.15        0
	  YAML::Tiny                         1.73        0
	  base                               2.26        0
	  feature                            1.47        0
	  if                               0.0606        0
	  lib                                0.64        0
	  parent                            0.236        0
	  strict                             1.11        0
	  warnings                           1.37        0

Perl module toolchain versions installed:
	Module Name                        Have
	CPANPLUS                         0.9914
	CPANPLUS::Dist::Build              0.90
	Cwd                                3.75
	ExtUtils::CBuilder             0.280236
	ExtUtils::Command                  7.64
	ExtUtils::Install                  2.20
	ExtUtils::MakeMaker                7.64
	ExtUtils::Manifest                 1.73
	ExtUtils::ParseXS                  3.44
	File::Spec                         3.75
	Module::Build                    0.4231
	Pod::Parser                        1.63
	Pod::Simple                        3.35
	Test2                          1.302190
	Test::Harness                      3.44
	Test::More                     1.302190
	version                          0.9929

******************************** NOTE ********************************
The comments above are created mechanically, possibly without manual
checking by the sender.  As there are many people performing automatic
tests on each upload to CPAN, it is likely that you will receive
identical messages about the same problem.

If you believe that the message is mistaken, please reply to the first
one with correction and/or additional informations, and do not take
it personally.  We appreciate your patience. :)
**********************************************************************

Additional comments:


This report was machine-generated by CPANPLUS::Dist::YACSmoke 1.08.
Powered by minismokebox version 0.68

CPANPLUS is prefering Build.PL

------------------------------
ENVIRONMENT AND OTHER CONTEXT
------------------------------

Environment variables:

    AUTOMATED_TESTING = 1
    LANG = C.UTF-8
    LC_COLLATE = C
    NONINTERACTIVE_TESTING = 1
    PATH = /home/cpan/pit/bare/conf/perl-5.26.2/.cpanplus/5.26.2/build/r3a0_PJIQt/GHCN-v0.22.258/blib/script:/usr/local/sbin:/usr/local/bin:/usr/sbin:/usr/bin:/sbin:/bin
    PERL5LIB = /home/cpan/pit/jail/r_Cd94X1JT/lib/perl5:/home/cpan/pit/bare/conf/perl-5.26.2/.cpanplus/5.26.2/build/r3a0_PJIQt/GHCN-v0.22.258/blib/lib:/home/cpan/pit/bare/conf/perl-5.26.2/.cpanplus/5.26.2/build/r3a0_PJIQt/GHCN-v0.22.258/blib/arch
    PERL5_CPANPLUS_IS_RUNNING = 21863
    PERL5_CPANPLUS_IS_VERSION = 0.9914
    PERL5_MINISMOKEBOX = 0.68
    PERL5_YACSMOKE_BASE = /home/cpan/pit/bare/conf/perl-5.26.2
    PERL_EXTUTILS_AUTOINSTALL = --defaultdeps
    PERL_LOCAL_LIB_ROOT = /home/cpan/pit/jail/r_Cd94X1JT
    PERL_MB_OPT = --install_base "/home/cpan/pit/jail/r_Cd94X1JT"
    PERL_MM_OPT = INSTALL_BASE=/home/cpan/pit/jail/r_Cd94X1JT
    PERL_MM_USE_DEFAULT = 1
    SHELL = /bin/bash
    TERM = screen

Perl special variables (and OS-specific diagnostics, for MSWin32):

    Perl: $^X = /home/cpan/pit/bare/perl-5.26.2/bin/perl
    UID:  $<  = 1001
    EUID: $>  = 1001
    GID:  $(  = 1001 1001
    EGID: $)  = 1001 1001


-------------------------------


--

Summary of my perl5 (revision 5 version 26 subversion 2) configuration:
   
  Platform:
    osname=linux
    osvers=5.10.16-0-lts
    archname=x86_64-linux
    uname='linux agaric 5.10.16-0-lts #1-alpine smp wed, 17 feb 2021 08:17:06 utc x86_64 linux '
    config_args='-des -Dprefix=/home/cpan/pit/bare/perl-5.26.2'
    hint=recommended
    useposix=true
    d_sigaction=define
    useithreads=undef
    usemultiplicity=undef
    use64bitint=define
    use64bitall=define
    uselongdouble=undef
    usemymalloc=n
    default_inc_excludes_dot=define
    bincompat5005=undef
  Compiler:
    cc='cc'
    ccflags ='-D_GNU_SOURCE -fwrapv -fno-strict-aliasing -pipe -fstack-protector-strong -D_LARGEFILE_SOURCE -D_FILE_OFFSET_BITS=64'
    optimize='-O2'
    cppflags='-D_GNU_SOURCE -fwrapv -fno-strict-aliasing -pipe -fstack-protector-strong'
    ccversion=''
    gccversion='10.2.1 20201203'
    gccosandvers=''
    intsize=4
    longsize=8
    ptrsize=8
    doublesize=8
    byteorder=12345678
    doublekind=3
    d_longlong=define
    longlongsize=8
    d_longdbl=define
    longdblsize=16
    longdblkind=3
    ivtype='long'
    ivsize=8
    nvtype='double'
    nvsize=8
    Off_t='off_t'
    lseeksize=8
    alignbytes=8
    prototype=define
  Linker and Libraries:
    ld='cc'
    ldflags =' -fstack-protector-strong -L/usr/local/lib'
    libpth=/usr/include/fortify /usr/lib /usr/local/lib /lib/../lib /usr/lib/../lib /lib
    libs=-lpthread -lgdbm -ldl -lm -lcrypt -lutil -lc -lgdbm_compat
    perllibs=-lpthread -ldl -lm -lcrypt -lutil -lc
    libc=/usr/lib/libc.a
    so=so
    useshrplib=false
    libperl=libperl.a
    gnulibc_version=''
  Dynamic Linking:
    dlsrc=dl_dlopen.xs
    dlext=so
    d_dlsymun=undef
    ccdlflags='-Wl,-E'
    cccdlflags='-fPIC'
    lddlflags='-shared -O2 -L/usr/local/lib -fstack-protector-strong'


Characteristics of this binary (from libperl): 
  Compile-time options:
    HAS_TIMES
    PERLIO_LAYERS
    PERL_COPY_ON_WRITE
    PERL_DONT_CREATE_GVSV
    PERL_MALLOC_WRAP
    PERL_OP_PARENT
    PERL_PRESERVE_IVUV
    USE_64_BIT_ALL
    USE_64_BIT_INT
    USE_LARGE_FILES
    USE_LOCALE
    USE_LOCALE_COLLATE
    USE_LOCALE_CTYPE
    USE_LOCALE_NUMERIC
    USE_LOCALE_TIME
    USE_PERLIO
    USE_PERL_ATOF
  Locally applied patches:
    Devel::PatchPerl 2.08
  Built under linux
  Compiled at Mar 12 2021 06:56:51
  %ENV:
    PERL5LIB="/home/cpan/pit/jail/r_Cd94X1JT/lib/perl5:/home/cpan/pit/bare/conf/perl-5.26.2/.cpanplus/5.26.2/build/r3a0_PJIQt/GHCN-v0.22.258/blib/lib:/home/cpan/pit/bare/conf/perl-5.26.2/.cpanplus/5.26.2/build/r3a0_PJIQt/GHCN-v0.22.258/blib/arch"
    PERL5_CPANPLUS_IS_RUNNING="21863"
    PERL5_CPANPLUS_IS_VERSION="0.9914"
    PERL5_MINISMOKEBOX="0.68"
    PERL5_YACSMOKE_BASE="/home/cpan/pit/bare/conf/perl-5.26.2"
    PERL_EXTUTILS_AUTOINSTALL="--defaultdeps"
    PERL_LOCAL_LIB_ROOT="/home/cpan/pit/jail/r_Cd94X1JT"
    PERL_MB_OPT="--install_base "/home/cpan/pit/jail/r_Cd94X1JT""
    PERL_MM_OPT="INSTALL_BASE=/home/cpan/pit/jail/r_Cd94X1JT"
    PERL_MM_USE_DEFAULT="1"
  @INC:
    /home/cpan/pit/jail/r_Cd94X1JT/lib/perl5/5.26.2/x86_64-linux
    /home/cpan/pit/jail/r_Cd94X1JT/lib/perl5/5.26.2
    /home/cpan/pit/jail/r_Cd94X1JT/lib/perl5/x86_64-linux
    /home/cpan/pit/jail/r_Cd94X1JT/lib/perl5
    /home/cpan/pit/bare/conf/perl-5.26.2/.cpanplus/5.26.2/build/r3a0_PJIQt/GHCN-v0.22.258/blib/lib
    /home/cpan/pit/bare/conf/perl-5.26.2/.cpanplus/5.26.2/build/r3a0_PJIQt/GHCN-v0.22.258/blib/arch
    /home/cpan/pit/bare/perl-5.26.2/lib/site_perl/5.26.2/x86_64-linux
    /home/cpan/pit/bare/perl-5.26.2/lib/site_perl/5.26.2
    /home/cpan/pit/bare/perl-5.26.2/lib/5.26.2/x86_64-linux
    /home/cpan/pit/bare/perl-5.26.2/lib/5.26.2