Report for MooseX-App-Cmd-0.27

Back
From: metabase:user:320bfe00-2aae-11df-837a-5e0a49663a4f
Subject: FAIL MooseX-App-Cmd-0.27 v5.21.7 GNU/Linux
Date: 2014-12-09T23:55:24Z

This distribution has been tested as part of the CPAN Testers
project, supporting the Perl programming language.  See
http://wiki.cpantesters.org/ for more information or email
questions to cpan-testers-discuss@perl.org


--
Dear Mark Gardner,

This is a computer-generated report for MooseX-App-Cmd-0.27
on perl 5.21.7, created by CPAN-Reporter-1.2011.

Thank you for uploading your work to CPAN.  However, there was a problem
testing your distribution.

If you think this report is invalid, please consult the CPAN Testers Wiki
for suggestions on how to avoid getting FAIL reports for missing library
or binary dependencies, unsupported operating systems, and so on:

http://wiki.cpantesters.org/wiki/CPANAuthorNotes

Sections of this report:

    * Tester comments
    * Program output
    * Prerequisites
    * Environment and other context

------------------------------
TESTER COMMENTS
------------------------------

Additional comments from tester:

this report is from an automated smoke testing program
and was not reviewed by a human for accuracy

------------------------------
PROGRAM OUTPUT
------------------------------

Output from '/usr/bin/make test':

PERL_DL_NONLAZY=1 "/tmp/basesmoker-reloperl-4kU0/bin/perl" "-MExtUtils::Command::MM" "-MTest::Harness" "-e" "undef *Test::Harness::Switches; test_harness(0, 'blib/lib', 'blib/arch')" t/*.t
Constants from lexical variables potentially modified elsewhere are deprecated at /home/sand/src/perl/repoperls/installed-perls/perl/v5.21.6-395-g100b2bb/127e/lib/site_perl/5.21.7/x86_64-linux-ld/Mouse/Util.pm line 79.
Constants from lexical variables potentially modified elsewhere are deprecated at /home/sand/src/perl/repoperls/installed-perls/perl/v5.21.6-395-g100b2bb/127e/lib/site_perl/5.21.7/x86_64-linux-ld/Mouse/Util.pm line 79.
Constants from lexical variables potentially modified elsewhere are deprecated at /home/sand/src/perl/repoperls/installed-perls/perl/v5.21.6-395-g100b2bb/127e/lib/site_perl/5.21.7/x86_64-linux-ld/Mouse/Util.pm line 79.
Constants from lexical variables potentially modified elsewhere are deprecated at /home/sand/src/perl/repoperls/installed-perls/perl/v5.21.6-395-g100b2bb/127e/lib/site_perl/5.21.7/x86_64-linux-ld/Mouse/Util.pm line 79.
t/00-compile.t .......................... ok
# Testing with Perl 5.021007, /tmp/basesmoker-reloperl-4kU0/bin/perl
#     Any::Moose version is 0.24
#     App::Cmd version is 0.326
#     App::Cmd::Command version is 0.326
#     Carp version is 1.34
#     Data::Dumper version is 2.155
#     English version is 1.09
#     ExtUtils::MakeMaker version is 7.04
#     File::Basename version is 2.85
#     File::Spec version is 3.53
#     Getopt::Long::Descriptive version is 0.098
#     IO::Handle version is 1.35
#     IPC::Open3 version is 1.18
#     MouseX::Getopt version is 0.35
#     Scalar::Util version is 1.41
#     Test::More version is 1.301001079
#     Test::Output version is 1.03
#     Test::use::ok version is 1.301001079
#     YAML version is 1.13
#     base version is 2.22
#     lib version is 0.63
#     namespace::clean version is 0.25
#     strict version is 1.09
#     warnings version is 1.29
t/000-report-versions.t ................. ok
t/author-critic.t ....................... skipped: these tests are for testing by the author
t/author-test-eol.t ..................... skipped: these tests are for testing by the author
Constants from lexical variables potentially modified elsewhere are deprecated at /home/sand/src/perl/repoperls/installed-perls/perl/v5.21.6-395-g100b2bb/127e/lib/site_perl/5.21.7/x86_64-linux-ld/Mouse/Util.pm line 79.

#   Failed test 'required option field is missing'
#   at t/basic.t line 71.
#                   'Mandatory parameter 'wow' missing in call to "eval"
# 
# basic.t bark [-?] [long options...]
# 	--wow              required option field
# 	-? --usage --help  Prints this usage information.
# '
#     doesn't match '(?^:Mandatory parameter 'wow' missing in call to \(eval\))'
# Looks like you failed 1 test of 12.
t/basic.t ............................... 
Dubious, test returned 1 (wstat 256, 0x100)
Failed 1/12 subtests 
Constants from lexical variables potentially modified elsewhere are deprecated at /home/sand/src/perl/repoperls/installed-perls/perl/v5.21.6-395-g100b2bb/127e/lib/site_perl/5.21.7/x86_64-linux-ld/Mouse/Util.pm line 79.
t/build_emulates_new.t .................. ok
Constants from lexical variables potentially modified elsewhere are deprecated at /home/sand/src/perl/repoperls/installed-perls/perl/v5.21.6-395-g100b2bb/127e/lib/site_perl/5.21.7/x86_64-linux-ld/Mouse/Util.pm line 79.

#   Failed test 'command died with the correct string'
#   at t/configfile.t line 28.
#                   'Mandatory parameter 'moo' missing in call to "eval"
# 
# configfile.t moo [-?] [long options...]
# 	--configfile        
# 	-? --usage --help  Prints this usage information.
# 	--moo              required option field
# '
#     doesn't match '(?^:Mandatory parameter 'moo' missing in call to \(eval\))'
# Looks like you failed 1 test of 3.
t/configfile.t .......................... 
Dubious, test returned 1 (wstat 256, 0x100)
Failed 1/3 subtests 
t/moose.t ............................... ok
Constants from lexical variables potentially modified elsewhere are deprecated at /home/sand/src/perl/repoperls/installed-perls/perl/v5.21.6-395-g100b2bb/127e/lib/site_perl/5.21.7/x86_64-linux-ld/Mouse/Util.pm line 79.
t/mouse.t ............................... ok
t/release-changes_has_content.t ......... skipped: these tests are for release candidate testing
t/release-cpan-changes.t ................ skipped: these tests are for release candidate testing
t/release-dist-manifest.t ............... skipped: these tests are for release candidate testing
t/release-distmeta.t .................... skipped: these tests are for release candidate testing
t/release-kwalitee.t .................... skipped: these tests are for release candidate testing
t/release-localbrew-perl-latest-TEST.t .. skipped: these tests are for release candidate testing
t/release-meta-json.t ................... skipped: these tests are for release candidate testing
t/release-minimum-version.t ............. skipped: these tests are for release candidate testing
t/release-mojibake.t .................... skipped: these tests are for release candidate testing
t/release-no-tabs.t ..................... skipped: these tests are for release candidate testing
t/release-pod-coverage.t ................ skipped: these tests are for release candidate testing
t/release-pod-linkcheck.t ............... skipped: these tests are for release candidate testing
t/release-pod-syntax.t .................. skipped: these tests are for release candidate testing
t/release-portability.t ................. skipped: these tests are for release candidate testing
t/release-synopsis.t .................... skipped: these tests are for release candidate testing
t/release-test-version.t ................ skipped: these tests are for release candidate testing
t/release-unused-vars.t ................. skipped: these tests are for release candidate testing

Test Summary Report
-------------------
t/basic.t                             (Wstat: 256 Tests: 12 Failed: 1)
  Failed test:  7
  Non-zero exit status: 1
t/configfile.t                        (Wstat: 256 Tests: 3 Failed: 1)
  Failed test:  1
  Non-zero exit status: 1
Files=26, Tests=47,  3 wallclock secs ( 0.08 usr  0.01 sys +  2.41 cusr  0.20 csys =  2.70 CPU)
Result: FAIL
Failed 2/26 test programs. 2/47 subtests failed.
Makefile:897: recipe for target 'test_dynamic' failed
make: *** [test_dynamic] Error 255

------------------------------
PREREQUISITES
------------------------------

Prerequisite modules loaded:

requires:

    Module                    Need  Have        
    ------------------------- ----- ------------
    Any::Moose                0     0.24        
    App::Cmd                  0.321 0.326       
    App::Cmd::Command         0     0.326       
    English                   0     1.09        
    File::Basename            0     2.85        
    Getopt::Long::Descriptive 0.091 0.098       
    MouseX::Getopt            0     0.35        
    namespace::clean          0     0.25        
    Test::use::ok             0     1.301001_079

build_requires:

    Module                    Need  Have        
    ------------------------- ----- ------------
    base                      0     2.22        
    Carp                      0     1.34        
    Data::Dumper              0     2.155       
    ExtUtils::MakeMaker       0     7.04        
    File::Spec                0     3.53        
    IO::Handle                0     1.35        
    IPC::Open3                0     1.18        
    lib                       0     0.63        
    Scalar::Util              0     1.41        
    strict                    0     1.09        
    Test::More                0.94  1.301001_079
    Test::Output              0     1.03        
    warnings                  0     1.29        
    YAML                      0     1.13        

configure_requires:

    Module                    Need  Have        
    ------------------------- ----- ------------
    ExtUtils::MakeMaker       6.30  7.04        


------------------------------
ENVIRONMENT AND OTHER CONTEXT
------------------------------

Environment variables:

    AUTOMATED_TESTING = 1
    LANG = en_US.UTF-8
    LANGUAGE = en_US:en
    PATH = /home/sand/bin:/usr/local/bin:/usr/bin:/bin:/usr/games:/usr/local/perl/bin:/usr/X11/bin:/sbin:/usr/sbin
    PERL5LIB = 
    PERL5OPT = 
    PERL5_CPANPLUS_IS_RUNNING = 19863
    PERL5_CPAN_IS_RUNNING = 19863
    PERL_MM_USE_DEFAULT = 1
    SHELL = /usr/bin/zsh
    TERM = screen

Perl special variables (and OS-specific diagnostics, for MSWin32):

    $^X = /tmp/basesmoker-reloperl-4kU0/bin/perl
    $UID/$EUID = 1005 / 1005
    $GID = 1005 1005
    $EGID = 1005 1005

Perl module toolchain versions installed:

    Module              Have        
    ------------------- ------------
    CPAN                2.05        
    CPAN::Meta          2.143240    
    Cwd                 3.54        
    ExtUtils::CBuilder  0.280220    
    ExtUtils::Command   1.18        
    ExtUtils::Install   2.04        
    ExtUtils::MakeMaker 7.04        
    ExtUtils::Manifest  1.69        
    ExtUtils::ParseXS   3.27        
    File::Spec          3.53        
    JSON                2.90        
    JSON::PP            2.27300     
    Module::Build       0.4210      
    Module::Signature   0.73        
    Parse::CPAN::Meta   1.4414      
    Test::Harness       3.34        
    Test::More          1.301001_079
    YAML                1.13        
    YAML::Syck          1.27        
    version             0.9909      


--

Summary of my perl5 (revision 5 version 21 subversion 7) configuration:
  Commit id: 100b2bb8398f189ce38052fd6f7138adebb1b995
  Platform:
    osname=linux, osvers=3.16.0-4-amd64, archname=x86_64-linux-ld
    uname='linux k83 3.16.0-4-amd64 #1 smp debian 3.16.7-2 (2014-11-06) x86_64 gnulinux '
    config_args='-Dprefix=/home/sand/src/perl/repoperls/installed-perls/perl/v5.21.6-395-g100b2bb/127e -Dmyhostname=k83 -Dinstallusrbinperl=n -Uversiononly -Dusedevel -des -Ui_db -Uuseithreads -Duselongdouble -DDEBUGGING=-g'
    hint=recommended, useposix=true, d_sigaction=define
    useithreads=undef, usemultiplicity=undef
    use64bitint=define, use64bitall=define, uselongdouble=define
    usemymalloc=n, bincompat5005=undef
  Compiler:
    cc='cc', ccflags ='-fwrapv -fno-strict-aliasing -pipe -fstack-protector-strong -I/usr/local/include -D_LARGEFILE_SOURCE -D_FILE_OFFSET_BITS=64 -D_FORTIFY_SOURCE=2',
    optimize='-O2 -g',
    cppflags='-fwrapv -fno-strict-aliasing -pipe -fstack-protector-strong -I/usr/local/include'
    ccversion='', gccversion='4.9.2', gccosandvers=''
    intsize=4, longsize=8, ptrsize=8, doublesize=8, byteorder=12345678, doublekind=3
    d_longlong=define, longlongsize=8, d_longdbl=define, longdblsize=16, longdblkind=3
    ivtype='long', ivsize=8, nvtype='long double', nvsize=16, Off_t='off_t', lseeksize=8
    alignbytes=16, prototype=define
  Linker and Libraries:
    ld='cc', ldflags =' -fstack-protector-strong -L/usr/local/lib'
    libpth=/usr/local/lib /usr/lib/gcc/x86_64-linux-gnu/4.9/include-fixed /usr/include/x86_64-linux-gnu /usr/lib /lib/x86_64-linux-gnu /lib/../lib /usr/lib/x86_64-linux-gnu /usr/lib/../lib /lib
    libs=-lnsl -lgdbm -ldb -ldl -lm -lcrypt -lutil -lc -lgdbm_compat
    perllibs=-lnsl -ldl -lm -lcrypt -lutil -lc
    libc=libc-2.19.so, so=so, useshrplib=false, libperl=libperl.a
    gnulibc_version='2.19'
  Dynamic Linking:
    dlsrc=dl_dlopen.xs, dlext=so, d_dlsymun=undef, ccdlflags='-Wl,-E'
    cccdlflags='-fPIC', lddlflags='-shared -O2 -g -L/usr/local/lib -fstack-protector-strong'


Characteristics of this binary (from libperl): 
  Compile-time options: HAS_TIMES PERLIO_LAYERS PERL_DONT_CREATE_GVSV
                        PERL_HASH_FUNC_ONE_AT_A_TIME_HARD PERL_MALLOC_WRAP
                        PERL_NEW_COPY_ON_WRITE PERL_PRESERVE_IVUV
                        PERL_USE_DEVEL USE_64_BIT_ALL USE_64_BIT_INT
                        USE_LARGE_FILES USE_LOCALE USE_LOCALE_COLLATE
                        USE_LOCALE_CTYPE USE_LOCALE_NUMERIC USE_LOCALE_TIME
                        USE_LONG_DOUBLE USE_PERLIO USE_PERL_ATOF
  Built under linux
  Compiled at Dec  9 2014 20:47:01
  %ENV:
    PERL5LIB=""
    PERL5OPT=""
    PERL5_CPANPLUS_IS_RUNNING="19863"
    PERL5_CPAN_IS_RUNNING="19863"
    PERL_MM_USE_DEFAULT="1"
  @INC:
    /home/sand/src/perl/repoperls/installed-perls/perl/v5.21.6-395-g100b2bb/127e/lib/site_perl/5.21.7/x86_64-linux-ld
    /home/sand/src/perl/repoperls/installed-perls/perl/v5.21.6-395-g100b2bb/127e/lib/site_perl/5.21.7
    /home/sand/src/perl/repoperls/installed-perls/perl/v5.21.6-395-g100b2bb/127e/lib/5.21.7/x86_64-linux-ld
    /home/sand/src/perl/repoperls/installed-perls/perl/v5.21.6-395-g100b2bb/127e/lib/5.21.7
    .