Report for MooseX-App-Cmd-0.29

Back
From: metabase:user:31d414ea-2aae-11df-837a-5e0a49663a4f
Subject: FAIL MooseX-App-Cmd-0.29 v5.8.9 GNU/Linux
Date: 2015-01-29T13:29:30Z

This distribution has been tested as part of the CPAN Testers
project, supporting the Perl programming language.  See
http://wiki.cpantesters.org/ for more information or email
questions to cpan-testers-discuss@perl.org


--
Dear Karen Etheridge,

This is a computer-generated report for MooseX-App-Cmd-0.29
on perl 5.8.9, created by CPAN-Reporter-1.1711.

Thank you for uploading your work to CPAN.  However, there was a problem
testing your distribution.

If you think this report is invalid, please consult the CPAN Testers Wiki
for suggestions on how to avoid getting FAIL reports for missing library
or binary dependencies, unsupported operating systems, and so on:

http://wiki.cpantesters.org/wiki/CPANAuthorNotes

Sections of this report:

    * Tester comments
    * Program output
    * Prerequisites
    * Environment and other context

------------------------------
TESTER COMMENTS
------------------------------

Additional comments from tester:

this report is from an automated smoke testing program
and was not reviewed by a human for accuracy

------------------------------
PROGRAM OUTPUT
------------------------------

Output from '/usr/bin/make test':

PERL_DL_NONLAZY=1 "/home/david/cpantesting/perl-5.8.9/bin/perl" "-MExtUtils::Command::MM" "-MTest::Harness" "-e" "undef *Test::Harness::Switches; test_harness(0, 'blib/lib', 'blib/arch')" t/*.t

#   Failed test 'MouseX/App/Cmd.pm loaded ok'
#   at t/00-compile.t line 40.
#          got: '512'
#     expected: '0'
Can't locate Mouse.pm in @INC (@INC contains: /home/david/cpantesting/perl-5.8.9/.cpan/build/MooseX-App-Cmd-0.29-JscXwk/blib/arch /home/david/cpantesting/perl-5.8.9/.cpan/build/MooseX-App-Cmd-0.29-JscXwk/blib/lib /home/david/cpantesting/perl-5.8.9/.cpan/build/MooseX-App-Cmd-0.29-JscXwk/blib/lib /home/david/cpantesting/perl-5.8.9/.cpan/build/MooseX-App-Cmd-0.29-JscXwk/blib/arch /home/david/cpantesting/perl-5.8.9/lib/5.8.9/x86_64-linux-thread-multi /home/david/cpantesting/perl-5.8.9/lib/5.8.9 /home/david/cpantesting/perl-5.8.9/lib/site_perl/5.8.9/x86_64-linux-thread-multi /home/david/cpantesting/perl-5.8.9/lib/site_perl/5.8.9 .) at /home/david/cpantesting/perl-5.8.9/.cpan/build/MooseX-App-Cmd-0.29-JscXwk/blib/lib/MouseX/App/Cmd.pm line 4.
BEGIN failed--compilation aborted at /home/david/cpantesting/perl-5.8.9/.cpan/build/MooseX-App-Cmd-0.29-JscXwk/blib/lib/MouseX/App/Cmd.pm line 4.
Compilation failed in require at -e line 1.

#   Failed test 'MouseX/App/Cmd/Command.pm loaded ok'
#   at t/00-compile.t line 40.
#          got: '512'
#     expected: '0'
Can't locate Mouse.pm in @INC (@INC contains: /home/david/cpantesting/perl-5.8.9/.cpan/build/MooseX-App-Cmd-0.29-JscXwk/blib/arch /home/david/cpantesting/perl-5.8.9/.cpan/build/MooseX-App-Cmd-0.29-JscXwk/blib/lib /home/david/cpantesting/perl-5.8.9/.cpan/build/MooseX-App-Cmd-0.29-JscXwk/blib/lib /home/david/cpantesting/perl-5.8.9/.cpan/build/MooseX-App-Cmd-0.29-JscXwk/blib/arch /home/david/cpantesting/perl-5.8.9/lib/5.8.9/x86_64-linux-thread-multi /home/david/cpantesting/perl-5.8.9/lib/5.8.9 /home/david/cpantesting/perl-5.8.9/lib/site_perl/5.8.9/x86_64-linux-thread-multi /home/david/cpantesting/perl-5.8.9/lib/site_perl/5.8.9 .) at /home/david/cpantesting/perl-5.8.9/.cpan/build/MooseX-App-Cmd-0.29-JscXwk/blib/lib/MouseX/App/Cmd/Command.pm line 4.
BEGIN failed--compilation aborted at /home/david/cpantesting/perl-5.8.9/.cpan/build/MooseX-App-Cmd-0.29-JscXwk/blib/lib/MouseX/App/Cmd/Command.pm line 4.
Compilation failed in require at -e line 1.
# Looks like you failed 2 tests of 4.
t/00-compile.t .......................... 
Dubious, test returned 2 (wstat 512, 0x200)
Failed 2/4 subtests 
# Testing with Perl 5.008009, /home/david/cpantesting/perl-5.8.9/bin/perl
#     Any::Moose version is 0.26
#     App::Cmd version is 0.326
#     App::Cmd::Command version is 0.326
#     Carp version is 1.3301
#     Data::Dumper version is 2.154
#     English version is 1.03
#     ExtUtils::MakeMaker version is 7.04
#     File::Basename version is 2.77
#     File::Spec version is 3.47
#     Getopt::Long::Descriptive version is 0.099
#     IO::Handle version is 1.27
#     IPC::Open3 version is 1.03
#     Scalar::Util version is 1.41
#     Test::More version is 1.001014
#     Test::Output version is 1.03
#     YAML version is 0.70
#     base version is 2.18
#     lib version is 0.61
#     namespace::clean version is 0.25
#     strict version is 1.03
#     warnings version is 1.05_01
t/000-report-versions.t ................. ok
t/author-critic.t ....................... skipped: these tests are for testing by the author
t/author-eol.t .......................... skipped: these tests are for testing by the author
t/author-no-tabs.t ...................... skipped: these tests are for testing by the author
t/basic.t ............................... ok
t/build_emulates_new.t .................. ok
t/configfile.t .......................... skipped: These tests require Mo(o|u)seX::ConfigFromFile and YAML
t/moose.t ............................... ok
t/mouse.t ............................... skipped: Mouse and MouseX::Getopt required to test Mouse usage
t/release-changes_has_content.t ......... skipped: these tests are for release candidate testing
t/release-cpan-changes.t ................ skipped: these tests are for release candidate testing
t/release-dist-manifest.t ............... skipped: these tests are for release candidate testing
t/release-distmeta.t .................... skipped: these tests are for release candidate testing
t/release-kwalitee.t .................... skipped: these tests are for release candidate testing
t/release-localbrew-perl-latest-TEST.t .. skipped: these tests are for release candidate testing
t/release-meta-json.t ................... skipped: these tests are for release candidate testing
t/release-minimum-version.t ............. skipped: these tests are for release candidate testing
t/release-mojibake.t .................... skipped: these tests are for release candidate testing
t/release-pod-coverage.t ................ skipped: these tests are for release candidate testing
t/release-pod-syntax.t .................. skipped: these tests are for release candidate testing
t/release-portability.t ................. skipped: these tests are for release candidate testing
t/release-synopsis.t .................... skipped: these tests are for release candidate testing
t/release-test-version.t ................ skipped: these tests are for release candidate testing
t/release-unused-vars.t ................. skipped: these tests are for release candidate testing

Test Summary Report
-------------------
t/00-compile.t                        (Wstat: 512 Tests: 4 Failed: 2)
  Failed tests:  3-4
  Non-zero exit status: 2
Files=25, Tests=40,  9 wallclock secs ( 0.07 usr  0.10 sys +  2.93 cusr  0.31 csys =  3.41 CPU)
Result: FAIL
Failed 1/25 test programs. 2/40 subtests failed.
make: *** [test_dynamic] Error 255

------------------------------
PREREQUISITES
------------------------------

Prerequisite modules loaded:

requires:

    Module                    Need  Have    
    ------------------------- ----- --------
    Any::Moose                0     0.26    
    App::Cmd                  0.321 0.326   
    App::Cmd::Command         0     0.326   
    English                   0     1.03    
    File::Basename            0     2.77    
    Getopt::Long::Descriptive 0.091 0.099   
    MooseX::Getopt            0.18  0.66    
    namespace::clean          0     0.25    

build_requires:

    Module                    Need  Have    
    ------------------------- ----- --------
    base                      0     2.18    
    Carp                      0     1.3301  
    Data::Dumper              0     2.154   
    ExtUtils::MakeMaker       0     7.04    
    File::Spec                0     3.47    
    IO::Handle                0     1.27    
    IPC::Open3                0     1.03    
    lib                       0     0.61    
    Scalar::Util              0     1.41    
    strict                    0     1.03    
    Test::More                0.94  1.001014
    Test::Output              0     1.03    
    warnings                  0     1.05_01 
    YAML                      0     0.70    

configure_requires:

    Module                    Need  Have    
    ------------------------- ----- --------
    ExtUtils::MakeMaker       0     7.04    


------------------------------
ENVIRONMENT AND OTHER CONTEXT
------------------------------

Environment variables:

    AUTOMATED_TESTING = 1
    PATH = /usr/local/bin:/usr/bin:/bin:/usr/games
    PERL = 5.8.9
    PERL5LIB = 
    PERL5OPT = 
    PERL5_CPANPLUS_IS_RUNNING = 22384
    PERL5_CPAN_IS_RUNNING = 22384
    PERLVER = 5.8.9
    PERL_INLINE_DIRECTORY = /home/david/.Inline-5.8.9
    PERL_MM_USE_DEFAULT = 1
    SHELL = /bin/bash
    TERM = screen

Perl special variables (and OS-specific diagnostics, for MSWin32):

    $^X = /home/david/cpantesting/perl-5.8.9/bin/perl
    $UID/$EUID = 1000 / 1000
    $GID = 1000 1000
    $EGID = 1000 1000

Perl module toolchain versions installed:

    Module              Have    
    ------------------- --------
    CPAN                1.9402  
    Cwd                 3.47    
    ExtUtils::CBuilder  0.2703  
    ExtUtils::Command   1.16    
    ExtUtils::Install   1.54    
    ExtUtils::MakeMaker 7.04    
    ExtUtils::Manifest  1.70    
    ExtUtils::ParseXS   2.2206  
    File::Spec          3.47    
    Module::Build       0.4211  
    Module::Signature   n/a     
    Test::Harness       3.35    
    Test::More          1.001014
    YAML                0.70    
    YAML::Syck          1.29    
    version             0.9912  


--

Summary of my perl5 (revision 5 version 8 subversion 9) configuration:
  Platform:
    osname=linux, osvers=2.6.18-4-xen-amd64, archname=x86_64-linux-thread-multi
    uname='linux pigsty2 2.6.18-4-xen-amd64 #1 smp fri may 4 02:40:51 utc 2007 x86_64 gnulinux '
    config_args='-de -Duse64bitall -Dusethreads -Dprefix=/home/david/cpantesting/perl-5.8.9'
    hint=recommended, useposix=true, d_sigaction=define
    usethreads=define use5005threads=undef useithreads=define usemultiplicity=define
    useperlio=define d_sfio=undef uselargefiles=define usesocks=undef
    use64bitint=define use64bitall=define uselongdouble=undef
    usemymalloc=n, bincompat5005=undef
  Compiler:
    cc='cc', ccflags ='-D_REENTRANT -D_GNU_SOURCE -DTHREADS_HAVE_PIDS -fno-strict-aliasing -pipe -I/usr/local/include -D_LARGEFILE_SOURCE -D_FILE_OFFSET_BITS=64',
    optimize='-O2',
    cppflags='-D_REENTRANT -D_GNU_SOURCE -DTHREADS_HAVE_PIDS -fno-strict-aliasing -pipe -I/usr/local/include'
    ccversion='', gccversion='4.1.2 20061115 (prerelease) (Debian 4.1.1-21)', gccosandvers=''
    intsize=4, longsize=8, ptrsize=8, doublesize=8, byteorder=12345678
    d_longlong=define, longlongsize=8, d_longdbl=define, longdblsize=16
    ivtype='long', ivsize=8, nvtype='double', nvsize=8, Off_t='off_t', lseeksize=8
    alignbytes=8, prototype=define
  Linker and Libraries:
    ld='cc', ldflags =' -L/usr/local/lib'
    libpth=/usr/local/lib /lib /usr/lib /lib64 /usr/lib64
    libs=-lnsl -lgdbm -ldb -ldl -lm -lcrypt -lutil -lpthread -lc
    perllibs=-lnsl -ldl -lm -lcrypt -lutil -lpthread -lc
    libc=/lib/libc-2.3.6.so, so=so, useshrplib=false, libperl=libperl.a
    gnulibc_version='2.3.6'
  Dynamic Linking:
    dlsrc=dl_dlopen.xs, dlext=so, d_dlsymun=undef, ccdlflags='-Wl,-E'
    cccdlflags='-fPIC', lddlflags='-shared -O2 -L/usr/local/lib'


Characteristics of this binary (from libperl): 
  Compile-time options: MULTIPLICITY PERL_IMPLICIT_CONTEXT PERL_MALLOC_WRAP
                        THREADS_HAVE_PIDS USE_64_BIT_ALL USE_64_BIT_INT
                        USE_FAST_STDIO USE_ITHREADS USE_LARGE_FILES
                        USE_PERLIO USE_REENTRANT_API
  Built under linux
  Compiled at Jan 17 2009 20:41:01
  %ENV:
    PERL="5.8.9"
    PERL5LIB=""
    PERL5OPT=""
    PERL5_CPANPLUS_IS_RUNNING="22384"
    PERL5_CPAN_IS_RUNNING="22384"
    PERLVER="5.8.9"
    PERL_INLINE_DIRECTORY="/home/david/.Inline-5.8.9"
    PERL_MM_USE_DEFAULT="1"
  @INC:
    /home/david/cpantesting/perl-5.8.9/lib/5.8.9/x86_64-linux-thread-multi
    /home/david/cpantesting/perl-5.8.9/lib/5.8.9
    /home/david/cpantesting/perl-5.8.9/lib/site_perl/5.8.9/x86_64-linux-thread-multi
    /home/david/cpantesting/perl-5.8.9/lib/site_perl/5.8.9
    .