Back
From: metabase:user:314402c4-2aae-11df-837a-5e0a49663a4f
Subject: FAIL Data-UUID-Base64URLSafe-0.34 v5.20.0 GNU/Linux
Date: 2016-08-30T18:59:23Z
This distribution has been tested as part of the CPAN Testers
project, supporting the Perl programming language. See
http://wiki.cpantesters.org/ for more information or email
questions to cpan-testers-discuss@perl.org
--
Dear Leon Brocard,
This is a computer-generated report for Data-UUID-Base64URLSafe-0.34
on perl 5.20.0, created by CPAN-Reporter-1.2018.
Thank you for uploading your work to CPAN. However, there was a problem
testing your distribution.
If you think this report is invalid, please consult the CPAN Testers Wiki
for suggestions on how to avoid getting FAIL reports for missing library
or binary dependencies, unsupported operating systems, and so on:
http://wiki.cpantesters.org/wiki/CPANAuthorNotes
Sections of this report:
* Tester comments
* Program output
* Prerequisites
* Environment and other context
------------------------------
TESTER COMMENTS
------------------------------
Additional comments from tester:
none provided
------------------------------
PROGRAM OUTPUT
------------------------------
Output from '/usr/bin/make test':
PERL_DL_NONLAZY=1 "/opt/perl-5.20.0/bin/perl" "-MExtUtils::Command::MM" "-MTest::Harness" "-e" "undef *Test::Harness::Switches; test_harness(0, 'blib/lib', 'blib/arch')" t/*.t
# Failed test 'POD test for blib/lib/Data/UUID/Base64URLSafe.pm'
# at /opt/perl-5.20.0/lib/site_perl/5.20.0/Test/Pod.pm line 187.
Wide character in print at /opt/perl-5.20.0/lib/site_perl/5.20.0/Test2/Formatter/TAP.pm line 105.
# blib/lib/Data/UUID/Base64URLSafe.pm (82): Non-ASCII character seen before =encoding in '$ugâ>create_from_name_b64_urlsafe(<namespace>,'. Assuming UTF-8
# Looks like you failed 1 test of 1.
t/pod.t ...........
Dubious, test returned 1 (wstat 256, 0x100)
Failed 1/1 subtests
t/pod_coverage.t .. ok
Constant subroutine main::NameSpace_DNS redefined at /opt/perl-5.20.0/lib/5.20.0/Exporter.pm line 66.
at t/simple.t line 5.
Prototype mismatch: sub main::NameSpace_DNS () vs none at /opt/perl-5.20.0/lib/5.20.0/Exporter.pm line 66.
at t/simple.t line 5.
t/simple.t ........ ok
Test Summary Report
-------------------
t/pod.t (Wstat: 256 Tests: 1 Failed: 1)
Failed test: 1
Non-zero exit status: 1
Files=3, Tests=12, 0 wallclock secs ( 0.01 usr 0.00 sys + 0.08 cusr 0.03 csys = 0.12 CPU)
Result: FAIL
Failed 1/3 test programs. 1/12 subtests failed.
make: *** [test_dynamic] Error 255
------------------------------
PREREQUISITES
------------------------------
Prerequisite modules loaded:
requires:
Module Need Have
--------------------- ---- --------
Data::UUID 0 1.221
MIME::Base64::URLSafe 0 0.01
Test::More 0.01 1.302052
build_requires:
Module Need Have
--------------------- ---- --------
ExtUtils::MakeMaker 0 7.24
configure_requires:
Module Need Have
--------------------- ---- --------
ExtUtils::MakeMaker 0 7.24
------------------------------
ENVIRONMENT AND OTHER CONTEXT
------------------------------
Environment variables:
LANG = en_US.UTF-8
LANGUAGE = en_US:en
PATH = /usr/local/bin:/usr/bin:/bin:/usr/local/sbin:/usr/sbin:/sbin:/home/cpansand/bin/linux-gnu:/home/cpansand/bin/sh:/home/cpansand/bin:/usr/games:/home/cpansand/devel:/home/eserte/src/srezic-misc/scripts
PERL5LIB = /home/cpansand/.cpan/build/2016083018/MIME-Base64-URLSafe-0.01-0/blib/arch:/home/cpansand/.cpan/build/2016083018/MIME-Base64-URLSafe-0.01-0/blib/lib:/home/cpansand/.cpan/build/2016083018/CGI-Application-4.50-0/blib/arch:/home/cpansand/.cpan/build/2016083018/CGI-Application-4.50-0/blib/lib:/home/cpansand/.cpan/build/2016083018/Bio-Align-Subset-1.27-0/blib/arch:/home/cpansand/.cpan/build/2016083018/Bio-Align-Subset-1.27-0/blib/lib:/home/cpansand/.cpan/build/2016083018/Array-Sticky-0.01-0/blib/arch:/home/cpansand/.cpan/build/2016083018/Array-Sticky-0.01-0/blib/lib
PERL5OPT =
PERL5_CPANPLUS_IS_RUNNING = 31123
PERL5_CPAN_IS_RUNNING = 31123
PERL5_CPAN_IS_RUNNING_IN_RECURSION = 10220,31123
PERLDOC = -MPod::Perldoc::ToTextOverstrike
PERL_BATCH = yes
PERL_CANARY_STABILITY_NOPROMPT = 1
PERL_CPAN_REPORTER_CONFIG = /var/tmp/cpansmoker-1023/2016083018/cpanreporter_001_config.ini
PERL_EXTUTILS_AUTOINSTALL = --defaultdeps
SHELL = /bin/zsh
TERM = screen
TMPDIR = /var/tmp/cpansmoker-1023/2016083018
Perl special variables (and OS-specific diagnostics, for MSWin32):
$^X = /opt/perl-5.20.0/bin/perl
$UID/$EUID = 1023 / 1023
$GID = 1023 1023
$EGID = 1023 1023
Perl module toolchain versions installed:
Module Have
------------------- --------
CPAN 2.14
CPAN::Meta 2.150010
Cwd 3.47
ExtUtils::CBuilder 0.280216
ExtUtils::Command 7.24
ExtUtils::Install 1.67
ExtUtils::MakeMaker 7.24
ExtUtils::Manifest 1.70
ExtUtils::ParseXS 3.24
File::Spec 3.47
JSON 2.90
JSON::PP 2.27400
Module::Build 0.4220
Module::Signature 0.80
Parse::CPAN::Meta 2.150010
Test::Harness 3.30
Test::More 1.302052
YAML 1.17
YAML::Syck 1.29
version 0.9917
--
Summary of my perl5 (revision 5 version 20 subversion 0) configuration:
Platform:
osname=linux, osvers=3.2.0-4-amd64, archname=x86_64-linux
uname='linux cvrsnica-wheezy 3.2.0-4-amd64 #1 smp debian 3.2.54-2 x86_64 gnulinux '
config_args='-ds -e -Dprefix=/opt/perl-5.20.0'
hint=recommended, useposix=true, d_sigaction=define
useithreads=undef, usemultiplicity=undef
use64bitint=define, use64bitall=define, uselongdouble=undef
usemymalloc=n, bincompat5005=undef
Compiler:
cc='cc', ccflags ='-fwrapv -fno-strict-aliasing -pipe -fstack-protector -I/usr/local/include -D_LARGEFILE_SOURCE -D_FILE_OFFSET_BITS=64',
optimize='-O2',
cppflags='-fwrapv -fno-strict-aliasing -pipe -fstack-protector -I/usr/local/include'
ccversion='', gccversion='4.7.2', gccosandvers=''
intsize=4, longsize=8, ptrsize=8, doublesize=8, byteorder=12345678
d_longlong=define, longlongsize=8, d_longdbl=define, longdblsize=16
ivtype='long', ivsize=8, nvtype='double', nvsize=8, Off_t='off_t', lseeksize=8
alignbytes=8, prototype=define
Linker and Libraries:
ld='cc', ldflags =' -fstack-protector -L/usr/local/lib'
libpth=/usr/local/lib /usr/lib/gcc/x86_64-linux-gnu/4.7/include-fixed /usr/include/x86_64-linux-gnu /usr/lib /lib/x86_64-linux-gnu /lib/../lib /usr/lib/x86_64-linux-gnu /usr/lib/../lib /lib
libs=-lnsl -ldb -ldl -lm -lcrypt -lutil -lc
perllibs=-lnsl -ldl -lm -lcrypt -lutil -lc
libc=libc-2.13.so, so=so, useshrplib=false, libperl=libperl.a
gnulibc_version='2.13'
Dynamic Linking:
dlsrc=dl_dlopen.xs, dlext=so, d_dlsymun=undef, ccdlflags='-Wl,-E'
cccdlflags='-fPIC', lddlflags='-shared -O2 -L/usr/local/lib -fstack-protector'
Characteristics of this binary (from libperl):
Compile-time options: HAS_TIMES PERLIO_LAYERS PERL_DONT_CREATE_GVSV
PERL_HASH_FUNC_ONE_AT_A_TIME_HARD PERL_MALLOC_WRAP
PERL_NEW_COPY_ON_WRITE PERL_PRESERVE_IVUV
USE_64_BIT_ALL USE_64_BIT_INT USE_LARGE_FILES
USE_LOCALE USE_LOCALE_COLLATE USE_LOCALE_CTYPE
USE_LOCALE_NUMERIC USE_PERLIO USE_PERL_ATOF
Built under linux
Compiled at Jul 19 2014 07:43:18
%ENV:
PERL5LIB="/home/cpansand/.cpan/build/2016083018/MIME-Base64-URLSafe-0.01-0/blib/arch:/home/cpansand/.cpan/build/2016083018/MIME-Base64-URLSafe-0.01-0/blib/lib:/home/cpansand/.cpan/build/2016083018/CGI-Application-4.50-0/blib/arch:/home/cpansand/.cpan/build/2016083018/CGI-Application-4.50-0/blib/lib:/home/cpansand/.cpan/build/2016083018/Bio-Align-Subset-1.27-0/blib/arch:/home/cpansand/.cpan/build/2016083018/Bio-Align-Subset-1.27-0/blib/lib:/home/cpansand/.cpan/build/2016083018/Array-Sticky-0.01-0/blib/arch:/home/cpansand/.cpan/build/2016083018/Array-Sticky-0.01-0/blib/lib"
PERL5OPT=""
PERL5_CPANPLUS_IS_RUNNING="31123"
PERL5_CPAN_IS_RUNNING="31123"
PERL5_CPAN_IS_RUNNING_IN_RECURSION="10220,31123"
PERLDOC="-MPod::Perldoc::ToTextOverstrike"
PERL_BATCH="yes"
PERL_CANARY_STABILITY_NOPROMPT="1"
PERL_CPAN_REPORTER_CONFIG="/var/tmp/cpansmoker-1023/2016083018/cpanreporter_001_config.ini"
PERL_EXTUTILS_AUTOINSTALL="--defaultdeps"
@INC:
/home/cpansand/.cpan/build/2016083018/MIME-Base64-URLSafe-0.01-0/blib/arch
/home/cpansand/.cpan/build/2016083018/MIME-Base64-URLSafe-0.01-0/blib/lib
/home/cpansand/.cpan/build/2016083018/CGI-Application-4.50-0/blib/arch
/home/cpansand/.cpan/build/2016083018/CGI-Application-4.50-0/blib/lib
/home/cpansand/.cpan/build/2016083018/Bio-Align-Subset-1.27-0/blib/arch
/home/cpansand/.cpan/build/2016083018/Bio-Align-Subset-1.27-0/blib/lib
/home/cpansand/.cpan/build/2016083018/Array-Sticky-0.01-0/blib/arch
/home/cpansand/.cpan/build/2016083018/Array-Sticky-0.01-0/blib/lib
/opt/perl-5.20.0/lib/site_perl/5.20.0/x86_64-linux
/opt/perl-5.20.0/lib/site_perl/5.20.0
/opt/perl-5.20.0/lib/5.20.0/x86_64-linux
/opt/perl-5.20.0/lib/5.20.0
.