Report for Text-Tradition-Directory-1.0

Back
From: metabase:user:e7b34f46-36ca-11e0-a826-945c7ca43f85
Subject: FAIL Text-Tradition-Directory-1.0 v5.12.4 FreeBSD
Date: 2012-09-19T17:24:37Z

This distribution has been tested as part of the CPAN Testers
project, supporting the Perl programming language.  See
http://wiki.cpantesters.org/ for more information or email
questions to cpan-testers-discuss@perl.org


--
Dear Tara Andrews,

This is a computer-generated report for Text-Tradition-Directory-1.0
on perl 5.12.4, created by CPAN-Reporter-1.2006.

Thank you for uploading your work to CPAN.  However, there was a problem
testing your distribution.

If you think this report is invalid, please consult the CPAN Testers Wiki
for suggestions on how to avoid getting FAIL reports for missing library
or binary dependencies, unsupported operating systems, and so on:

http://wiki.cpantesters.org/wiki/CPANAuthorNotes

Sections of this report:

    * Tester comments
    * Program output
    * Prerequisites
    * Environment and other context

------------------------------
TESTER COMMENTS
------------------------------

Additional comments from tester:

this report is from an automated smoke testing program
and was not reviewed by a human for accuracy

------------------------------
PROGRAM OUTPUT
------------------------------

Output from '/usr/bin/make test':

PERL_DL_NONLAZY=1 /usr/local/bin/perl "-MExtUtils::Command::MM" "-e" "test_harness(0, 'inc', 'blib/lib', 'blib/arch')" t/*.t
t/00dependencies.t ................ ok
t/02pod.t ......................... ok
t/03podcoverage.t ................. skipped: set TEST_POD to enable this test
Can't locate Text/Tradition.pm in @INC (@INC contains: /usr/home/cpan/.cpan/build/Text-Tradition-Directory-1.0-hImQmn/inc /usr/home/cpan/.cpan/build/Text-Tradition-Directory-1.0-hImQmn/blib/lib /usr/home/cpan/.cpan/build/Text-Tradition-Directory-1.0-hImQmn/blib/arch /home/cpan/perl5/lib/perl5/amd64-freebsd /home/cpan/perl5/lib/perl5/amd64-freebsd /home/cpan/perl5/lib/perl5 /home/cpan/perl5/lib/perl5/amd64-freebsd /home/cpan/perl5/lib/perl5/amd64-freebsd /home/cpan/perl5/lib/perl5 /usr/local/lib/perl5/5.12.4/BSDPAN /usr/local/lib/perl5/site_perl/5.12.4/mach /usr/local/lib/perl5/site_perl/5.12.4 /usr/local/lib/perl5/5.12.4/mach /usr/local/lib/perl5/5.12.4 .) at t/load-save-speed.t line 11.
BEGIN failed--compilation aborted at t/load-save-speed.t line 11.
t/load-save-speed.t ............... 
Dubious, test returned 2 (wstat 512, 0x200)
No subtests run 
Can't locate Text/Tradition.pm in @INC (@INC contains: /usr/home/cpan/.cpan/build/Text-Tradition-Directory-1.0-hImQmn/inc /usr/home/cpan/.cpan/build/Text-Tradition-Directory-1.0-hImQmn/blib/lib /usr/home/cpan/.cpan/build/Text-Tradition-Directory-1.0-hImQmn/blib/arch /home/cpan/perl5/lib/perl5/amd64-freebsd /home/cpan/perl5/lib/perl5/amd64-freebsd /home/cpan/perl5/lib/perl5 /home/cpan/perl5/lib/perl5/amd64-freebsd /home/cpan/perl5/lib/perl5/amd64-freebsd /home/cpan/perl5/lib/perl5 /usr/local/lib/perl5/5.12.4/BSDPAN /usr/local/lib/perl5/site_perl/5.12.4/mach /usr/local/lib/perl5/site_perl/5.12.4 /usr/local/lib/perl5/5.12.4/mach /usr/local/lib/perl5/5.12.4 .) at t/text_tradition_directory.t line 14.
BEGIN failed--compilation aborted at t/text_tradition_directory.t line 14.
# Looks like your test exited with 2 before it could output anything.
t/text_tradition_directory.t ...... 
Dubious, test returned 2 (wstat 512, 0x200)
No subtests run 
Can't locate Text/Tradition.pm in @INC (@INC contains: /usr/home/cpan/.cpan/build/Text-Tradition-Directory-1.0-hImQmn/inc /usr/home/cpan/.cpan/build/Text-Tradition-Directory-1.0-hImQmn/blib/lib /usr/home/cpan/.cpan/build/Text-Tradition-Directory-1.0-hImQmn/blib/arch /home/cpan/perl5/lib/perl5/amd64-freebsd /home/cpan/perl5/lib/perl5/amd64-freebsd /home/cpan/perl5/lib/perl5 /home/cpan/perl5/lib/perl5/amd64-freebsd /home/cpan/perl5/lib/perl5/amd64-freebsd /home/cpan/perl5/lib/perl5 /usr/local/lib/perl5/5.12.4/BSDPAN /usr/local/lib/perl5/site_perl/5.12.4/mach /usr/local/lib/perl5/site_perl/5.12.4 /usr/local/lib/perl5/5.12.4/mach /usr/local/lib/perl5/5.12.4 .) at t/text_tradition_user.t line 96.
BEGIN failed--compilation aborted at t/text_tradition_user.t line 96.
# Looks like your test exited with 2 before it could output anything.
t/text_tradition_user.t ........... 
Dubious, test returned 2 (wstat 512, 0x200)
No subtests run 
Can't locate Text/Tradition.pm in @INC (@INC contains: /usr/home/cpan/.cpan/build/Text-Tradition-Directory-1.0-hImQmn/inc /usr/home/cpan/.cpan/build/Text-Tradition-Directory-1.0-hImQmn/blib/lib /usr/home/cpan/.cpan/build/Text-Tradition-Directory-1.0-hImQmn/blib/arch /home/cpan/perl5/lib/perl5/amd64-freebsd /home/cpan/perl5/lib/perl5/amd64-freebsd /home/cpan/perl5/lib/perl5 /home/cpan/perl5/lib/perl5/amd64-freebsd /home/cpan/perl5/lib/perl5/amd64-freebsd /home/cpan/perl5/lib/perl5 /usr/local/lib/perl5/5.12.4/BSDPAN /usr/local/lib/perl5/site_perl/5.12.4/mach /usr/local/lib/perl5/site_perl/5.12.4 /usr/local/lib/perl5/5.12.4/mach /usr/local/lib/perl5/5.12.4 .) at t/text_tradition_user_collapse.t line 8.
BEGIN failed--compilation aborted at t/text_tradition_user_collapse.t line 8.
# Looks like your test exited with 2 before it could output anything.
t/text_tradition_user_collapse.t .. 
Dubious, test returned 2 (wstat 512, 0x200)
No subtests run 
Can't locate Text/Tradition.pm in @INC (@INC contains: /usr/home/cpan/.cpan/build/Text-Tradition-Directory-1.0-hImQmn/inc /usr/home/cpan/.cpan/build/Text-Tradition-Directory-1.0-hImQmn/blib/lib /usr/home/cpan/.cpan/build/Text-Tradition-Directory-1.0-hImQmn/blib/arch /home/cpan/perl5/lib/perl5/amd64-freebsd /home/cpan/perl5/lib/perl5/amd64-freebsd /home/cpan/perl5/lib/perl5 /home/cpan/perl5/lib/perl5/amd64-freebsd /home/cpan/perl5/lib/perl5/amd64-freebsd /home/cpan/perl5/lib/perl5 /usr/local/lib/perl5/5.12.4/BSDPAN /usr/local/lib/perl5/site_perl/5.12.4/mach /usr/local/lib/perl5/site_perl/5.12.4 /usr/local/lib/perl5/5.12.4/mach /usr/local/lib/perl5/5.12.4 .) at t/userrestore.t line 9.
BEGIN failed--compilation aborted at t/userrestore.t line 9.
t/userrestore.t ................... 
Dubious, test returned 2 (wstat 512, 0x200)
No subtests run 

Test Summary Report
-------------------
t/load-save-speed.t             (Wstat: 512 Tests: 0 Failed: 0)
  Non-zero exit status: 2
  Parse errors: No plan found in TAP output
t/text_tradition_directory.t    (Wstat: 512 Tests: 0 Failed: 0)
  Non-zero exit status: 2
  Parse errors: No plan found in TAP output
t/text_tradition_user.t         (Wstat: 512 Tests: 0 Failed: 0)
  Non-zero exit status: 2
  Parse errors: No plan found in TAP output
t/text_tradition_user_collapse.t (Wstat: 512 Tests: 0 Failed: 0)
  Non-zero exit status: 2
  Parse errors: No plan found in TAP output
t/userrestore.t                 (Wstat: 512 Tests: 0 Failed: 0)
  Non-zero exit status: 2
  Parse errors: No plan found in TAP output
Files=8, Tests=21,  3 wallclock secs ( 0.05 usr  0.04 sys +  1.80 cusr  0.23 csys =  2.12 CPU)
Result: FAIL
Failed 5/8 test programs. 0/21 subtests failed.
*** Error code 2

Stop in /usr/home/cpan/.cpan/build/Text-Tradition-Directory-1.0-hImQmn.

------------------------------
PREREQUISITES
------------------------------

Prerequisite modules loaded:

requires:

    Module                         Need   Have    
    ------------------------------ ------ --------
    Class::Load                    0      0.20    
    DBI                            0      1.623   
    JSON                           0      2.53    
    KiokuDB::Backend::DBI          0      1.22    
    KiokuDB::GC::Naive             0      0       
    KiokuDB::TypeMap               0      0       
    KiokuDB::TypeMap::Entry::Naive 0      0       
    KiokuX::Model                  0      0.02    
    KiokuX::User::Util             0      0       
    Moose                          0      2.0603  
    Moose::Role                    0      2.0603  
    namespace::clean               0      0.23    
    perl                           5.012  5.012004
    Safe::Isa                      0      1.000002
    TryCatch                       0      1.003000
    YAML::XS                       0      0.38    

build_requires:

    Module                         Need   Have    
    ------------------------------ ------ --------
    ExtUtils::MakeMaker            6.6302 6.63_02 
    Test::Memory::Cycle            0      1.04    
    Test::Warn                     0      0.24    

configure_requires:

    Module                         Need   Have    
    ------------------------------ ------ --------
    ExtUtils::MakeMaker            6.62   6.63_02 


------------------------------
ENVIRONMENT AND OTHER CONTEXT
------------------------------

Environment variables:

    AUTOMATED_TESTING = 1
    PATH = /home/cpan/perl5/bin:/sbin:/bin:/usr/sbin:/usr/bin:/usr/games:/usr/local/sbin:/usr/local/bin:/home/cpan/bin
    PERL5LIB = /home/cpan/perl5/lib/perl5/amd64-freebsd:/home/cpan/perl5/lib/perl5
    PERL5OPT = 
    PERL5_CPANPLUS_IS_RUNNING = 7395
    PERL5_CPAN_IS_RUNNING = 7395
    PERL5_CPAN_IS_RUNNING_IN_RECURSION = 1153,7395
    PERL_CR_SMOKER_CURRENT = Text-Tradition-Directory-1.0
    PERL_EXTUTILS_AUTOINSTALL = --defaultdeps
    PERL_LOCAL_LIB_ROOT = /home/cpan/perl5
    PERL_MB_OPT = --install_base /home/cpan/perl5
    PERL_MM_OPT = INSTALL_BASE=/home/cpan/perl5
    PERL_MM_USE_DEFAULT = 1
    SHELL = /usr/local/bin/bash
    TERM = screen

Perl special variables (and OS-specific diagnostics, for MSWin32):

    $^X = /usr/local/bin/perl
    $UID/$EUID = 1001 / 1001
    $GID = 1001 1001 0 5 20 80
    $EGID = 1001 1001 0 5 20 80

Perl module toolchain versions installed:

    Module              Have    
    ------------------- --------
    CPAN                1.9800  
    CPAN::Meta          2.120921
    Cwd                 3.39_01 
    ExtUtils::CBuilder  0.280205
    ExtUtils::Command   1.17    
    ExtUtils::Install   1.54    
    ExtUtils::MakeMaker 6.63_02 
    ExtUtils::Manifest  1.60    
    ExtUtils::ParseXS   3.15    
    File::Spec          3.39_01 
    JSON                2.53    
    JSON::PP            2.27200 
    Module::Build       0.4003  
    Module::Signature   0.68    
    Parse::CPAN::Meta   1.4404  
    Test::Harness       3.25    
    Test::More          0.98    
    YAML                0.84    
    YAML::Syck          1.20    
    version             0.99    


--

Summary of my perl5 (revision 5 version 12 subversion 4) configuration:
   
  Platform:
    osname=freebsd, osvers=9.0-rc2, archname=amd64-freebsd
    uname='freebsd freebsd.org 9.0-rc2 freebsd 9.0-rc2 #0: mon dec 5 15:11:44 utc 2011 kris@freebsd.org:usrsrcsysmagickernelpath amd64 '
    config_args='-sde -Dprefix=/usr/local -Darchlib=/usr/local/lib/perl5/5.12.4/mach -Dprivlib=/usr/local/lib/perl5/5.12.4 -Dman3dir=/usr/local/lib/perl5/5.12.4/perl/man/man3 -Dman1dir=/usr/local/man/man1 -Dsitearch=/usr/local/lib/perl5/site_perl/5.12.4/mach -Dsitelib=/usr/local/lib/perl5/site_perl/5.12.4 -Dscriptdir=/usr/local/bin -Dsiteman3dir=/usr/local/lib/perl5/5.12.4/man/man3 -Dsiteman1dir=/usr/local/man/man1 -Ui_malloc -Ui_iconv -Uinstallusrbinperl -Dcc=cc -Duseshrplib -Dinc_version_list=none -Dccflags=-DAPPLLIB_EXP="/usr/local/lib/perl5/5.12.4/BSDPAN" -Doptimize=-O2 -pipe -fno-strict-aliasing -Ui_gdbm -Dusethreads=n -Dusemymalloc=n -Duse64bitint'
    hint=recommended, useposix=true, d_sigaction=define
    useithreads=undef, usemultiplicity=undef
    useperlio=define, d_sfio=undef, uselargefiles=define, usesocks=undef
    use64bitint=define, use64bitall=define, uselongdouble=undef
    usemymalloc=n, bincompat5005=undef
  Compiler:
    cc='cc', ccflags ='-DAPPLLIB_EXP="/usr/local/lib/perl5/5.12.4/BSDPAN" -DHAS_FPSETMASK -DHAS_FLOATINGPOINT_H -fno-strict-aliasing -pipe -fstack-protector -I/usr/local/include',
    optimize='-O2 -pipe -fno-strict-aliasing',
    cppflags='-DAPPLLIB_EXP="/usr/local/lib/perl5/5.12.4/BSDPAN" -DHAS_FPSETMASK -DHAS_FLOATINGPOINT_H -fno-strict-aliasing -pipe -fstack-protector -I/usr/local/include'
    ccversion='', gccversion='4.2.1 20070831 patched [FreeBSD]', gccosandvers=''
    intsize=4, longsize=8, ptrsize=8, doublesize=8, byteorder=12345678
    d_longlong=define, longlongsize=8, d_longdbl=define, longdblsize=16
    ivtype='long', ivsize=8, nvtype='double', nvsize=8, Off_t='off_t', lseeksize=8
    alignbytes=8, prototype=define
  Linker and Libraries:
    ld='cc', ldflags =' -Wl,-E  -fstack-protector -L/usr/local/lib'
    libpth=/usr/lib /usr/local/lib
    libs=-lm -lcrypt -lutil
    perllibs=-lm -lcrypt -lutil
    libc=, so=so, useshrplib=true, libperl=libperl.so
    gnulibc_version=''
  Dynamic Linking:
    dlsrc=dl_dlopen.xs, dlext=so, d_dlsymun=undef, ccdlflags='  -Wl,-R/usr/local/lib/perl5/5.12.4/mach/CORE'
    cccdlflags='-DPIC -fPIC', lddlflags='-shared  -L/usr/local/lib -fstack-protector'


Characteristics of this binary (from libperl): 
  Compile-time options: PERL_DONT_CREATE_GVSV PERL_MALLOC_WRAP USE_64_BIT_ALL
                        USE_64_BIT_INT USE_LARGE_FILES USE_PERLIO
                        USE_PERL_ATOF
  Built under freebsd
  Compiled at Dec  5 2011 15:24:07
  %ENV:
    PERL5LIB="/home/cpan/perl5/lib/perl5/amd64-freebsd:/home/cpan/perl5/lib/perl5"
    PERL5OPT=""
    PERL5_CPANPLUS_IS_RUNNING="7395"
    PERL5_CPAN_IS_RUNNING="7395"
    PERL5_CPAN_IS_RUNNING_IN_RECURSION="1153,7395"
    PERL_CR_SMOKER_CURRENT="Text-Tradition-Directory-1.0"
    PERL_EXTUTILS_AUTOINSTALL="--defaultdeps"
    PERL_LOCAL_LIB_ROOT="/home/cpan/perl5"
    PERL_MB_OPT="--install_base /home/cpan/perl5"
    PERL_MM_OPT="INSTALL_BASE=/home/cpan/perl5"
    PERL_MM_USE_DEFAULT="1"
  @INC:
    /home/cpan/perl5/lib/perl5/amd64-freebsd
    /home/cpan/perl5/lib/perl5/amd64-freebsd
    /home/cpan/perl5/lib/perl5
    /usr/local/lib/perl5/5.12.4/BSDPAN
    /usr/local/lib/perl5/site_perl/5.12.4/mach
    /usr/local/lib/perl5/site_perl/5.12.4
    /usr/local/lib/perl5/5.12.4/mach
    /usr/local/lib/perl5/5.12.4
    .