Back
From: metabase:user:31d414ea-2aae-11df-837a-5e0a49663a4f
Subject: FAIL Text-Tradition-Directory-1.0 v5.16.0 GNU/Linux
Date: 2012-09-19T12:02:33Z
This distribution has been tested as part of the CPAN Testers
project, supporting the Perl programming language. See
http://wiki.cpantesters.org/ for more information or email
questions to cpan-testers-discuss@perl.org
--
Dear Tara Andrews,
This is a computer-generated report for Text-Tradition-Directory-1.0
on perl 5.16.0, created by CPAN-Reporter-1.2006.
Thank you for uploading your work to CPAN. However, there was a problem
testing your distribution.
If you think this report is invalid, please consult the CPAN Testers Wiki
for suggestions on how to avoid getting FAIL reports for missing library
or binary dependencies, unsupported operating systems, and so on:
http://wiki.cpantesters.org/wiki/CPANAuthorNotes
Sections of this report:
* Tester comments
* Program output
* Prerequisites
* Environment and other context
------------------------------
TESTER COMMENTS
------------------------------
Additional comments from tester:
this report is from an automated smoke testing program
and was not reviewed by a human for accuracy
------------------------------
PROGRAM OUTPUT
------------------------------
Output from '/usr/bin/make test':
PERL_DL_NONLAZY=1 /home/david/cpantesting/perl-5.16.0/bin/perl "-MExtUtils::Command::MM" "-e" "test_harness(0, 'inc', 'blib/lib', 'blib/arch')" t/*.t
t/00dependencies.t ................ ok
t/02pod.t ......................... skipped: Test::Pod 1.14 required
t/03podcoverage.t ................. skipped: Test::Pod::Coverage 1.04 required
t/load-save-speed.t ............... skipped: Skipping performance tests under prove/make, run manually to test performance improvements
Objects missing in database: CB3DE660-0251-11E2-AE97-60E1CBA2CC20# Looks like your test exited with 2 just after 18.
t/text_tradition_directory.t ......
Dubious, test returned 2 (wstat 512, 0x200)
All 18 subtests passed
t/text_tradition_user.t ........... ok
t/text_tradition_user_collapse.t .. ok
t/userrestore.t ................... ok
Test Summary Report
-------------------
t/text_tradition_directory.t (Wstat: 512 Tests: 18 Failed: 0)
Non-zero exit status: 2
Files=8, Tests=86, 49 wallclock secs ( 0.04 usr 0.02 sys + 11.58 cusr 0.41 csys = 12.05 CPU)
Result: FAIL
Failed 1/8 test programs. 0/86 subtests failed.
make: *** [test_dynamic] Error 255
------------------------------
PREREQUISITES
------------------------------
Prerequisite modules loaded:
requires:
Module Need Have
------------------------------ ------ --------
Class::Load 0 0.20
DBI 0 1.622
JSON 0 2.53
KiokuDB::Backend::DBI 0 1.22
KiokuDB::GC::Naive 0 0
KiokuDB::TypeMap 0 0
KiokuDB::TypeMap::Entry::Naive 0 0
KiokuX::Model 0 0.02
KiokuX::User::Util 0 0
Moose 0 2.0603
Moose::Role 0 2.0603
namespace::clean 0 0.23
perl 5.012 5.016000
Safe::Isa 0 1.000002
TryCatch 0 1.003000
YAML::XS 0 0.38
build_requires:
Module Need Have
------------------------------ ------ --------
ExtUtils::MakeMaker 6.6302 6.63_02
Test::Memory::Cycle 0 1.04
Test::Warn 0 0.24
configure_requires:
Module Need Have
------------------------------ ------ --------
ExtUtils::MakeMaker 6.62 6.63_02
------------------------------
ENVIRONMENT AND OTHER CONTEXT
------------------------------
Environment variables:
AUTOMATED_TESTING = 1
PATH = /usr/local/bin:/usr/bin:/bin:/usr/games
PERL5LIB =
PERL5OPT =
PERL5_CPANPLUS_IS_RUNNING = 16973
PERL5_CPAN_IS_RUNNING = 16973
PERLVER = 5.16.0
PERL_INLINE_DIRECTORY = /home/david/.Inline-5.16.0
SHELL = /bin/bash
TERM = screen
Perl special variables (and OS-specific diagnostics, for MSWin32):
$^X = /home/david/cpantesting/perl-5.16.0/bin/perl
$UID/$EUID = 1000 / 1000
$GID = 1000 1000
$EGID = 1000 1000
Perl module toolchain versions installed:
Module Have
------------------- --------
CPAN 1.9800
CPAN::Meta 2.120630
Cwd 3.39_02
ExtUtils::CBuilder 0.280206
ExtUtils::Command 1.17
ExtUtils::Install 1.58
ExtUtils::MakeMaker 6.63_02
ExtUtils::Manifest 1.61
ExtUtils::ParseXS 3.16
File::Spec 3.39_02
JSON 2.53
JSON::PP 2.27200
Module::Build 0.4003
Module::Signature n/a
Parse::CPAN::Meta 1.4402
Test::Harness 3.23
Test::More 0.98
YAML 0.84
YAML::Syck 1.20
version 0.99
--
Summary of my perl5 (revision 5 version 16 subversion 0) configuration:
Platform:
osname=linux, osvers=2.6.32-5-xen-amd64, archname=x86_64-linux-thread-multi
uname='linux pigsty.barnyard.co.uk 2.6.32-5-xen-amd64 #1 smp mon jan 16 20:48:30 utc 2012 x86_64 gnulinux '
config_args='-de -Dprefix=/home/david/cpantesting/perl-5.16.0 -Dusethreads -Duse64bitall'
hint=recommended, useposix=true, d_sigaction=define
useithreads=define, usemultiplicity=define
useperlio=define, d_sfio=undef, uselargefiles=define, usesocks=undef
use64bitint=define, use64bitall=define, uselongdouble=undef
usemymalloc=n, bincompat5005=undef
Compiler:
cc='cc', ccflags ='-D_REENTRANT -D_GNU_SOURCE -fno-strict-aliasing -pipe -fstack-protector -I/usr/local/include -D_LARGEFILE_SOURCE -D_FILE_OFFSET_BITS=64',
optimize='-O2',
cppflags='-D_REENTRANT -D_GNU_SOURCE -fno-strict-aliasing -pipe -fstack-protector -I/usr/local/include'
ccversion='', gccversion='4.1.2 20061115 (prerelease) (Debian 4.1.1-21)', gccosandvers=''
intsize=4, longsize=8, ptrsize=8, doublesize=8, byteorder=12345678
d_longlong=define, longlongsize=8, d_longdbl=define, longdblsize=16
ivtype='long', ivsize=8, nvtype='double', nvsize=8, Off_t='off_t', lseeksize=8
alignbytes=8, prototype=define
Linker and Libraries:
ld='cc', ldflags =' -fstack-protector -L/usr/local/lib'
libpth=/usr/local/lib /lib /usr/lib /lib64 /usr/lib64
libs=-lnsl -lgdbm -ldb -ldl -lm -lcrypt -lutil -lpthread -lc -lgdbm_compat
perllibs=-lnsl -ldl -lm -lcrypt -lutil -lpthread -lc
libc=/lib/libc-2.3.6.so, so=so, useshrplib=false, libperl=libperl.a
gnulibc_version='2.3.6'
Dynamic Linking:
dlsrc=dl_dlopen.xs, dlext=so, d_dlsymun=undef, ccdlflags='-Wl,-E'
cccdlflags='-fPIC', lddlflags='-shared -O2 -L/usr/local/lib -fstack-protector'
Characteristics of this binary (from libperl):
Compile-time options: HAS_TIMES MULTIPLICITY PERLIO_LAYERS
PERL_DONT_CREATE_GVSV PERL_IMPLICIT_CONTEXT
PERL_MALLOC_WRAP PERL_PRESERVE_IVUV USE_64_BIT_ALL
USE_64_BIT_INT USE_ITHREADS USE_LARGE_FILES
USE_LOCALE USE_LOCALE_COLLATE USE_LOCALE_CTYPE
USE_LOCALE_NUMERIC USE_PERLIO USE_PERL_ATOF
USE_REENTRANT_API
Built under linux
Compiled at May 21 2012 14:49:20
%ENV:
PERL5LIB=""
PERL5OPT=""
PERL5_CPANPLUS_IS_RUNNING="16973"
PERL5_CPAN_IS_RUNNING="16973"
PERLVER="5.16.0"
PERL_INLINE_DIRECTORY="/home/david/.Inline-5.16.0"
@INC:
/home/david/cpantesting/perl-5.16.0/lib/site_perl/5.16.0/x86_64-linux-thread-multi
/home/david/cpantesting/perl-5.16.0/lib/site_perl/5.16.0
/home/david/cpantesting/perl-5.16.0/lib/5.16.0/x86_64-linux-thread-multi
/home/david/cpantesting/perl-5.16.0/lib/5.16.0
.