Report for Test-WWW-Mechanize-Catalyst-0.45

Back
From: metabase:user:3215efbe-2aae-11df-837a-5e0a49663a4f
Subject: FAIL Test-WWW-Mechanize-Catalyst-0.45 v5.16.2 GNU/Linux
Date: 2012-12-29T04:40:39Z

This distribution has been tested as part of the CPAN Testers
project, supporting the Perl programming language.  See
http://wiki.cpantesters.org/ for more information or email
questions to cpan-testers-discuss@perl.org


--
Dear Leon Brocard,

This is a computer-generated report for Test-WWW-Mechanize-Catalyst-0.45
on perl 5.16.2, created by CPAN-Reporter-1.2009.

Thank you for uploading your work to CPAN.  However, there was a problem
testing your distribution.

If you think this report is invalid, please consult the CPAN Testers Wiki
for suggestions on how to avoid getting FAIL reports for missing library
or binary dependencies, unsupported operating systems, and so on:

http://wiki.cpantesters.org/wiki/CPANAuthorNotes

Sections of this report:

    * Tester comments
    * Program output
    * Prerequisites
    * Environment and other context

------------------------------
TESTER COMMENTS
------------------------------

Additional comments from tester:

this report is from an automated smoke testing program
and was not reviewed by a human for accuracy

------------------------------
PROGRAM OUTPUT
------------------------------

Output from '/usr/bin/make test':

PERL_DL_NONLAZY=1 /opt/perl/threads/5.16.2/bin/perl "-MExtUtils::Command::MM" "-e" "test_harness(0, 'blib/lib', 'blib/arch')" t/*.t
Can't locate object method "_build_request_export" via package "Test::WWW::Mechanize::Catalyst" at /opt/perl/threads/5.16.2/lib/site_perl/5.16.2/Catalyst/Test.pm line 91.
Undefined subroutine &Test::WWW::Mechanize::Catalyst::Aux::request called at lib/Test/WWW/Mechanize/Catalyst.pm line 40.
# Looks like your test exited with 255 before it could output anything.
t/auth-test.t ........... 
Dubious, test returned 255 (wstat 65280, 0xff00)
Failed 5/5 subtests 
Can't locate object method "_build_request_export" via package "Test::WWW::Mechanize::Catalyst" at /opt/perl/threads/5.16.2/lib/site_perl/5.16.2/Catalyst/Test.pm line 91.
Undefined subroutine &Test::WWW::Mechanize::Catalyst::Aux::request called at lib/Test/WWW/Mechanize/Catalyst.pm line 40.
# Looks like your test exited with 255 before it could output anything.
t/cookies.t ............. 
Dubious, test returned 255 (wstat 65280, 0xff00)
Failed 3/3 subtests 
# ###################################################################
# Starting an external Catalyst HTTP server on port 7357
# To change the port, please set the TWMC_TEST_PORT env variable.
# (The server will be automatically shut-down right after the tests).
# ###################################################################
Can't locate object method "_build_request_export" via package "Test::WWW::Mechanize::Catalyst" at /opt/perl/threads/5.16.2/lib/site_perl/5.16.2/Catalyst/Test.pm line 91.
[warn] Specifying the engine in ->setup is no longer supported, see Catalyst::Upgrading
[warn] Action methods (default) found defined in your application class, ExternalCatty. This is deprecated, please move them into a Root controller.

#   Failed test 'Survive to a multi Content-Type sting'
#   at t/multi_content_type.t line 36.
# died: Undefined subroutine &Test::WWW::Mechanize::Catalyst::Aux::request called at lib/Test/WWW/Mechanize/Catalyst.pm line 40.

#   Failed test 'Multi Content-Type Content-Type'
#   at t/multi_content_type.t line 38.
#          got: undef
#     expected: 'text/html'

#   Failed test 'Multi Content-Type title'
#   at t/multi_content_type.t line 39.
#          got: undef
#     expected: "Root"

#   Failed test 'Multi Content-Type body'
#   at t/multi_content_type.t line 40.
# String to look in is undef
# Looks like you planned 6 tests but ran 5.
# Looks like you failed 4 tests of 5 run.
t/multi_content_type.t .. 
Dubious, test returned 4 (wstat 1024, 0x400)
Failed 5/6 subtests 
t/pod.t ................. ok
t/pod_coverage.t ........ ok
Can't locate object method "_build_request_export" via package "Test::WWW::Mechanize::Catalyst" at /opt/perl/threads/5.16.2/lib/site_perl/5.16.2/Catalyst/Test.pm line 91.
Undefined subroutine &Test::WWW::Mechanize::Catalyst::Aux::request called at lib/Test/WWW/Mechanize/Catalyst.pm line 40.
# Looks like your test exited with 255 before it could output anything.
t/redirect.t ............ 
Dubious, test returned 255 (wstat 65280, 0xff00)
Failed 27/27 subtests 
Can't locate object method "_build_request_export" via package "Test::WWW::Mechanize::Catalyst" at /opt/perl/threads/5.16.2/lib/site_perl/5.16.2/Catalyst/Test.pm line 91.
Undefined subroutine &Test::WWW::Mechanize::Catalyst::Aux::request called at lib/Test/WWW/Mechanize/Catalyst.pm line 40.
# Looks like your test exited with 255 before it could output anything.
t/simple.t .............. 
Dubious, test returned 255 (wstat 65280, 0xff00)
Failed 39/39 subtests 

Test Summary Report
-------------------
t/auth-test.t         (Wstat: 65280 Tests: 0 Failed: 0)
  Non-zero exit status: 255
  Parse errors: Bad plan.  You planned 5 tests but ran 0.
t/cookies.t           (Wstat: 65280 Tests: 0 Failed: 0)
  Non-zero exit status: 255
  Parse errors: Bad plan.  You planned 3 tests but ran 0.
t/multi_content_type.t (Wstat: 1024 Tests: 5 Failed: 4)
  Failed tests:  2-5
  Non-zero exit status: 4
  Parse errors: Bad plan.  You planned 6 tests but ran 5.
t/redirect.t          (Wstat: 65280 Tests: 0 Failed: 0)
  Non-zero exit status: 255
  Parse errors: Bad plan.  You planned 27 tests but ran 0.
t/simple.t            (Wstat: 65280 Tests: 0 Failed: 0)
  Non-zero exit status: 255
  Parse errors: Bad plan.  You planned 39 tests but ran 0.
Files=7, Tests=7,  3 wallclock secs ( 0.04 usr  0.01 sys +  3.36 cusr  0.20 csys =  3.61 CPU)
Result: FAIL
Failed 5/7 test programs. 4/7 subtests failed.
make: *** [test_dynamic] Error 255

------------------------------
PREREQUISITES
------------------------------

Prerequisite modules loaded:

requires:

    Module                                   Need  Have   
    ---------------------------------------- ----- -------
    Catalyst                                 5.00  5.90019
    Catalyst::Plugin::Session::State::Cookie 0     0.17   
    Catalyst::Plugin::Session::Store::Dummy  0     0      
    LWP                                      5.816 6.04   
    Test::Exception                          0     0.31   
    Test::More                               0     0.98   
    Test::WWW::Mechanize                     1.14  1.44   
    WWW::Mechanize                           1.50  1.72_02

build_requires:

    Module                                   Need  Have   
    ---------------------------------------- ----- -------
    ExtUtils::MakeMaker                      0     6.64   


------------------------------
ENVIRONMENT AND OTHER CONTEXT
------------------------------

Environment variables:

    AUTOMATED_TESTING = 1
    LANG = C
    PATH = /opt/perl/threads/5.16.2/bin:/usr/local/sbin:/usr/local/bin:/usr/sbin:/usr/bin:/sbin:/bin:/usr/games
    PERL5LIB = 
    PERL5OPT = 
    PERL5_CPANPLUS_IS_RUNNING = 10104
    PERL5_CPAN_IS_RUNNING = 10104
    PERL5_CPAN_IS_RUNNING_IN_RECURSION = 6030,10104
    PERL_CR_SMOKER_CURRENT = Test-WWW-Mechanize-Catalyst-0.45
    PERL_EXTUTILS_AUTOINSTALL = --defaultdeps
    PERL_MM_USE_DEFAULT = 1
    SHELL = /bin/bash
    TERM = screen

Perl special variables (and OS-specific diagnostics, for MSWin32):

    $^X = /opt/perl/threads/5.16.2/bin/perl
    $UID/$EUID = 1000 / 1000
    $GID = 1000 4 24 27 30 46 112 113 1000
    $EGID = 1000 4 24 27 30 46 112 113 1000

Perl module toolchain versions installed:

    Module              Have    
    ------------------- --------
    CPAN                1.9800  
    CPAN::Meta          2.120351
    Cwd                 3.33    
    ExtUtils::CBuilder  0.280205
    ExtUtils::Command   1.17    
    ExtUtils::Install   1.54    
    ExtUtils::MakeMaker 6.64    
    ExtUtils::Manifest  1.61    
    ExtUtils::ParseXS   3.18    
    File::Spec          3.33    
    JSON                2.53    
    JSON::PP            2.27200 
    Module::Build       0.4003  
    Module::Signature   0.70    
    Parse::CPAN::Meta   1.4404  
    Test::Harness       3.25    
    Test::More          0.98    
    YAML                0.84    
    YAML::Syck          1.22    
    version             0.9901  


--

Summary of my perl5 (revision 5 version 16 subversion 2) configuration:
   
  Platform:
    osname=linux, osvers=3.2.0-35-virtual, archname=x86_64-linux-thread-multi
    uname='linux cpansmoker 3.2.0-35-virtual #55-ubuntu smp wed dec 5 18:02:05 utc 2012 x86_64 x86_64 x86_64 gnulinux '
    config_args='-des -Dprefix=/opt/perl/threads/5.16.2 -Dusethreads'
    hint=recommended, useposix=true, d_sigaction=define
    useithreads=define, usemultiplicity=define
    useperlio=define, d_sfio=undef, uselargefiles=define, usesocks=undef
    use64bitint=define, use64bitall=define, uselongdouble=undef
    usemymalloc=n, bincompat5005=undef
  Compiler:
    cc='cc', ccflags ='-D_REENTRANT -D_GNU_SOURCE -fno-strict-aliasing -pipe -fstack-protector -I/usr/local/include -D_LARGEFILE_SOURCE -D_FILE_OFFSET_BITS=64',
    optimize='-O2',
    cppflags='-D_REENTRANT -D_GNU_SOURCE -fno-strict-aliasing -pipe -fstack-protector -I/usr/local/include'
    ccversion='', gccversion='4.6.3', gccosandvers=''
    intsize=4, longsize=8, ptrsize=8, doublesize=8, byteorder=12345678
    d_longlong=define, longlongsize=8, d_longdbl=define, longdblsize=16
    ivtype='long', ivsize=8, nvtype='double', nvsize=8, Off_t='off_t', lseeksize=8
    alignbytes=8, prototype=define
  Linker and Libraries:
    ld='cc', ldflags =' -fstack-protector -L/usr/local/lib'
    libpth=/usr/local/lib /lib/x86_64-linux-gnu /lib/../lib /usr/lib/x86_64-linux-gnu /usr/lib/../lib /lib /usr/lib
    libs=-lnsl -lgdbm -ldb -ldl -lm -lcrypt -lutil -lpthread -lc -lgdbm_compat
    perllibs=-lnsl -ldl -lm -lcrypt -lutil -lpthread -lc
    libc=, so=so, useshrplib=false, libperl=libperl.a
    gnulibc_version='2.15'
  Dynamic Linking:
    dlsrc=dl_dlopen.xs, dlext=so, d_dlsymun=undef, ccdlflags='-Wl,-E'
    cccdlflags='-fPIC', lddlflags='-shared -O2 -L/usr/local/lib -fstack-protector'


Characteristics of this binary (from libperl): 
  Compile-time options: HAS_TIMES MULTIPLICITY PERLIO_LAYERS
                        PERL_DONT_CREATE_GVSV PERL_IMPLICIT_CONTEXT
                        PERL_MALLOC_WRAP PERL_PRESERVE_IVUV USE_64_BIT_ALL
                        USE_64_BIT_INT USE_ITHREADS USE_LARGE_FILES
                        USE_LOCALE USE_LOCALE_COLLATE USE_LOCALE_CTYPE
                        USE_LOCALE_NUMERIC USE_PERLIO USE_PERL_ATOF
                        USE_REENTRANT_API
  Built under linux
  Compiled at Dec 26 2012 10:15:24
  %ENV:
    PERL5LIB=""
    PERL5OPT=""
    PERL5_CPANPLUS_IS_RUNNING="10104"
    PERL5_CPAN_IS_RUNNING="10104"
    PERL5_CPAN_IS_RUNNING_IN_RECURSION="6030,10104"
    PERL_CR_SMOKER_CURRENT="Test-WWW-Mechanize-Catalyst-0.45"
    PERL_EXTUTILS_AUTOINSTALL="--defaultdeps"
    PERL_MM_USE_DEFAULT="1"
  @INC:
    /opt/perl/threads/5.16.2/lib/site_perl/5.16.2/x86_64-linux-thread-multi
    /opt/perl/threads/5.16.2/lib/site_perl/5.16.2
    /opt/perl/threads/5.16.2/lib/5.16.2/x86_64-linux-thread-multi
    /opt/perl/threads/5.16.2/lib/5.16.2
    .