Back
From: metabase:user:320bfe00-2aae-11df-837a-5e0a49663a4f
Subject: FAIL Data-UUID-Base64URLSafe-0.34 v5.21.6 GNU/Linux
Date: 2014-10-22T17:36:08Z
This distribution has been tested as part of the CPAN Testers
project, supporting the Perl programming language. See
http://wiki.cpantesters.org/ for more information or email
questions to cpan-testers-discuss@perl.org
--
Dear Leon Brocard,
This is a computer-generated report for Data-UUID-Base64URLSafe-0.34
on perl 5.21.6, created by CPAN-Reporter-1.2011.
Thank you for uploading your work to CPAN. However, there was a problem
testing your distribution.
If you think this report is invalid, please consult the CPAN Testers Wiki
for suggestions on how to avoid getting FAIL reports for missing library
or binary dependencies, unsupported operating systems, and so on:
http://wiki.cpantesters.org/wiki/CPANAuthorNotes
Sections of this report:
* Tester comments
* Program output
* Prerequisites
* Environment and other context
------------------------------
TESTER COMMENTS
------------------------------
Additional comments from tester:
this report is from an automated smoke testing program
and was not reviewed by a human for accuracy
------------------------------
PROGRAM OUTPUT
------------------------------
Output from '/usr/bin/make test':
PERL_DL_NONLAZY=1 /tmp/basesmoker-reloperl-O5Nn/bin/perl "-MExtUtils::Command::MM" "-MTest::Harness" "-e" "undef *Test::Harness::Switches; test_harness(0, 'blib/lib', 'blib/arch')" t/*.t
# Failed test 'POD test for blib/lib/Data/UUID/Base64URLSafe.pm'
# at /home/sand/src/perl/repoperls/installed-perls/perl/v5.21.5-62-ga4f1ca6/127e/lib/site_perl/5.21.6/Test/Pod.pm line 186.
Wide character in print at /home/sand/src/perl/repoperls/installed-perls/perl/v5.21.5-62-ga4f1ca6/127e/lib/site_perl/5.21.6/Test/Builder.pm line 1825.
# blib/lib/Data/UUID/Base64URLSafe.pm (82): Non-ASCII character seen before =encoding in '$ugâ>create_from_name_b64_urlsafe(<namespace>,'. Assuming UTF-8
# Looks like you failed 1 test of 1.
t/pod.t ...........
Dubious, test returned 1 (wstat 256, 0x100)
Failed 1/1 subtests
t/pod_coverage.t .. ok
Constant subroutine main::NameSpace_DNS redefined at /home/sand/src/perl/repoperls/installed-perls/perl/v5.21.5-62-ga4f1ca6/127e/lib/5.21.6/Exporter.pm line 66.
at t/simple.t line 5.
Prototype mismatch: sub main::NameSpace_DNS () vs none at /home/sand/src/perl/repoperls/installed-perls/perl/v5.21.5-62-ga4f1ca6/127e/lib/5.21.6/Exporter.pm line 66.
at t/simple.t line 5.
t/simple.t ........ ok
Test Summary Report
-------------------
t/pod.t (Wstat: 256 Tests: 1 Failed: 1)
Failed test: 1
Non-zero exit status: 1
Files=3, Tests=12, 0 wallclock secs ( 0.02 usr 0.00 sys + 0.15 cusr 0.00 csys = 0.17 CPU)
Result: FAIL
Failed 1/3 test programs. 1/12 subtests failed.
Makefile:835: recipe for target 'test_dynamic' failed
make: *** [test_dynamic] Error 255
------------------------------
PREREQUISITES
------------------------------
Prerequisite modules loaded:
requires:
Module Need Have
--------------------- ---- --------
Data::UUID 0 1.219
MIME::Base64::URLSafe 0 0.01
Test::More 0.01 1.001008
build_requires:
Module Need Have
--------------------- ---- --------
ExtUtils::MakeMaker 0 6.98
configure_requires:
Module Need Have
--------------------- ---- --------
ExtUtils::MakeMaker 0 6.98
------------------------------
ENVIRONMENT AND OTHER CONTEXT
------------------------------
Environment variables:
AUTOMATED_TESTING = 1
LANG = en_US.UTF-8
LANGUAGE = en_US:en
PATH = /home/sand/bin:/usr/local/bin:/usr/bin:/bin:/usr/games:/usr/local/perl/bin:/usr/X11/bin:/sbin:/usr/sbin
PERL5LIB = /tmp/loop_over_bdir-3250-Wpo8oX/FusionInventory-Agent-2.3.12-p5tuaz/blib/arch:/tmp/loop_over_bdir-3250-Wpo8oX/FusionInventory-Agent-2.3.12-p5tuaz/blib/lib
PERL5OPT =
PERL5_CPANPLUS_IS_RUNNING = 3644
PERL5_CPAN_IS_RUNNING = 3644
PERL_MM_USE_DEFAULT = 1
SHELL = /usr/bin/zsh
TERM = screen
Perl special variables (and OS-specific diagnostics, for MSWin32):
$^X = /tmp/basesmoker-reloperl-O5Nn/bin/perl
$UID/$EUID = 1005 / 1005
$GID = 1005 1005
$EGID = 1005 1005
Perl module toolchain versions installed:
Module Have
------------------- --------
CPAN 2.05
CPAN::Meta 2.142690
Cwd 3.51
ExtUtils::CBuilder 0.280220
ExtUtils::Command 1.18
ExtUtils::Install 2.04
ExtUtils::MakeMaker 6.98
ExtUtils::Manifest 1.68
ExtUtils::ParseXS 3.26
File::Spec 3.51
JSON 2.90
JSON::PP 2.27300
Module::Build 0.4210
Module::Signature 0.73
Parse::CPAN::Meta 1.4414
Test::Harness 3.33
Test::More 1.001008
YAML 1.13
YAML::Syck 1.27
version 0.9909
--
Summary of my perl5 (revision 5 version 21 subversion 6) configuration:
Commit id: a4f1ca6eb9658c4d589c98787f06e1851909c7d5
Platform:
osname=linux, osvers=3.16-2-amd64, archname=x86_64-linux-ld
uname='linux k83 3.16-2-amd64 #1 smp debian 3.16.3-2 (2014-09-20) x86_64 gnulinux '
config_args='-Dprefix=/home/sand/src/perl/repoperls/installed-perls/perl/v5.21.5-62-ga4f1ca6/127e -Dmyhostname=k83 -Dinstallusrbinperl=n -Uversiononly -Dusedevel -des -Ui_db -Uuseithreads -Duselongdouble -DDEBUGGING=-g'
hint=recommended, useposix=true, d_sigaction=define
useithreads=undef, usemultiplicity=undef
use64bitint=define, use64bitall=define, uselongdouble=define
usemymalloc=n, bincompat5005=undef
Compiler:
cc='cc', ccflags ='-fwrapv -fno-strict-aliasing -pipe -fstack-protector-strong -I/usr/local/include -D_LARGEFILE_SOURCE -D_FILE_OFFSET_BITS=64 -D_FORTIFY_SOURCE=2',
optimize='-O2 -g',
cppflags='-fwrapv -fno-strict-aliasing -pipe -fstack-protector-strong -I/usr/local/include'
ccversion='', gccversion='4.9.1', gccosandvers=''
intsize=4, longsize=8, ptrsize=8, doublesize=8, byteorder=12345678
d_longlong=define, longlongsize=8, d_longdbl=define, longdblsize=16, longdblkind=3
ivtype='long', ivsize=8, nvtype='long double', nvsize=16, Off_t='off_t', lseeksize=8
alignbytes=16, prototype=define
Linker and Libraries:
ld='cc', ldflags =' -fstack-protector-strong -L/usr/local/lib'
libpth=/usr/local/lib /usr/lib/gcc/x86_64-linux-gnu/4.9/include-fixed /usr/include/x86_64-linux-gnu /usr/lib /lib/x86_64-linux-gnu /lib/../lib /usr/lib/x86_64-linux-gnu /usr/lib/../lib /lib
libs=-lnsl -lgdbm -ldb -ldl -lm -lcrypt -lutil -lc -lgdbm_compat
perllibs=-lnsl -ldl -lm -lcrypt -lutil -lc
libc=libc-2.19.so, so=so, useshrplib=false, libperl=libperl.a
gnulibc_version='2.19'
Dynamic Linking:
dlsrc=dl_dlopen.xs, dlext=so, d_dlsymun=undef, ccdlflags='-Wl,-E'
cccdlflags='-fPIC', lddlflags='-shared -O2 -g -L/usr/local/lib -fstack-protector-strong'
Characteristics of this binary (from libperl):
Compile-time options: HAS_TIMES PERLIO_LAYERS PERL_DONT_CREATE_GVSV
PERL_HASH_FUNC_ONE_AT_A_TIME_HARD PERL_MALLOC_WRAP
PERL_NEW_COPY_ON_WRITE PERL_PRESERVE_IVUV
PERL_USE_DEVEL USE_64_BIT_ALL USE_64_BIT_INT
USE_LARGE_FILES USE_LOCALE USE_LOCALE_COLLATE
USE_LOCALE_CTYPE USE_LOCALE_NUMERIC USE_LOCALE_TIME
USE_LONG_DOUBLE USE_PERLIO USE_PERL_ATOF
Built under linux
Compiled at Oct 22 2014 03:17:09
%ENV:
PERL5LIB="/tmp/loop_over_bdir-3250-Wpo8oX/FusionInventory-Agent-2.3.12-p5tuaz/blib/arch:/tmp/loop_over_bdir-3250-Wpo8oX/FusionInventory-Agent-2.3.12-p5tuaz/blib/lib"
PERL5OPT=""
PERL5_CPANPLUS_IS_RUNNING="3644"
PERL5_CPAN_IS_RUNNING="3644"
PERL_MM_USE_DEFAULT="1"
@INC:
/tmp/loop_over_bdir-3250-Wpo8oX/FusionInventory-Agent-2.3.12-p5tuaz/blib/arch
/tmp/loop_over_bdir-3250-Wpo8oX/FusionInventory-Agent-2.3.12-p5tuaz/blib/lib
/home/sand/src/perl/repoperls/installed-perls/perl/v5.21.5-62-ga4f1ca6/127e/lib/site_perl/5.21.6/x86_64-linux-ld
/home/sand/src/perl/repoperls/installed-perls/perl/v5.21.5-62-ga4f1ca6/127e/lib/site_perl/5.21.6
/home/sand/src/perl/repoperls/installed-perls/perl/v5.21.5-62-ga4f1ca6/127e/lib/5.21.6/x86_64-linux-ld
/home/sand/src/perl/repoperls/installed-perls/perl/v5.21.5-62-ga4f1ca6/127e/lib/5.21.6
.