Tcl-pTk v1.09 Perl 5 v5.22.2 x86_64-linux-ld
- Status
- Fail
- From
- Andreas J. König (ANDK)
- Dist
-
Tcl-pTk v1.09
- Platform
- Perl 5 v5.22.2 x86_64-linux-ld
- Date
- 2022-05-20 06:05:54
- ID
- e8be8514-d802-11ec-8a3a-19e64f95d84d
This distribution has been tested as part of the CPAN Testers
project, supporting the Perl programming language. See
http://wiki.cpantesters.org/ for more information or email
questions to cpan-testers-discuss@perl.org
--
Dear Christopher Alexander Chavez,
This is a computer-generated report for Tcl-pTk-1.09
on perl 5.22.2, created by CPAN-Reporter-1.2018.
Thank you for uploading your work to CPAN. However, there was a problem
testing your distribution.
If you think this report is invalid, please consult the CPAN Testers Wiki
for suggestions on how to avoid getting FAIL reports for missing library
or binary dependencies, unsupported operating systems, and so on:
http://wiki.cpantesters.org/wiki/CPANAuthorNotes
Sections of this report:
* Tester comments
* Program output
* Prerequisites
* Environment and other context
------------------------------
TESTER COMMENTS
------------------------------
Additional comments from tester:
this report is from an automated smoke testing program
and was not reviewed by a human for accuracy
------------------------------
PROGRAM OUTPUT
------------------------------
Output from '/usr/bin/make test':
PERL_DL_NONLAZY=1 "/home/sand/src/perl/repoperls/installed-perls/host/k93msid/v5.22.2/fc43/bin/perl" "-MExtUtils::Command::MM" "-MTest::Harness" "-e" "undef *Test::Harness::Switches; test_harness(0, 'blib/lib', 'blib/arch')" t/*.t
t/after.t ..................... ok
t/afterDestroy.t .............. ok
t/afterIdle.t ................. ok
t/balloon.t ................... ok
Balloon should appear over 'Balloon Text' button
t/balloon2.t .................. ok
t/bgerror1.t .................. ok
t/bgerror2.t .................. ok
Error Dialog Should Show. This is expected
t/bgerror3.t .................. ok
t/bind.t ...................... ok
t/bindBreak.t ................. ok
t/bitmapSubClass.t ............ ok
t/browseEntry.t ............... ok
t/browseEntry2.t .............. ok
t/busy.t ...................... ok
t/callback.t .................. ok
t/callbackSet.t ............... ok
t/canFind.t ................... ok
t/canIndex.t .................. ok
t/canScale.t .................. ok
t/canvasFocusBusy.t ........... ok
t/checkradio.t ................ ok
t/cleanupCrashTest.t .......... ok
t/command.t ................... ok
t/configureReturn.t ........... ok
t/dialog.t .................... ok
t/dialogBox.t ................. ok
t/dialogBoxGeom.t ............. ok
t/dirtree.t ................... skipped: Tix Tcl package not available
t/dndlocal.t .................. ok
t/emptyMenuButtonSubclass.t ... ok
t/emptyMenuSubclass.t ......... ok
t/emptySubclass.t ............. ok
t/entry.t ..................... ok
t/entryPaste.t ................ ok
t/entryValidate.t ............. ok
t/fileevent.t ................. skipped: fileevent is unavailable, reason: Can't locate sys/ioctl.ph in @INC (did you run h2ph?) (@INC contains: /tmp/loop_over_bdir-2387888-HONkwM/Tcl-pTk-1.09-0/blib/lib /tmp/loop_over_bdir-2387888-HONkwM/Tcl-pTk-1.09-0/blib/arch /home/sand/src/perl/repoperls/installed-perls/host/k93msid/v5.22.2/fc43/lib/site_perl/5.22.2/x86_64-linux-ld /home/sand/src/perl/repoperls/installed-perls/host/k93msid/v5.22.2/fc43/lib/site_perl/5.22.2 /home/sand/src/perl/repoperls/installed-perls/host/k93msid/v5.22.2/fc43/lib/5.22.2/x86_64-linux-ld /home/sand/src/perl/repoperls/installed-perls/host/k93msid/v5.22.2/fc43/lib/5.22.2 .) at /tmp/loop_over_bdir-2387888-HONkwM/Tcl-pTk-1.09-0/blib/lib/Tcl/pTk/Widget.pm line 2163.
t/fileevent2.t ................ skipped: fileevent is unavailable, reason: Can't locate sys/ioctl.ph in @INC (did you run h2ph?) (@INC contains: /tmp/loop_over_bdir-2387888-HONkwM/Tcl-pTk-1.09-0/blib/lib /tmp/loop_over_bdir-2387888-HONkwM/Tcl-pTk-1.09-0/blib/arch /home/sand/src/perl/repoperls/installed-perls/host/k93msid/v5.22.2/fc43/lib/site_perl/5.22.2/x86_64-linux-ld /home/sand/src/perl/repoperls/installed-perls/host/k93msid/v5.22.2/fc43/lib/site_perl/5.22.2 /home/sand/src/perl/repoperls/installed-perls/host/k93msid/v5.22.2/fc43/lib/5.22.2/x86_64-linux-ld /home/sand/src/perl/repoperls/installed-perls/host/k93msid/v5.22.2/fc43/lib/5.22.2 .) at /tmp/loop_over_bdir-2387888-HONkwM/Tcl-pTk-1.09-0/blib/lib/Tcl/pTk/Widget.pm line 2163.
# Test 1 got: <UNDEF> (t/focusMethods.t at line 28 *TODO*)
# Expected: ".ent02" (initial focus on entry1 failed)
# t/focusMethods.t line 28 is: ok($mw->focusCurrent, $entry1, 'initial focus on entry1 failed');
# Test 2 got: <UNDEF> (t/focusMethods.t at line 32 *TODO*)
# Expected: ".ent03" (focusNext from entry1 to entry2 failed)
# t/focusMethods.t line 32 is: ok($mw->focusCurrent, $entry2, 'focusNext from entry1 to entry2 failed');
# Test 3 got: <UNDEF> (t/focusMethods.t at line 36 *TODO*)
# Expected: ".ent04" (focusNext from entry2 to entry3 failed)
# t/focusMethods.t line 36 is: ok($mw->focusCurrent, $entry3, 'focusNext from entry2 to entry3 failed');
# Test 4 got: <UNDEF> (t/focusMethods.t at line 40 *TODO*)
# Expected: ".ent03" (focusPrev from entry3 to entry2 failed)
# t/focusMethods.t line 40 is: ok($mw->focusCurrent, $entry2, 'focusPrev from entry3 to entry2 failed');
# Test 5 got: <UNDEF> (t/focusMethods.t at line 44 *TODO*)
# Expected: ".ent02" (focusPrev from entry2 to entry1 failed)
# t/focusMethods.t line 44 is: ok($mw->focusCurrent, $entry1, 'focusPrev from entry2 to entry1 failed');
# Test 6 got: <UNDEF> (t/focusMethods.t at line 48 *TODO*)
# Expected: ".ent02" (before focusFollowsMouse: failed to keep focus on entry1 while entering entry3)
# t/focusMethods.t line 48 is: ok(
# Test 7 got: <UNDEF> (t/focusMethods.t at line 58 *TODO*)
# Expected: ".ent04" (after focusFollowsMouse: failed to focus on entry3 by entering)
# t/focusMethods.t line 58 is: ok($mw->focusCurrent, $entry3,
t/focusMethods.t .............. ok
t/font.t ...................... ok
t/font2.t ..................... ok
# Test 5 got: "189" (t/fontAttr.t at line 72 fail #3 *TODO*)
# Expected: "270" (Font->actual TkDefaultFont Attr Check)
# t/fontAttr.t line 72 is: skip($skip, $widthTest1, $widthTest2, "Font->actual $fontName Attr Check");
# Test 6 got: "270" (t/fontAttr.t at line 73 fail #3 *TODO*)
# Expected: "189" ($widget->fontActual TkDefaultFont Attr Check)
# t/fontAttr.t line 73 is: skip($skip, $widthTest2, $widthTest3, "\$widget->fontActual $fontName Attr Check");
t/fontAttr.t .................. ok
t/frameForeground.t ........... ok
t/geomgr.t .................... ok
t/hlist.t ..................... skipped: Tix Tcl package not available
t/iconimage.t ................. skipped: iconimage only works for Tcl/Tk >= 8.5
t/imageLoad.t ................. skipped: Tix Tcl package not available
t/itemStyle.t ................. skipped: Tix Tcl package not available
t/labEntry.t .................. ok
t/labEntryFacelift.t .......... skipped: Tile unavailable
t/labEntryParentChild.t ....... ok
t/libLoad.t ................... skipped: Tix Tcl package not available
t/listbox.t ................... ok
t/mainloopMult.t .............. ok
t/menub-cascade.t ............. ok
t/menub_newMenu.t ............. ok
t/menubarpath.t ............... ok
t/menuitems.t ................. ok
t/messageBox.t ................
Failed 1/1 subtests
t/moveResizeWindow.t .......... ok
t/moveToplevelWindow.t ........ ok
t/multMainWindow1.t ........... ok
t/multMainWindow2.t ........... ok
t/notebook.t .................. skipped: Tix Tcl package not available
t/notebook2.t ................. skipped: Tix Tcl package not available
t/onDestroy.t ................. ok
t/optmenu.t ................... ok
t/palette.t ................... ok
t/pane.t ...................... skipped: BWidget Tcl package not available
t/patchTk.t ................... skipped: Not using Aqua Tk
t/photoGetImage.t ............. skipped: no Img extension available (can't find package Img at /tmp/loop_over_bdir-2387888-HONkwM/Tcl-pTk-1.09-0/blib/lib/Tcl/pTk.pm line 1206.
t/photoImg.t .................. skipped: Tk Img extension not found
t/photoSubClass.t ............. ok
t/photoTk.t ................... ok
t/progBar.t ................... ok
t/protocol.t .................. ok
t/ptk-compat.t ................ ok
t/ptk-compat2.t ............... ok
t/repeat.t .................... ok
t/repeatSubReuse.t ............ ok
t/rt125058.t .................. ok
t/scrolled.t .................. ok
t/scrolledOptional.t .......... ok
t/selection.t ................. ok
t/slideMegaWidget.t ........... ok
t/slideMegaWidget2.t .......... ok
t/spreadsheetHideRows.t ....... skipped: Tktable Tcl package not available
t/table.t ..................... skipped: Tktable Tcl package not available
t/tableFacelift.t ............. skipped: Tktable Tcl package not available
t/tableMatrixCallbacks.t ...... skipped: Tktable Tcl package not available
t/tableMatrixCleanup.t ........ skipped: Tktable Tcl package not available
t/tableMatrixDebug.t .......... skipped: Tktable Tcl package not available
t/tableMatrixSpreadsheet.t .... skipped: Tktable Tcl package not available
t/tclVersion.t ................ ok
t/text.t ...................... ok
t/text2-old.t ................. ok
t/text2.t ..................... ok
t/text3.t ..................... ok
t/textEdit.t .................. ok
t/textRO.t .................... ok
t/textSubwidget.t ............. ok
t/textUndo.t .................. ok
t/tileLabelFont.t ............. skipped: Tile unavailable
t/tileTree.t .................. skipped: Tile unavailable
t/tileWidget.t ................ skipped: Tile unavailable
t/tixTree.t ................... skipped: Tix Tcl package not available
t/tk-mw.t ..................... ok
t/tkFacelift_BEsubclass.t ..... skipped: Tile unavailable
t/tkFacelift_browseEntry.t .... skipped: Tile unavailable
t/tkFacelift_frameSubclass.t .. skipped: Tile unavailable
t/tkFacelift_mega1.t .......... skipped: Tile unavailable
t/tkFacelift_notebook.t ....... skipped: Tile unavailable
t/tkFacelift_simple.t ......... skipped: Tile unavailable
t/tkHijack_BEsubclass.t ....... skipped: Tile unavailable
t/tkHijack_bgerror1.t ......... ok
t/tkHijack_bgerror2.t ......... ok
t/tkHijack_bgerror3.t ......... ok
t/tkHijack_mega1.t ............ ok
t/tkHijack_simple.t ........... skipped: Tix Tcl package not available
t/tkHijack_spreadsheet.t ...... skipped: Tktable Tcl package not available
# Test 1 got: <UNDEF> (t/trace.t at line 26 *TODO*)
# Expected: "new value" (variable tie from tcl to perl)
# t/trace.t line 26 is: ok( $updateSubVar, 'new value', 'variable tie from tcl to perl');
t/trace.t ..................... ok
t/tree.t ...................... skipped: Tix Tcl package not available
t/ttkBrowseEntry.t ............ skipped: Tile unavailable
t/ttkEntryValidate.t .......... skipped: Tile unavailable
t/ttkTixNoteBook.t ............ skipped: Tile unavailable
t/unicode.t ................... ok
t/virtualEv.t ................. ok
t/widgetDelete.t .............. ok
t/widgetMethod.t ..............
Failed 1/6 subtests
t/widgetName.t ................ ok
t/wmForget.t .................. skipped: Wm manage only works for Tcl/Tk >= 8.5
t/wmStackorder.t .............. ok
t/xevent.t .................... ok
t/zzPhoto.t ................... skipped: no Img extension available
Test Summary Report
-------------------
t/font.t (Wstat: 0 Tests: 13 Failed: 0)
TODO passed: 11
t/fontAttr.t (Wstat: 0 Tests: 8 Failed: 0)
TODO passed: 1-4, 7-8
t/messageBox.t (Wstat: 15 (Signal: TERM) Tests: 0 Failed: 0)
Non-zero wait status: 15
Parse errors: Bad plan. You planned 1 tests but ran 0.
t/widgetMethod.t (Wstat: 15 (Signal: TERM) Tests: 5 Failed: 0)
Non-zero wait status: 15
Parse errors: Bad plan. You planned 6 tests but ran 5.
t/wmStackorder.t (Wstat: 0 Tests: 10 Failed: 0)
TODO passed: 1-10
Files=133, Tests=413, 1963 wallclock secs ( 0.27 usr 0.38 sys + 12.96 cusr 6.00 csys = 19.61 CPU)
Result: FAIL
Failed 2/133 test programs. 0/413 subtests failed.
make: *** [Makefile:1209: test_dynamic] Error 255
------------------------------
PREREQUISITES
------------------------------
Prerequisite modules loaded:
requires:
Module Need Have
------------------- ----- --------
Class::ISA 0.36 0.36
perl 5.008 5.022002
Sub::Name 0.05 0.26
Tcl 0.90 1.27
Time::HiRes 0 1.9726
build_requires:
Module Need Have
------------------- ----- --------
ExtUtils::MakeMaker 0 7.64
Test::Deep 0 1.130
configure_requires:
Module Need Have
------------------- ----- --------
ExtUtils::MakeMaker 0 7.64
------------------------------
ENVIRONMENT AND OTHER CONTEXT
------------------------------
Environment variables:
AUTOMATED_TESTING = 1
LANG = en_US.UTF-8
PATH = /home/sand/bin:/usr/local/bin:/usr/bin:/bin:/usr/games:/usr/local/perl/bin:/usr/X11/bin:/sbin:/usr/sbin
PERL5LIB =
PERL5OPT =
PERL5_CPANPLUS_IS_RUNNING = 189202
PERL5_CPAN_IS_RUNNING = 189202
PERL_CANARY_STABILITY_NOPROMPT = 1
PERL_MM_USE_DEFAULT = 1
PERL_USE_UNSAFE_INC = 1
SHELL = /usr/bin/zsh
TERM = screen
Perl special variables (and OS-specific diagnostics, for MSWin32):
$^X = /home/sand/src/perl/repoperls/installed-perls/host/k93msid/v5.22.2/fc43/bin/perl
$UID/$EUID = 1005 / 1005
$GID = 1005 1005
$EGID = 1005 1005
Perl module toolchain versions installed:
Module Have
------------------- --------
CPAN 2.34
CPAN::Meta 2.150010
Cwd 3.75
ExtUtils::CBuilder 0.280236
ExtUtils::Command 7.64
ExtUtils::Install 2.06
ExtUtils::MakeMaker 7.64
ExtUtils::Manifest 1.70
ExtUtils::ParseXS 3.44
File::Spec 3.75
JSON 4.05
JSON::PP 2.27300
Module::Build 0.4231
Module::Signature 0.88
Parse::CPAN::Meta 2.150010
Test::Harness 3.44
Test::More 1.302190
YAML 1.30
YAML::Syck 1.34
version 0.9929
--
Summary of my perl5 (revision 5 version 22 subversion 2) configuration:
Derived from: 9cbffb38735712e3a34e6f537892b6ef06fb815f
Platform:
osname=linux, osvers=5.17.0-1-amd64, archname=x86_64-linux-ld
uname='linux k93msid 5.17.0-1-amd64 #1 smp preempt debian 5.17.3-1 (2022-04-18) x86_64 gnulinux '
config_args='-Dprefix=/home/sand/src/perl/repoperls/installed-perls/host/k93msid/v5.22.2/fc43 -Dmyhostname=k93msid -Dinstallusrbinperl=n -Uversiononly -Dusedevel -des -Ui_db -Dlibswanted=cl pthread socket inet nsl gdbm dbm malloc dl ld sun m crypt sec util c cposix posix ucb BSD gdbm_compat -Uuseithreads -Duselongdouble -DEBUGGING=both'
hint=recommended, useposix=true, d_sigaction=define
useithreads=undef, usemultiplicity=undef
use64bitint=define, use64bitall=define, uselongdouble=define
usemymalloc=n, bincompat5005=undef
Compiler:
cc='cc', ccflags ='-fwrapv -DDEBUGGING -fno-strict-aliasing -pipe -fstack-protector-strong -I/usr/local/include -D_LARGEFILE_SOURCE -D_FILE_OFFSET_BITS=64 -D_FORTIFY_SOURCE=2',
optimize='-O2 -g',
cppflags='-fwrapv -DDEBUGGING -fno-strict-aliasing -pipe -fstack-protector-strong -I/usr/local/include'
ccversion='', gccversion='11.3.0', gccosandvers=''
intsize=4, longsize=8, ptrsize=8, doublesize=8, byteorder=12345678, doublekind=3
d_longlong=define, longlongsize=8, d_longdbl=define, longdblsize=16, longdblkind=3
ivtype='long', ivsize=8, nvtype='long double', nvsize=16, Off_t='off_t', lseeksize=8
alignbytes=16, prototype=define
Linker and Libraries:
ld='cc', ldflags =' -fstack-protector-strong -L/usr/local/lib'
libpth=/usr/local/lib /usr/include/x86_64-linux-gnu /usr/lib /lib/x86_64-linux-gnu /lib/../lib /usr/lib/x86_64-linux-gnu /usr/lib/../lib /lib
libs=-lpthread -lnsl -ldl -lm -lcrypt -lutil -lc
perllibs=-lpthread -lnsl -ldl -lm -lcrypt -lutil -lc
libc=libc-2.33.so, so=so, useshrplib=false, libperl=libperl.a
gnulibc_version='2.33'
Dynamic Linking:
dlsrc=dl_dlopen.xs, dlext=so, d_dlsymun=undef, ccdlflags='-Wl,-E'
cccdlflags='-fPIC', lddlflags='-shared -O2 -g -L/usr/local/lib -fstack-protector-strong'
Characteristics of this binary (from libperl):
Compile-time options: DEBUGGING HAS_TIMES PERLIO_LAYERS
PERL_DONT_CREATE_GVSV
PERL_HASH_FUNC_ONE_AT_A_TIME_HARD PERL_MALLOC_WRAP
PERL_NEW_COPY_ON_WRITE PERL_PRESERVE_IVUV
PERL_USE_DEVEL USE_64_BIT_ALL USE_64_BIT_INT
USE_LARGE_FILES USE_LOCALE USE_LOCALE_COLLATE
USE_LOCALE_CTYPE USE_LOCALE_NUMERIC USE_LOCALE_TIME
USE_LONG_DOUBLE USE_PERLIO USE_PERL_ATOF
Locally applied patches:
uncommitted-changes
Built under linux
Compiled at May 4 2022 15:39:11
%ENV:
PERL5LIB=""
PERL5OPT=""
PERL5_CPANPLUS_IS_RUNNING="189202"
PERL5_CPAN_IS_RUNNING="189202"
PERL_CANARY_STABILITY_NOPROMPT="1"
PERL_MM_USE_DEFAULT="1"
PERL_USE_UNSAFE_INC="1"
@INC:
/home/sand/src/perl/repoperls/installed-perls/host/k93msid/v5.22.2/fc43/lib/site_perl/5.22.2/x86_64-linux-ld
/home/sand/src/perl/repoperls/installed-perls/host/k93msid/v5.22.2/fc43/lib/site_perl/5.22.2
/home/sand/src/perl/repoperls/installed-perls/host/k93msid/v5.22.2/fc43/lib/5.22.2/x86_64-linux-ld
/home/sand/src/perl/repoperls/installed-perls/host/k93msid/v5.22.2/fc43/lib/5.22.2
.