Report for Parallel-Workers-0.0.9

Back
From: metabase:user:320bfe00-2aae-11df-837a-5e0a49663a4f
Subject: FAIL Parallel-Workers-0.0.9 v5.17.5 GNU/Linux
Date: 2012-09-21T08:04:09Z

This distribution has been tested as part of the CPAN Testers
project, supporting the Perl programming language.  See
http://wiki.cpantesters.org/ for more information or email
questions to cpan-testers-discuss@perl.org


--
Dear Olivier Evalet,

This is a computer-generated report for Parallel-Workers-0.0.9
on perl 5.17.5, created by CPAN-Reporter-1.2006.

Thank you for uploading your work to CPAN.  However, there was a problem
testing your distribution.

If you think this report is invalid, please consult the CPAN Testers Wiki
for suggestions on how to avoid getting FAIL reports for missing library
or binary dependencies, unsupported operating systems, and so on:

http://wiki.cpantesters.org/wiki/CPANAuthorNotes

Sections of this report:

    * Tester comments
    * Program output
    * Prerequisites
    * Environment and other context

------------------------------
TESTER COMMENTS
------------------------------

Additional comments from tester:

this report is from an automated smoke testing program
and was not reviewed by a human for accuracy

------------------------------
PROGRAM OUTPUT
------------------------------

Output from '/usr/bin/make test':

PERL_DL_NONLAZY=1 /mnt/k75/homesand/src/perl/repoperls/installed-perls/perl/v5.17.4-3-g36672c2/a2da/bin/perl "-MExtUtils::Command::MM" "-e" "test_harness(0, 'blib/lib', 'blib/arch')" t/*.t

#   Failed test 'use Parallel::Workers::Backend::SSH;'
#   at t/00.load.t line 7.
#     Tried to use 'Parallel::Workers::Backend::SSH'.
#     Error:  Can't locate Net/SSH/Perl.pm in @INC (@INC contains: /tmp/loop_over_bdir-k7WTRL/Parallel-Workers-0.0.9-JqVj0u/blib/lib /tmp/loop_over_bdir-k7WTRL/Parallel-Workers-0.0.9-JqVj0u/blib/arch /home/src/perl/repoperls/installed-perls/perl/v5.17.4-3-g36672c2/a2da/lib/site_perl/5.17.5/x86_64-linux-thread-multi-ld /home/src/perl/repoperls/installed-perls/perl/v5.17.4-3-g36672c2/a2da/lib/site_perl/5.17.5 /home/src/perl/repoperls/installed-perls/perl/v5.17.4-3-g36672c2/a2da/lib/5.17.5/x86_64-linux-thread-multi-ld /home/src/perl/repoperls/installed-perls/perl/v5.17.4-3-g36672c2/a2da/lib/5.17.5 .) at /tmp/loop_over_bdir-k7WTRL/Parallel-Workers-0.0.9-JqVj0u/blib/lib/Parallel/Workers/Backend/SSH.pm line 6.
# BEGIN failed--compilation aborted at /tmp/loop_over_bdir-k7WTRL/Parallel-Workers-0.0.9-JqVj0u/blib/lib/Parallel/Workers/Backend/SSH.pm line 6.
# Compilation failed in require at (eval 1156) line 2.
# BEGIN failed--compilation aborted at (eval 1156) line 2.
# Testing Parallel::Workers 0.0.9
# Looks like you failed 1 test of 4.
t/00.load.t ........ 
Dubious, test returned 1 (wstat 256, 0x100)
Failed 1/4 subtests 
t/process-0.t ...... ok
Can't locate Net/SSH/Perl.pm in @INC (@INC contains: /tmp/loop_over_bdir-k7WTRL/Parallel-Workers-0.0.9-JqVj0u/blib/lib /tmp/loop_over_bdir-k7WTRL/Parallel-Workers-0.0.9-JqVj0u/blib/arch /home/src/perl/repoperls/installed-perls/perl/v5.17.4-3-g36672c2/a2da/lib/site_perl/5.17.5/x86_64-linux-thread-multi-ld /home/src/perl/repoperls/installed-perls/perl/v5.17.4-3-g36672c2/a2da/lib/site_perl/5.17.5 /home/src/perl/repoperls/installed-perls/perl/v5.17.4-3-g36672c2/a2da/lib/5.17.5/x86_64-linux-thread-multi-ld /home/src/perl/repoperls/installed-perls/perl/v5.17.4-3-g36672c2/a2da/lib/5.17.5 .) at /tmp/loop_over_bdir-k7WTRL/Parallel-Workers-0.0.9-JqVj0u/blib/lib/Parallel/Workers/Backend/SSH.pm line 6.
BEGIN failed--compilation aborted at /tmp/loop_over_bdir-k7WTRL/Parallel-Workers-0.0.9-JqVj0u/blib/lib/Parallel/Workers/Backend/SSH.pm line 6.
Compilation failed in require at (eval 12) line 2.
# Looks like you planned 3 tests but ran 1.
# Looks like your test exited with 2 just after 1.
t/ssh-0.t .......... 
Dubious, test returned 2 (wstat 512, 0x200)
Failed 2/3 subtests 
Reference found where even-sized list expected at /tmp/loop_over_bdir-k7WTRL/Parallel-Workers-0.0.9-JqVj0u/blib/lib/Parallel/Workers/Transaction.pm line 25.
t/transaction-0.t .. ok

Test Summary Report
-------------------
t/00.load.t      (Wstat: 256 Tests: 4 Failed: 1)
  Failed test:  4
  Non-zero exit status: 1
t/ssh-0.t        (Wstat: 512 Tests: 1 Failed: 0)
  Non-zero exit status: 2
  Parse errors: Bad plan.  You planned 3 tests but ran 1.
Files=4, Tests=18,  1 wallclock secs ( 0.04 usr  0.01 sys +  0.72 cusr  0.14 csys =  0.91 CPU)
Result: FAIL
Failed 2/4 test programs. 1/18 subtests failed.
make: *** [test_dynamic] Error 255

------------------------------
PREREQUISITES
------------------------------

Prerequisite modules loaded:

requires:

    Module              Need Have   
    ------------------- ---- -------
    Data::Serializer    0    0.59   
    File::Find::Rule    0    0.33   
    File::Temp          0    0.22   
    Getopt::Long        0    2.38   
    Math::BigInt::GMP   0    1.37   

build_requires:

    Module              Need Have   
    ------------------- ---- -------
    ExtUtils::MakeMaker 0    6.63_02


------------------------------
ENVIRONMENT AND OTHER CONTEXT
------------------------------

Environment variables:

    AUTOMATED_TESTING = 1
    LANG = en_US.UTF-8
    LANGUAGE = en_US:en
    PATH = /home/sand/bin:/usr/local/bin:/usr/bin:/bin:/usr/bin/X11:/usr/games:/usr/local/perl/bin:/usr/X11/bin:/sbin:/usr/sbin
    PERL5LIB = 
    PERL5OPT = 
    PERL5_CPANPLUS_IS_RUNNING = 29431
    PERL5_CPAN_IS_RUNNING = 29431
    PERL_MM_USE_DEFAULT = 1
    SHELL = /usr/bin/zsh
    TERM = screen

Perl special variables (and OS-specific diagnostics, for MSWin32):

    $^X = /mnt/k75/homesand/src/perl/repoperls/installed-perls/perl/v5.17.4-3-g36672c2/a2da/bin/perl
    $UID/$EUID = 1005 / 1005
    $GID = 1005 1005
    $EGID = 1005 1005

Perl module toolchain versions installed:

    Module              Have    
    ------------------- --------
    CPAN                1.9800  
    CPAN::Meta          2.120921
    Cwd                 3.39_02 
    ExtUtils::CBuilder  0.280208
    ExtUtils::Command   1.17    
    ExtUtils::Install   1.58    
    ExtUtils::MakeMaker 6.63_02 
    ExtUtils::Manifest  1.61    
    ExtUtils::ParseXS   3.18    
    File::Spec          3.39_02 
    JSON                2.53    
    JSON::PP            2.27200 
    Module::Build       0.4003  
    Module::Signature   0.68    
    Parse::CPAN::Meta   1.4404  
    Test::Harness       3.25_01 
    Test::More          0.98    
    YAML                0.84    
    YAML::Syck          1.21    
    version             0.9901  


--

Summary of my perl5 (revision 5 version 17 subversion 5) configuration:
  Commit id: 36672c259f294d48bfc86febe9d2a9cbe7ba9e41
  Platform:
    osname=linux, osvers=3.2.0-3-amd64, archname=x86_64-linux-thread-multi-ld
    uname='linux k83 3.2.0-3-amd64 #1 smp mon jul 23 02:45:17 utc 2012 x86_64 gnulinux '
    config_args='-Dprefix=/home/src/perl/repoperls/installed-perls/perl/v5.17.4-3-g36672c2/a2da -Dmyhostname=k83 -Dinstallusrbinperl=n -Uversiononly -Dusedevel -des -Ui_db -Duseithreads -Duselongdouble -DDEBUGGING=-g'
    hint=recommended, useposix=true, d_sigaction=define
    useithreads=define, usemultiplicity=define
    useperlio=define, d_sfio=undef, uselargefiles=define, usesocks=undef
    use64bitint=define, use64bitall=define, uselongdouble=define
    usemymalloc=n, bincompat5005=undef
  Compiler:
    cc='cc', ccflags ='-D_REENTRANT -D_GNU_SOURCE -fno-strict-aliasing -pipe -fstack-protector -I/usr/local/include -D_LARGEFILE_SOURCE -D_FILE_OFFSET_BITS=64',
    optimize='-O2 -g',
    cppflags='-D_REENTRANT -D_GNU_SOURCE -fno-strict-aliasing -pipe -fstack-protector -I/usr/local/include'
    ccversion='', gccversion='4.7.1', gccosandvers=''
    intsize=4, longsize=8, ptrsize=8, doublesize=8, byteorder=12345678
    d_longlong=define, longlongsize=8, d_longdbl=define, longdblsize=16
    ivtype='long', ivsize=8, nvtype='long double', nvsize=16, Off_t='off_t', lseeksize=8
    alignbytes=16, prototype=define
  Linker and Libraries:
    ld='cc', ldflags =' -fstack-protector -L/usr/local/lib'
    libpth=/usr/local/lib /lib/x86_64-linux-gnu /lib/../lib /usr/lib/x86_64-linux-gnu /usr/lib/../lib /lib /usr/lib
    libs=-lnsl -ldb -ldl -lm -lcrypt -lutil -lpthread -lc
    perllibs=-lnsl -ldl -lm -lcrypt -lutil -lpthread -lc
    libc=, so=so, useshrplib=false, libperl=libperl.a
    gnulibc_version='2.13'
  Dynamic Linking:
    dlsrc=dl_dlopen.xs, dlext=so, d_dlsymun=undef, ccdlflags='-Wl,-E'
    cccdlflags='-fPIC', lddlflags='-shared -O2 -g -L/usr/local/lib -fstack-protector'


Characteristics of this binary (from libperl): 
  Compile-time options: HAS_TIMES MULTIPLICITY PERLIO_LAYERS
                        PERL_DONT_CREATE_GVSV PERL_IMPLICIT_CONTEXT
                        PERL_MALLOC_WRAP PERL_PRESERVE_IVUV PERL_USE_DEVEL
                        USE_64_BIT_ALL USE_64_BIT_INT USE_ITHREADS
                        USE_LARGE_FILES USE_LOCALE USE_LOCALE_COLLATE
                        USE_LOCALE_CTYPE USE_LOCALE_NUMERIC USE_LONG_DOUBLE
                        USE_PERLIO USE_PERL_ATOF USE_REENTRANT_API
  Built under linux
  Compiled at Sep 20 2012 03:16:49
  %ENV:
    PERL5LIB=""
    PERL5OPT=""
    PERL5_CPANPLUS_IS_RUNNING="29431"
    PERL5_CPAN_IS_RUNNING="29431"
    PERL_MM_USE_DEFAULT="1"
  @INC:
    /home/src/perl/repoperls/installed-perls/perl/v5.17.4-3-g36672c2/a2da/lib/site_perl/5.17.5/x86_64-linux-thread-multi-ld
    /home/src/perl/repoperls/installed-perls/perl/v5.17.4-3-g36672c2/a2da/lib/site_perl/5.17.5
    /home/src/perl/repoperls/installed-perls/perl/v5.17.4-3-g36672c2/a2da/lib/5.17.5/x86_64-linux-thread-multi-ld
    /home/src/perl/repoperls/installed-perls/perl/v5.17.4-3-g36672c2/a2da/lib/5.17.5
    .