SPVM-Go v0.007002 Perl 5 v5.38.0 x86_64-linux

Status
Fail
From
David Cantrell (DCANTRELL)
Dist
SPVM-Go v0.007002
Platform
Perl 5 v5.38.0 x86_64-linux
Date
2024-06-05 02:04:21
ID
ec95f9c2-22df-11ef-a350-857c16f4c356
This distribution has been tested as part of the CPAN Testers
project, supporting the Perl programming language.  See
http://wiki.cpantesters.org/ for more information or email
questions to cpan-testers-discuss@perl.org


--
Dear Yuki Kimoto,

This is a computer-generated report for SPVM-Go-0.007002
on perl 5.38.0, created by CPAN-Reporter-1.2019.

Thank you for uploading your work to CPAN.  However, there was a problem
testing your distribution.

If you think this report is invalid, please consult the CPAN Testers Wiki
for suggestions on how to avoid getting FAIL reports for missing library
or binary dependencies, unsupported operating systems, and so on:

http://wiki.cpantesters.org/wiki/CPANAuthorNotes

Sections of this report:

    * Tester comments
    * Program output
    * Prerequisites
    * Environment and other context

------------------------------
TESTER COMMENTS
------------------------------

Additional comments from tester:

this report is from an automated smoke testing program
and was not reviewed by a human for accuracy

------------------------------
PROGRAM OUTPUT
------------------------------

Output from '/usr/bin/make test':

PERL_DL_NONLAZY=1 "/home/david/cpantesting/perl-5.38.0-NO_TAINT/bin/perl" "-MExtUtils::Command::MM" "-MTest::Harness" "-e" "undef *Test::Harness::Switches; test_harness(0, 'blib/lib', 'blib/arch')" t/*.t t/*/*.t t/*/*/*.t
t/Go-Channel.t ......... ok
[An exception thrown in a goroutine is converted to a warning]
Coroutine Error.
  TestCase::Go::Coroutine::anon_method::125::39-> at /home/david/cpantesting/perl-5.38.0-NO_TAINT/.cpan/build/SPVM-Go-0.007002-0/t/lib/SPVM/TestCase/Go/Coroutine.spvm line 129
t/Go-Coroutine.t ....... ok
t/Go-OS-Signal.t ....... ok
[CompileError]The "undef" type cannot be assigned to the "int" type in the 4th argument of the "send" method in the "Sys" class.
  at /home/david/cpantesting/perl-5.38.0-NO_TAINT/.cpan/build/SPVM-Go-0.007002-0/t/lib/SPVM/TestCase/Go/Poll.spvm line 285
 at /home/david/cpantesting/perl-5.38.0-NO_TAINT/lib/site_perl/5.38.0/x86_64-linux/SPVM/Builder/Native/Compiler.pm line 77.
	SPVM::Builder::Native::Compiler::compile_with_exit(SPVM::Builder::Native::Compiler=HASH(0x56041c8a50c0), "TestCase::Go::Poll", "/home/david/cpantesting/perl-5.38.0-NO_TAINT/lib/site_perl/5."..., 55) called at /home/david/cpantesting/perl-5.38.0-NO_TAINT/lib/site_perl/5.38.0/x86_64-linux/SPVM/Global.pm line 55
	SPVM::Global::build_class("TestCase::Go::Poll", "t/Go-Poll.t", 11) called at /home/david/cpantesting/perl-5.38.0-NO_TAINT/lib/site_perl/5.38.0/x86_64-linux/SPVM.pm line 18
	SPVM::import("SPVM", "TestCase::Go::Poll") called at t/Go-Poll.t line 11
	main::BEGIN() called at t/Go-Poll.t line 11
	eval {...} called at t/Go-Poll.t line 11
BEGIN failed--compilation aborted at t/Go-Poll.t line 11.
t/Go-Poll.t ............ 
Dubious, test returned 255 (wstat 65280, 0xff00)
No subtests run 
[Test Output]Non-blocking select returns undef
  TestCase::Go::Select::anon_method::143::11-> at /home/david/cpantesting/perl-5.38.0-NO_TAINT/.cpan/build/SPVM-Go-0.007002-0/t/lib/SPVM/TestCase/Go/Select.spvm line 217
[Test Output]Non-blocking select returns undef
  TestCase::Go::Select::anon_method::143::11-> at /home/david/cpantesting/perl-5.38.0-NO_TAINT/.cpan/build/SPVM-Go-0.007002-0/t/lib/SPVM/TestCase/Go/Select.spvm line 217
[Test Output]Non-blocking select returns undef
  TestCase::Go::Select::anon_method::143::11-> at /home/david/cpantesting/perl-5.38.0-NO_TAINT/.cpan/build/SPVM-Go-0.007002-0/t/lib/SPVM/TestCase/Go/Select.spvm line 217
[Test Output]Non-blocking select returns undef
  TestCase::Go::Select::anon_method::143::11-> at /home/david/cpantesting/perl-5.38.0-NO_TAINT/.cpan/build/SPVM-Go-0.007002-0/t/lib/SPVM/TestCase/Go/Select.spvm line 217
[Test Output]Non-blocking select returns undef
  TestCase::Go::Select::anon_method::143::11-> at /home/david/cpantesting/perl-5.38.0-NO_TAINT/.cpan/build/SPVM-Go-0.007002-0/t/lib/SPVM/TestCase/Go/Select.spvm line 217
t/Go-Select.t .......... ok
t/Go-Sync-WaitGroup.t .. ok
[An exception thrown in a goroutine is converted to a warning]
Exception!.
  TestCase::Go::anon_method::66::11-> at /home/david/cpantesting/perl-5.38.0-NO_TAINT/.cpan/build/SPVM-Go-0.007002-0/t/lib/SPVM/TestCase/Go.spvm line 67
[An exception thrown in a goroutine is converted to a warning]
Error Method
  TestCase::Go->error at /home/david/cpantesting/perl-5.38.0-NO_TAINT/.cpan/build/SPVM-Go-0.007002-0/t/lib/SPVM/TestCase/Go.spvm line 102
  TestCase::Go::anon_method::82::11-> at /home/david/cpantesting/perl-5.38.0-NO_TAINT/.cpan/build/SPVM-Go-0.007002-0/t/lib/SPVM/TestCase/Go.spvm line 83
[Test Output]Proc time:1.53396701812744 at t/Go.t line 38.

#   Failed test at t/Go.t line 40.
# Looks like you failed 1 test of 9.
t/Go.t ................. 
Dubious, test returned 1 (wstat 256, 0x100)
Failed 1/9 subtests 

Test Summary Report
-------------------
t/Go-Poll.t          (Wstat: 65280 (exited 255) Tests: 0 Failed: 0)
  Non-zero exit status: 255
  Parse errors: No plan found in TAP output
t/Go.t               (Wstat: 256 (exited 1) Tests: 9 Failed: 1)
  Failed test:  6
  Non-zero exit status: 1
Files=7, Tests=34, 21 wallclock secs ( 0.06 usr  0.02 sys +  5.55 cusr  1.19 csys =  6.82 CPU)
Result: FAIL
Failed 2/7 test programs. 1/34 subtests failed.
make: *** [Makefile:932: test_dynamic] Error 1

------------------------------
PREREQUISITES
------------------------------

Prerequisite modules loaded:

requires:

    Module              Need     Have    
    ------------------- -------- --------
    SPVM                0.989063 0.990006
    SPVM::Sys           0.510    0.520   
    SPVM::Thread        0.001    0.001   
    SPVM::Time::HiRes   0.004    0.004   

build_requires:

    Module              Need     Have    
    ------------------- -------- --------
    ExtUtils::MakeMaker 0        7.70    

configure_requires:

    Module              Need     Have    
    ------------------- -------- --------
    SPVM                0.989063 0.990006


------------------------------
ENVIRONMENT AND OTHER CONTEXT
------------------------------

Environment variables:

    AUTOMATED_TESTING = 1
    LANG = en_GB.UTF-8
    LANGUAGE = en_GB:en
    LC_TERMINAL = iTerm2
    LC_TERMINAL_VERSION = 3.4.23
    NONINTERACTIVE_TESTING = 1
    PATH = /home/david/.nvm/versions/node/v20.14.0/bin:/home/david/.cargo/bin:/home/david/perl5/perlbrew/bin:/home/david/perl5/perlbrew/perls/perl-5.30.2/bin:/home/david/bin:/usr/local/bin:/usr/bin:/bin:/usr/local/games:/usr/games
    PERL = 5.38.0-NO_TAINT
    PERL5LIB = 
    PERL5OPT = 
    PERL5_CPANPLUS_IS_RUNNING = 1937690
    PERL5_CPAN_IS_RUNNING = 1937690
    PERLBREW_HOME = /home/david/.perlbrew
    PERLBREW_MANPATH = /home/david/perl5/perlbrew/perls/perl-5.30.2/man
    PERLBREW_PATH = /home/david/perl5/perlbrew/bin:/home/david/perl5/perlbrew/perls/perl-5.30.2/bin
    PERLBREW_PERL = perl-5.30.2
    PERLBREW_ROOT = /home/david/perl5/perlbrew
    PERLBREW_SHELLRC_VERSION = 0.98
    PERLBREW_VERSION = 0.98
    PERLVER = 5.38.0-NO_TAINT
    PERL_INLINE_DIRECTORY = /home/david/.Inline-5.38.0-NO_TAINT
    PERL_MM_USE_DEFAULT = 1
    PERL_USE_UNSAFE_INC = 0
    SHELL = /bin/bash
    TERM = screen

Perl special variables (and OS-specific diagnostics, for MSWin32):

    $^X = /home/david/cpantesting/perl-5.38.0-NO_TAINT/bin/perl
    $UID/$EUID = 1000 / 1000
    $GID = 1000 24 25 27 29 30 44 46 109 1000
    $EGID = 1000 24 25 27 29 30 44 46 109 1000

Perl module toolchain versions installed:

    Module              Have    
    ------------------- --------
    CPAN                2.36    
    CPAN::Meta          2.150010
    Cwd                 3.89    
    ExtUtils::CBuilder  0.280238
    ExtUtils::Command   7.70    
    ExtUtils::Install   2.22    
    ExtUtils::MakeMaker 7.70    
    ExtUtils::Manifest  1.75    
    ExtUtils::ParseXS   3.51    
    File::Spec          3.88    
    JSON                4.10    
    JSON::PP            4.16    
    Module::Build       0.4234  
    Module::Signature   n/a     
    Parse::CPAN::Meta   2.150010
    Test2               1.302194
    Test::Harness       3.44    
    Test::More          1.302194
    YAML                1.30    
    YAML::Syck          n/a     
    version             0.9929  


--

Summary of my perl5 (revision 5 version 38 subversion 0) configuration:
   
  Platform:
    osname=linux
    osvers=5.10.0-11-amd64
    archname=x86_64-linux
    uname='linux cpantesting-linux 5.10.0-11-amd64 #1 smp debian 5.10.92-1 (2022-01-18) x86_64 gnulinux '
    config_args='-de -Dprefix=/home/david/cpantesting/perl-5.38.0-NO_TAINT -Accflags=-DNO_TAINT_SUPPORT'
    hint=recommended
    useposix=true
    d_sigaction=define
    useithreads=undef
    usemultiplicity=undef
    use64bitint=define
    use64bitall=define
    uselongdouble=undef
    usemymalloc=n
    default_inc_excludes_dot=define
  Compiler:
    cc='cc'
    ccflags ='-DNO_TAINT_SUPPORT -fwrapv -fno-strict-aliasing -pipe -fstack-protector-strong -I/usr/local/include -D_LARGEFILE_SOURCE -D_FILE_OFFSET_BITS=64 -D_FORTIFY_SOURCE=2'
    optimize='-O2'
    cppflags='-DNO_TAINT_SUPPORT -fwrapv -fno-strict-aliasing -pipe -fstack-protector-strong -I/usr/local/include'
    ccversion=''
    gccversion='10.2.1 20210110'
    gccosandvers=''
    intsize=4
    longsize=8
    ptrsize=8
    doublesize=8
    byteorder=12345678
    doublekind=3
    d_longlong=define
    longlongsize=8
    d_longdbl=define
    longdblsize=16
    longdblkind=3
    ivtype='long'
    ivsize=8
    nvtype='double'
    nvsize=8
    Off_t='off_t'
    lseeksize=8
    alignbytes=8
    prototype=define
  Linker and Libraries:
    ld='cc'
    ldflags =' -fstack-protector-strong -L/usr/local/lib'
    libpth=/usr/local/lib /usr/lib/x86_64-linux-gnu /usr/lib /usr/lib64
    libs=-lpthread -ldl -lm -lcrypt -lutil -lc
    perllibs=-lpthread -ldl -lm -lcrypt -lutil -lc
    libc=libc-2.31.so
    so=so
    useshrplib=false
    libperl=libperl.a
    gnulibc_version='2.31'
  Dynamic Linking:
    dlsrc=dl_dlopen.xs
    dlext=so
    d_dlsymun=undef
    ccdlflags='-Wl,-E'
    cccdlflags='-fPIC'
    lddlflags='-shared -O2 -L/usr/local/lib -fstack-protector-strong'


Characteristics of this binary (from libperl): 
  Compile-time options:
    HAS_LONG_DOUBLE
    HAS_STRTOLD
    HAS_TIMES
    NO_TAINT_SUPPORT
    PERLIO_LAYERS
    PERL_COPY_ON_WRITE
    PERL_DONT_CREATE_GVSV
    PERL_HASH_FUNC_SIPHASH13
    PERL_HASH_USE_SBOX32
    PERL_MALLOC_WRAP
    PERL_OP_PARENT
    PERL_PRESERVE_IVUV
    PERL_USE_SAFE_PUTENV
    USE_64_BIT_ALL
    USE_64_BIT_INT
    USE_LARGE_FILES
    USE_LOCALE
    USE_LOCALE_COLLATE
    USE_LOCALE_CTYPE
    USE_LOCALE_NUMERIC
    USE_LOCALE_TIME
    USE_PERLIO
    USE_PERL_ATOF
  Built under linux
  Compiled at Jul  4 2023 13:38:41
  %ENV:
    PERL="5.38.0-NO_TAINT"
    PERL5LIB=""
    PERL5OPT=""
    PERL5_CPANPLUS_IS_RUNNING="1937690"
    PERL5_CPAN_IS_RUNNING="1937690"
    PERLBREW_HOME="/home/david/.perlbrew"
    PERLBREW_MANPATH="/home/david/perl5/perlbrew/perls/perl-5.30.2/man"
    PERLBREW_PATH="/home/david/perl5/perlbrew/bin:/home/david/perl5/perlbrew/perls/perl-5.30.2/bin"
    PERLBREW_PERL="perl-5.30.2"
    PERLBREW_ROOT="/home/david/perl5/perlbrew"
    PERLBREW_SHELLRC_VERSION="0.98"
    PERLBREW_VERSION="0.98"
    PERLVER="5.38.0-NO_TAINT"
    PERL_INLINE_DIRECTORY="/home/david/.Inline-5.38.0-NO_TAINT"
    PERL_MM_USE_DEFAULT="1"
    PERL_USE_UNSAFE_INC="0"
  @INC:
    /home/david/cpantesting/perl-5.38.0-NO_TAINT/lib/site_perl/5.38.0/x86_64-linux
    /home/david/cpantesting/perl-5.38.0-NO_TAINT/lib/site_perl/5.38.0
    /home/david/cpantesting/perl-5.38.0-NO_TAINT/lib/5.38.0/x86_64-linux
    /home/david/cpantesting/perl-5.38.0-NO_TAINT/lib/5.38.0