UniEvent v1.2.7 Perl 5 v5.26.0 amd64-freebsd
        
            - Status
- Fail
- From
- Chris Williams (BINGOS)
- Dist
- 
                UniEvent v1.2.7
            
- Platform
- Perl 5 v5.26.0 amd64-freebsd
- Date
- 2021-11-10 21:12:52
- ID
- f7738b3c-426a-11ec-bc66-57723b537541
This distribution has been tested as part of the CPAN Testers
project, supporting the Perl programming language.  See
http://wiki.cpantesters.org/ for more information or email
questions to cpan-testers-discuss@perl.org
--
Dear SYBER,
This is a computer-generated error report created automatically by
CPANPLUS, version 0.9912. Testers personal comments may appear
at the end of this report.
Thank you for uploading your work to CPAN.  However, it appears that
there were some problems testing your distribution.
TEST RESULTS:
Below is the error stack from stage 'make test':
"/usr/home/cpan/pit/bare/perl-5.26.0/bin/perl" -MExtUtils::Command::MM -e 'cp_nonempty' -- UniEvent.bs blib/arch/auto/UniEvent/UniEvent.bs 644
cd clib/build && cd ../cmake_props && make  unievent
[100%] Built target unievent
cd clib/build && make install > /dev/null 2>&1
/usr/local/bin/cmake -E copy_directory clib/build/cmake_prefix/include blib/arch/UniEvent.x/i/
Skip blib/arch/UniEvent/Streamer/StreamOutput.pod (unchanged)
Skip blib/arch/UniEvent.x/i/xs/unievent/Fs.h (unchanged)
Skip blib/arch/UniEvent/Prepare.pm (unchanged)
Skip blib/arch/UniEvent.x/i/xs/unievent/Stream.h (unchanged)
Skip blib/arch/UniEvent.x/i/xs/unievent.h (unchanged)
Skip blib/arch/UniEvent/Streamer/StreamInput.pod (unchanged)
Skip blib/arch/UniEvent/Pipe.pm (unchanged)
Skip blib/arch/UniEvent/Streamer/Output.pm (unchanged)
Skip blib/arch/UniEvent/Streamer/IInput.pm (unchanged)
Skip blib/arch/UniEvent/Handle.pm (unchanged)
Skip blib/arch/UniEvent/Request.pm (unchanged)
Skip blib/arch/UniEvent.pm (unchanged)
Skip blib/arch/UniEvent/Idle.pod (unchanged)
Skip blib/arch/UniEvent/Pipe.pod (unchanged)
Skip blib/arch/UniEvent/Check.pm (unchanged)
Skip blib/arch/UniEvent.x/i/xs/unievent/Resolver.h (unchanged)
Skip blib/arch/UniEvent/Signal.pm (unchanged)
Skip blib/arch/UniEvent/Error.pod (unchanged)
Skip blib/arch/UniEvent/Streamer.pm (unchanged)
Skip blib/arch/UniEvent/Test/Async.pm (unchanged)
Skip blib/arch/UniEvent.x/i/xs/unievent/AddrInfo.h (unchanged)
Skip blib/arch/UniEvent.x/i/xs/unievent/Loop.h (unchanged)
Skip blib/arch/UniEvent.x/i/xs/unievent/Handle.h (unchanged)
Skip blib/arch/UniEvent/Handle.pod (unchanged)
Skip blib/arch/UniEvent/Streamer.pod (unchanged)
Skip blib/arch/UniEvent/Fs.pm (unchanged)
Skip blib/arch/UniEvent.x/i/xs/unievent/Backend.h (unchanged)
Skip blib/arch/UniEvent/Prepare.pod (unchanged)
Skip blib/arch/UniEvent.x/i/xs/unievent/Signal.h (unchanged)
Skip blib/arch/UniEvent/Streamer/FileInput.pod (unchanged)
Skip blib/arch/UniEvent/Streamer/FileOutput.pod (unchanged)
Skip blib/arch/UniEvent/Resolver.pod (unchanged)
Skip blib/arch/UniEvent/Timer.pm (unchanged)
Skip blib/arch/UniEvent/Fs.pod (unchanged)
Skip blib/arch/UniEvent/StreamerError.pod (unchanged)
Skip blib/arch/UniEvent/SystemError.pod (unchanged)
Skip blib/arch/UniEvent/Work.pm (unchanged)
Skip blib/arch/UniEvent/Streamer/IInput.pod (unchanged)
Skip blib/arch/UniEvent/Request/Connect.pod (unchanged)
Skip blib/arch/UniEvent.pod (unchanged)
Skip blib/arch/UniEvent/Backend/UV.pm (unchanged)
Skip blib/arch/UniEvent.x/i/xs/unievent/Poll.h (unchanged)
Skip blib/arch/UniEvent.x/i/xs/unievent/Ssl.h (unchanged)
Skip blib/arch/UniEvent/Streamer/StreamOutput.pm (unchanged)
Skip blib/arch/UniEvent.x/i/xs/unievent/Request.h (unchanged)
Skip blib/arch/UniEvent/Backend/UV.pod (unchanged)
Skip blib/arch/UniEvent/Loop.pod (unchanged)
Skip blib/arch/UniEvent/Udp.pm (unchanged)
Skip blib/arch/UE.pod (unchanged)
Skip blib/arch/UniEvent/Tcp.pod (unchanged)
Skip blib/arch/UniEvent/Tty.pod (unchanged)
Skip blib/arch/UniEvent.x/i/xs/unievent/Idle.h (unchanged)
Skip blib/arch/UniEvent.x/i/xs/unievent/Streamer.h (unchanged)
Skip blib/arch/UniEvent/Loop.pm (unchanged)
Skip blib/arch/UniEvent/Streamer/FileOutput.pm (unchanged)
Skip blib/arch/UniEvent.x/i/xs/unievent/Prepare.h (unchanged)
Skip blib/arch/UniEvent.x/i/xs/unievent/Tcp.h (unchanged)
Skip blib/arch/UniEvent/Resolver/Request.pm (unchanged)
Skip blib/arch/UniEvent/Timer.pod (unchanged)
Skip blib/arch/UniEvent.x/i/xs/unievent/FsEvent.h (unchanged)
Skip blib/arch/UniEvent/Poll.pm (unchanged)
Skip blib/arch/UniEvent/Udp.pod (unchanged)
Skip blib/arch/UniEvent.x/i/xs/unievent/util.h (unchanged)
Skip blib/arch/UniEvent.x/i/xs/unievent/Tty.h (unchanged)
Skip blib/arch/UniEvent/Streamer/IOutput.pod (unchanged)
Skip blib/arch/UniEvent.x/i/xs/unievent/Listener.h (unchanged)
Skip blib/arch/UniEvent.x/info (unchanged)
Skip blib/arch/UniEvent.x/i/xs/unievent/Pipe.h (unchanged)
Skip blib/arch/UniEvent/FsPoll.pod (unchanged)
Skip blib/arch/UniEvent/Backend.pm (unchanged)
Skip blib/arch/UniEvent/Request/Send.pod (unchanged)
Skip blib/arch/UniEvent.x/i/xs/unievent/Work.h (unchanged)
Skip blib/arch/UniEvent/FsPoll.pm (unchanged)
Skip blib/arch/UE.pm (unchanged)
Skip blib/arch/UniEvent/SystemError.pm (unchanged)
Skip blib/arch/UniEvent/Request/Write.pod (unchanged)
Skip blib/arch/UniEvent/Request/Shutdown.pod (unchanged)
Skip blib/arch/UniEvent/Resolver.pm (unchanged)
Skip blib/arch/UniEvent/Error.pm (unchanged)
Skip blib/arch/UniEvent/Stream.pod (unchanged)
Skip blib/arch/UniEvent/Stream.pm (unchanged)
Skip blib/arch/UniEvent/Poll.pod (unchanged)
Skip blib/arch/UniEvent.x/i/xs/unievent/error.h (unchanged)
Skip blib/arch/UniEvent/Streamer/Input.pm (unchanged)
Skip blib/arch/UniEvent/ResolveError.pod (unchanged)
Skip blib/arch/UniEvent/FsEvent.pod (unchanged)
Skip blib/arch/UniEvent/Streamer/Output.pod (unchanged)
Skip blib/arch/UniEvent/Streamer/Input.pod (unchanged)
Skip blib/arch/UniEvent/Streamer/IOutput.pm (unchanged)
Skip blib/arch/UniEvent.x/i/xs/unievent/Check.h (unchanged)
Skip blib/arch/UniEvent/Streamer/StreamInput.pm (unchanged)
Skip blib/arch/UniEvent/Resolver/Request.pod (unchanged)
Skip blib/arch/UniEvent/Tcp.pm (unchanged)
Skip blib/arch/UniEvent/Streamer/FileInput.pm (unchanged)
Skip blib/arch/UniEvent/Idle.pm (unchanged)
Skip blib/arch/UniEvent/FsEvent.pm (unchanged)
Skip blib/arch/UniEvent/Check.pod (unchanged)
Skip blib/arch/UniEvent/Signal.pod (unchanged)
Skip blib/arch/UniEvent/Tty.pm (unchanged)
Skip blib/arch/UniEvent/Backend.pod (unchanged)
Skip blib/arch/UniEvent.x/i/xs/unievent/FsPoll.h (unchanged)
Skip blib/arch/UniEvent.x/i/xs/unievent/Udp.h (unchanged)
Skip blib/arch/UniEvent.x/i/xs/unievent/Timer.h (unchanged)
"/usr/home/cpan/pit/bare/perl-5.26.0/bin/perl" -Ilib -MXS::Install::ParseXS -MXS::Framework::ParseXS "/usr/home/cpan/pit/bare/perl-5.26.0/lib/site_perl/5.26.0/ExtUtils/xsubpp"  -hiertype -C++ -hiertype -C++ -typemap '/usr/home/cpan/pit/bare/perl-5.26.0/lib/5.26.0/ExtUtils/typemap' -typemap '/usr/home/cpan/pit/jail/obxiW4Vqnd/lib/perl5/XS/Install.x/tm/typemap' -typemap '/usr/home/cpan/pit/jail/obxiW4Vqnd/lib/perl5/amd64-freebsd/XS/Framework.x/tm/typemap' -typemap '/usr/home/cpan/pit/jail/obxiW4Vqnd/lib/perl5/amd64-freebsd/XS/Framework.x/tm/typemap64' -typemap '/usr/home/cpan/pit/jail/obxiW4Vqnd/lib/perl5/XS/Install.x/tm/typemap' -typemap '/usr/home/cpan/pit/jail/obxiW4Vqnd/lib/perl5/amd64-freebsd/XS/Framework.x/tm/typemap' -typemap '/usr/home/cpan/pit/jail/obxiW4Vqnd/lib/perl5/amd64-freebsd/XS/Framework.x/tm/typemap64' -csuffix _xsgen.cc  t/lib/MyTest.xs > t/lib/MyTest.xsc
mv t/lib/MyTest.xsc t/lib/MyTest_xsgen.cc
c++ -c  -Isrc -I/usr/home/cpan/pit/bare/conf/perl-5.26.0/.cpanplus/5.26.0/build/UUSnqYp4_w/UniEvent-1.2.7/clib/src -I/usr/home/cpan/pit/bare/conf/perl-5.26.0/.cpanplus/5.26.0/build/UUSnqYp4_w/UniEvent-1.2.7/clib/backend-uv/src -I/usr/home/cpan/pit/bare/conf/perl-5.26.0/.cpanplus/5.26.0/build/UUSnqYp4_w/UniEvent-1.2.7/clib/backend-uv/include -I/usr/include -I/usr/home/cpan/pit/bare/conf/perl-5.26.0/.cpanplus/5.26.0/build/UUSnqYp4_w/UniEvent-1.2.7/clib/src -I/usr/home/cpan/pit/bare/conf/perl-5.26.0/.cpanplus/5.26.0/build/UUSnqYp4_w/UniEvent-1.2.7/clib/backend-uv/src -I/usr/home/cpan/pit/bare/conf/perl-5.26.0/.cpanplus/5.26.0/build/UUSnqYp4_w/UniEvent-1.2.7/clib/backend-uv/include -I/usr/include -I/usr/home/cpan/pit/jail/obxiW4Vqnd/lib/perl5/amd64-freebsd/XS/libpanda.x/i -I/usr/home/cpan/pit/jail/obxiW4Vqnd/lib/perl5/XS/Install.x/i -I/usr/home/cpan/pit/jail/obxiW4Vqnd/lib/perl5/amd64-freebsd/Export/XS.x/i -I/usr/home/cpan/pit/jail/obxiW4Vqnd/lib/perl5/amd64-freebsd/XS/Framework.x/i -I/usr/home/cpan/pit/jail/obxiW4Vqnd/lib/perl5/amd64-freebsd/next/XS.x/i -I/usr/home/cpan/pit/jail/obxiW4Vqnd/lib/perl5/amd64-freebsd/Net/SockAddr.x/i -I/usr/home/cpan/pit/jail/obxiW4Vqnd/lib/perl5/amd64-freebsd/XS/libcares.x/i -I/usr/home/cpan/pit/jail/obxiW4Vqnd/lib/perl5/amd64-freebsd/XS/libuv.x/i -I/usr/home/cpan/pit/jail/obxiW4Vqnd/lib/perl5/XS/libcatch.x/i -I/usr/include  -Wall -Wextra -std=c++14 -DHAS_FPSETMASK -DHAS_FLOATINGPOINT_H -fno-strict-aliasing -pipe -fstack-protector-strong -I/usr/local/include -o t/lib/MyTest_xsgen.o -O0    -DVERSION=\"0.0.0\"  -DXS_VERSION=\"0.0.0\" -DPIC -fPIC "-I/usr/home/cpan/pit/bare/perl-5.26.0/lib/5.26.0/amd64-freebsd/CORE"  -DCARES_STATICLIB -DCARES_STATICLIB t/lib/MyTest_xsgen.cc
t/lib/MyTest_xsgen.cc:547:1: warning: duplicate 'extern' declaration specifier [-Wduplicate-decl-specifier]
XS_EXTERNAL(boot_MyTest) { xs::throw_guard(cv, [=]() mutable
^
/usr/home/cpan/pit/bare/perl-5.26.0/lib/5.26.0/amd64-freebsd/CORE/XSUB.h:141:33: note: expanded from macro 'XS_EXTERNAL'
#      define XS_EXTERNAL(name) extern "C" XSPROTO(name)
                                ^
1 warning generated.
Running Mkbootstrap for MyTest ()
chmod 644 "MyTest.bs"
"/usr/home/cpan/pit/bare/perl-5.26.0/bin/perl" -MExtUtils::Command::MM -e 'cp_nonempty' -- MyTest.bs blib/arch/auto/MyTest/MyTest.bs 644
cd clib/build && cd ../cmake_props && make  unievent-tests
[ 57%] Built target unievent
[ 58%] Building CXX object ../build/CMakeFiles/unievent-tests.dir/tests/async.cc.o
[ 60%] Building CXX object ../build/CMakeFiles/unievent-tests.dir/tests/async_test.cc.o
[ 62%] Building CXX object ../build/CMakeFiles/unievent-tests.dir/tests/backend.cc.o
[ 64%] Building CXX object ../build/CMakeFiles/unievent-tests.dir/tests/check.cc.o
[ 66%] Building CXX object ../build/CMakeFiles/unievent-tests.dir/tests/fs.cc.o
[ 67%] Building CXX object ../build/CMakeFiles/unievent-tests.dir/tests/handle.cc.o
[ 69%] Building CXX object ../build/CMakeFiles/unievent-tests.dir/tests/idle.cc.o
[ 71%] Building CXX object ../build/CMakeFiles/unievent-tests.dir/tests/lib/test.cc.o
[ 73%] Building CXX object ../build/CMakeFiles/unievent-tests.dir/tests/loop.cc.o
[ 75%] Building CXX object ../build/CMakeFiles/unievent-tests.dir/tests/pipe.cc.o
[ 76%] Building CXX object ../build/CMakeFiles/unievent-tests.dir/tests/prepare.cc.o
[ 78%] Building CXX object ../build/CMakeFiles/unievent-tests.dir/tests/regression.cc.o
[ 80%] Building CXX object ../build/CMakeFiles/unievent-tests.dir/tests/resolver.cc.o
[ 82%] Building CXX object ../build/CMakeFiles/unievent-tests.dir/tests/stream/write.cc.o
[ 83%] Building CXX object ../build/CMakeFiles/unievent-tests.dir/tests/streamer/basic.cc.o
[ 85%] Building CXX object ../build/CMakeFiles/unievent-tests.dir/tests/streamer/file.cc.o
[ 87%] Building CXX object ../build/CMakeFiles/unievent-tests.dir/tests/streamer/stream.cc.o
[ 89%] Building CXX object ../build/CMakeFiles/unievent-tests.dir/tests/tcp/base.cc.o
[ 91%] Building CXX object ../build/CMakeFiles/unievent-tests.dir/tests/tcp/connect.cc.o
[ 92%] Building CXX object ../build/CMakeFiles/unievent-tests.dir/tests/tcp/ssl.cc.o
[ 94%] Building CXX object ../build/CMakeFiles/unievent-tests.dir/tests/timer.cc.o
[ 96%] Building CXX object ../build/CMakeFiles/unievent-tests.dir/tests/util.cc.o
[ 98%] Building CXX object ../build/CMakeFiles/unievent-tests.dir/tests/work.cc.o
[100%] Linking CXX static library libunievent-tests.a
[100%] Built target unievent-tests
rm -f blib/arch/auto/MyTest/MyTest.so
c++  -shared  -L/usr/local/lib -fstack-protector-strong  t/lib/MyTest_xsgen.o blib/arch/auto/UniEvent/UniEvent.so -Wl,--whole-archive clib/build/libunievent-tests.a  -Wl,--no-whole-archive -lexecinfo -lunwind -lpthread /usr/lib/libssl.so /usr/lib/libcrypto.so -o blib/arch/auto/MyTest/MyTest.so        
chmod 755 blib/arch/auto/MyTest/MyTest.so
cd clib/build && make install > /dev/null 2>&1
Skip blib/arch/UniEvent/Tty.pod (unchanged)
Skip blib/arch/UniEvent/Stream.pm (unchanged)
Skip blib/arch/UniEvent/Streamer/FileInput.pod (unchanged)
Skip blib/arch/UniEvent/Streamer/Output.pod (unchanged)
Skip blib/arch/UniEvent/Signal.pod (unchanged)
Skip blib/arch/UniEvent/Udp.pm (unchanged)
Skip blib/arch/UniEvent/ResolveError.pod (unchanged)
Skip blib/arch/UniEvent/Test/Async.pm (unchanged)
Skip blib/arch/UniEvent/Fs.pm (unchanged)
Skip blib/arch/UniEvent/Pipe.pod (unchanged)
Skip blib/arch/UniEvent/Streamer/StreamInput.pm (unchanged)
Skip blib/arch/UniEvent/Tcp.pod (unchanged)
Skip blib/arch/UniEvent/Handle.pm (unchanged)
Skip blib/arch/UniEvent/Idle.pm (unchanged)
Skip blib/arch/UniEvent.pm (unchanged)
Skip blib/arch/UniEvent/Streamer/Input.pm (unchanged)
Skip blib/arch/UniEvent/Streamer/IOutput.pm (unchanged)
Skip blib/arch/UniEvent/Udp.pod (unchanged)
Skip blib/arch/UniEvent/Poll.pm (unchanged)
Skip blib/arch/UniEvent/Prepare.pm (unchanged)
Skip blib/arch/UniEvent/Resolver.pm (unchanged)
Skip blib/arch/UniEvent/FsPoll.pod (unchanged)
Skip blib/arch/UniEvent/FsEvent.pm (unchanged)
Skip blib/arch/UniEvent/Idle.pod (unchanged)
Skip blib/arch/UniEvent/Request/Send.pod (unchanged)
Skip blib/arch/UniEvent/Resolver/Request.pm (unchanged)
Skip blib/arch/UniEvent/Request/Shutdown.pod (unchanged)
Skip blib/arch/UE.pod (unchanged)
Skip blib/arch/UniEvent/Streamer.pm (unchanged)
Skip blib/arch/UniEvent/Fs.pod (unchanged)
Skip blib/arch/UniEvent/Check.pod (unchanged)
Skip blib/arch/UniEvent/Streamer/Output.pm (unchanged)
Skip blib/arch/UniEvent/Check.pm (unchanged)
Skip blib/arch/UniEvent/Resolver/Request.pod (unchanged)
Skip blib/arch/UniEvent/Resolver.pod (unchanged)
Skip blib/arch/UniEvent/Request.pm (unchanged)
Skip blib/arch/UniEvent/Streamer/FileOutput.pm (unchanged)
Skip blib/arch/UniEvent/Signal.pm (unchanged)
Skip blib/arch/UniEvent/Tcp.pm (unchanged)
Skip blib/arch/UniEvent/Streamer/IInput.pod (unchanged)
Skip blib/arch/UniEvent/Handle.pod (unchanged)
Skip blib/arch/UniEvent/SystemError.pod (unchanged)
Skip blib/arch/UniEvent/Loop.pod (unchanged)
Skip blib/arch/UniEvent/Backend/UV.pm (unchanged)
Skip blib/arch/UniEvent/Streamer/StreamOutput.pod (unchanged)
Skip blib/arch/UniEvent/Backend.pod (unchanged)
Skip blib/arch/UniEvent/Backend.pm (unchanged)
Skip blib/arch/UniEvent/Stream.pod (unchanged)
Skip blib/arch/UniEvent/FsPoll.pm (unchanged)
Skip blib/arch/UniEvent/Streamer/IOutput.pod (unchanged)
Skip blib/arch/UniEvent/Streamer/StreamInput.pod (unchanged)
Skip blib/arch/UniEvent/FsEvent.pod (unchanged)
Skip blib/arch/UniEvent/Streamer/Input.pod (unchanged)
Skip blib/arch/UniEvent/Timer.pod (unchanged)
Skip blib/arch/UniEvent/Request/Write.pod (unchanged)
Skip blib/arch/UniEvent/Streamer.pod (unchanged)
Skip blib/arch/UniEvent/Streamer/FileOutput.pod (unchanged)
Skip blib/arch/UniEvent/Error.pod (unchanged)
Skip blib/arch/UniEvent/Timer.pm (unchanged)
Skip blib/arch/UniEvent/Prepare.pod (unchanged)
Skip blib/arch/UniEvent/SystemError.pm (unchanged)
Skip blib/arch/UniEvent/Tty.pm (unchanged)
Skip blib/arch/UniEvent.pod (unchanged)
Skip blib/arch/UniEvent/Streamer/IInput.pm (unchanged)
Skip blib/arch/UniEvent/Work.pm (unchanged)
Skip blib/arch/UniEvent/Streamer/StreamOutput.pm (unchanged)
Skip blib/arch/UniEvent/Streamer/FileInput.pm (unchanged)
Skip blib/arch/UniEvent/StreamerError.pod (unchanged)
Skip blib/arch/UniEvent/Loop.pm (unchanged)
Skip blib/arch/UE.pm (unchanged)
Skip blib/arch/UniEvent/Pipe.pm (unchanged)
Skip blib/arch/UniEvent/Request/Connect.pod (unchanged)
Skip blib/arch/UniEvent/Poll.pod (unchanged)
Skip blib/arch/UniEvent/Backend/UV.pod (unchanged)
Skip blib/arch/UniEvent/Error.pm (unchanged)
Manifying 39 pod documents
PERL_DL_NONLAZY=1 "/usr/home/cpan/pit/bare/perl-5.26.0/bin/perl" "-MExtUtils::Command::MM" "-MTest::Harness" "-e" "undef *Test::Harness::Switches; test_harness(0, 'blib/lib', 'blib/arch')" t/*.t t/*/*.t
t/async.t ............ ok
t/async_test.t ....... ok
t/backend.t .......... ok
t/backend_pp.t ....... ok
t/check.t ............ ok
t/error.t ............ ok
t/fs.t ............... ok
t/fs_event.t ......... skipped: FsEvent support on current system is limited so no tests will run
t/fs_poll.t .......... ok
t/handle.t ........... ok
t/idle.t ............. ok
t/listener.t ......... ok
t/loop.t ............. ok
t/misc.t ............. ok
t/pipe/pair.t ........ ok
t/pipe/pipe.t ........ ok
t/poll.t ............. ok
t/prepare.t .......... ok
    not ok 1 - unexpected exception  with 1 message:
#   AsyncTest timeout
AsyncTest report:
	"connect" has not happened
Expected: "connect",
Happened: 
 # at /usr/home/cpan/pit/bare/conf/perl-5.26.0/.cpanplus/5.26.0/build/UUSnqYp4_w/UniEvent-1.2.7/clib/tests/regression.cc:40
    #[1;31m Failed test in section [regression: MEIACORE-734 ssl server backref] at /usr/home/cpan/pit/bare/conf/perl-5.26.0/.cpanplus/5.26.0/build/UUSnqYp4_w/UniEvent-1.2.7/clib/tests/regression.cc:40[0m
    # Looks like you failed 1 test of 1 at [regression: MEIACORE-734 ssl server backref].
# Looks like you failed 1 test of 3.
t/regression.t ....... 
Dubious, test returned 1 (wstat 256, 0x100)
Failed 1/3 subtests 
t/resolver.t ......... ok
t/signal.t ........... ok
t/stream/write.t ..... ok
t/streamer/basic.t ... ok
t/streamer/file.t .... ok
t/streamer/stream.t .. ok
t/tcp/base.t ......... ok
t/tcp/connect.t ...... ok
t/tcp/double-free.t .. ok
t/tcp/fork.t ......... ok
t/tcp/open.t ......... ok
t/tcp/pair.t ......... ok
t/tcp/ssl.t .......... ok
t/tcp/tcp.t .......... ok
t/timer.t ............ ok
t/tty.t .............. skipped: Need interactive stdin, stderr
t/udp/simple.t ....... ok
t/udp/udp.t .......... ok
t/util.t ............. ok
t/work.t ............. ok
Test Summary Report
-------------------
t/regression.t     (Wstat: 256 Tests: 3 Failed: 1)
  Failed test:  2
  Non-zero exit status: 1
Files=39, Tests=292, 23 wallclock secs ( 0.62 usr  0.18 sys + 13.52 cusr  3.09 csys = 17.41 CPU)
Result: FAIL
Failed 1/39 test programs. 1/292 subtests failed.
*** Error code 255
Stop.
make: stopped in /usr/home/cpan/pit/bare/conf/perl-5.26.0/.cpanplus/5.26.0/build/UUSnqYp4_w/UniEvent-1.2.7
PREREQUISITES:
Here is a list of prerequisites you specified and versions we
managed to load:
	  Module Name                        Have     Want
	  Export::XS                        3.0.5   v3.0.5
	  Net::SSLeay                        1.90        0
	  Net::SockAddr                     1.1.1   v1.1.1
	  Test::Catch                      1.0.16  v1.0.16
	  Test::Deep                        1.130        0
	  Test::Exception                    0.43        0
	  Test::More                     1.302187        0
	  Test::Simple                   1.302187     0.96
	  XS::Framework                     1.5.1   v1.5.1
	  XS::Install                       1.3.5   v1.3.5
	  XS::libcares                   1.17.1.2 v1.17.1.2
	  XS::libcatch                   2.13.4.2 v2.13.4.2
	  XS::libpanda                      1.5.5   v1.5.5
	  XS::libuv                      1.41.0.0 v1.41.0.0
	  next::XS                          1.0.7   v1.0.7
Perl module toolchain versions installed:
	Module Name                        Have
	CPANPLUS                         0.9912
	CPANPLUS::Dist::Build              0.90
	Cwd                                3.75
	ExtUtils::CBuilder             0.280236
	ExtUtils::Command                  7.62
	ExtUtils::Install                  2.20
	ExtUtils::MakeMaker                7.62
	ExtUtils::Manifest                 1.73
	ExtUtils::ParseXS                  3.35
	File::Spec                         3.75
	Module::Build                    0.4231
	Pod::Parser                        1.63
	Pod::Simple                        3.35
	Test2                          1.302187
	Test::Harness                      3.42
	Test::More                     1.302187
	version                          0.9929
******************************** NOTE ********************************
The comments above are created mechanically, possibly without manual
checking by the sender.  As there are many people performing automatic
tests on each upload to CPAN, it is likely that you will receive
identical messages about the same problem.
If you believe that the message is mistaken, please reply to the first
one with correction and/or additional informations, and do not take
it personally.  We appreciate your patience. :)
**********************************************************************
Additional comments:
This report was machine-generated by CPANPLUS::Dist::YACSmoke 1.08.
Powered by minismokebox version 0.68
CPANPLUS is prefering Build.PL
------------------------------
ENVIRONMENT AND OTHER CONTEXT
------------------------------
Environment variables:
    AUTOMATED_TESTING = 1
    NONINTERACTIVE_TESTING = 1
    PATH = /sbin:/bin:/usr/sbin:/usr/bin:/usr/local/sbin:/usr/local/bin:/home/cpan/bin
    PERL5LIB = /usr/home/cpan/pit/jail/obxiW4Vqnd/lib/perl5:/usr/home/cpan/pit/bare/conf/perl-5.26.0/.cpanplus/5.26.0/build/UUSnqYp4_w/UniEvent-1.2.7/blib/lib:/usr/home/cpan/pit/bare/conf/perl-5.26.0/.cpanplus/5.26.0/build/UUSnqYp4_w/UniEvent-1.2.7/blib/arch
    PERL5_CPANPLUS_IS_RUNNING = 76478
    PERL5_CPANPLUS_IS_VERSION = 0.9912
    PERL5_MINISMOKEBOX = 0.68
    PERL5_YACSMOKE_BASE = /usr/home/cpan/pit/bare/conf/perl-5.26.0
    PERL_EXTUTILS_AUTOINSTALL = --defaultdeps
    PERL_LOCAL_LIB_ROOT = /usr/home/cpan/pit/jail/obxiW4Vqnd
    PERL_MB_OPT = --install_base "/usr/home/cpan/pit/jail/obxiW4Vqnd"
    PERL_MM_OPT = INSTALL_BASE=/usr/home/cpan/pit/jail/obxiW4Vqnd
    PERL_MM_USE_DEFAULT = 1
    SHELL = /usr/local/bin/bash
    TERM = screen
Perl special variables (and OS-specific diagnostics, for MSWin32):
    Perl: $^X = /usr/home/cpan/pit/bare/perl-5.26.0/bin/perl
    UID:  $<  = 1002
    EUID: $>  = 1002
    GID:  $(  = 1002 1002
    EGID: $)  = 1002 1002
-------------------------------
--
Summary of my perl5 (revision 5 version 26 subversion 0) configuration:
   
  Platform:
    osname=freebsd
    osvers=12.2-release
    archname=amd64-freebsd
    uname='freebsd fforc 12.2-release freebsd 12.2-release r366954 generic amd64 '
    config_args='-des -Dprefix=/usr/home/cpan/pit/bare/perl-5.26.0'
    hint=recommended
    useposix=true
    d_sigaction=define
    useithreads=undef
    usemultiplicity=undef
    use64bitint=define
    use64bitall=define
    uselongdouble=undef
    usemymalloc=n
    default_inc_excludes_dot=define
    bincompat5005=undef
  Compiler:
    cc='cc'
    ccflags ='-DHAS_FPSETMASK -DHAS_FLOATINGPOINT_H -fno-strict-aliasing -pipe -fstack-protector-strong -I/usr/local/include'
    optimize='-O2'
    cppflags='-DHAS_FPSETMASK -DHAS_FLOATINGPOINT_H -fno-strict-aliasing -pipe -fstack-protector-strong -I/usr/local/include'
    ccversion=''
    gccversion='FreeBSD Clang 10.0.1 (git@github.com:llvm/llvm-project.git llvmorg-10.0.1-0-gef32c611aa2)'
    gccosandvers=''
    intsize=4
    longsize=8
    ptrsize=8
    doublesize=8
    byteorder=12345678
    doublekind=3
    d_longlong=define
    longlongsize=8
    d_longdbl=define
    longdblsize=16
    longdblkind=3
    ivtype='long'
    ivsize=8
    nvtype='double'
    nvsize=8
    Off_t='off_t'
    lseeksize=8
    alignbytes=8
    prototype=define
  Linker and Libraries:
    ld='cc'
    ldflags ='-Wl,-E  -fstack-protector-strong -L/usr/local/lib'
    libpth=/usr/lib /usr/local/lib /usr/lib/clang/10.0.1/lib /usr/lib
    libs=-lpthread -lgdbm -ldl -lm -lcrypt -lutil -lc
    perllibs=-lpthread -ldl -lm -lcrypt -lutil -lc
    libc=
    so=so
    useshrplib=false
    libperl=libperl.a
    gnulibc_version=''
  Dynamic Linking:
    dlsrc=dl_dlopen.xs
    dlext=so
    d_dlsymun=undef
    ccdlflags=' '
    cccdlflags='-DPIC -fPIC'
    lddlflags='-shared  -L/usr/local/lib -fstack-protector-strong'
Characteristics of this binary (from libperl): 
  Compile-time options:
    HAS_TIMES
    PERLIO_LAYERS
    PERL_COPY_ON_WRITE
    PERL_DONT_CREATE_GVSV
    PERL_MALLOC_WRAP
    PERL_OP_PARENT
    PERL_PRESERVE_IVUV
    USE_64_BIT_ALL
    USE_64_BIT_INT
    USE_LARGE_FILES
    USE_LOCALE
    USE_LOCALE_COLLATE
    USE_LOCALE_CTYPE
    USE_LOCALE_NUMERIC
    USE_LOCALE_TIME
    USE_PERLIO
    USE_PERL_ATOF
  Locally applied patches:
    Devel::PatchPerl 2.00
  Built under freebsd
  Compiled at Oct 30 2020 03:32:48
  %ENV:
    PERL5LIB="/usr/home/cpan/pit/jail/obxiW4Vqnd/lib/perl5:/usr/home/cpan/pit/bare/conf/perl-5.26.0/.cpanplus/5.26.0/build/UUSnqYp4_w/UniEvent-1.2.7/blib/lib:/usr/home/cpan/pit/bare/conf/perl-5.26.0/.cpanplus/5.26.0/build/UUSnqYp4_w/UniEvent-1.2.7/blib/arch"
    PERL5_CPANPLUS_IS_RUNNING="76478"
    PERL5_CPANPLUS_IS_VERSION="0.9912"
    PERL5_MINISMOKEBOX="0.68"
    PERL5_YACSMOKE_BASE="/usr/home/cpan/pit/bare/conf/perl-5.26.0"
    PERL_EXTUTILS_AUTOINSTALL="--defaultdeps"
    PERL_LOCAL_LIB_ROOT="/usr/home/cpan/pit/jail/obxiW4Vqnd"
    PERL_MB_OPT="--install_base "/usr/home/cpan/pit/jail/obxiW4Vqnd""
    PERL_MM_OPT="INSTALL_BASE=/usr/home/cpan/pit/jail/obxiW4Vqnd"
    PERL_MM_USE_DEFAULT="1"
  @INC:
    /usr/home/cpan/pit/jail/obxiW4Vqnd/lib/perl5/5.26.0/amd64-freebsd
    /usr/home/cpan/pit/jail/obxiW4Vqnd/lib/perl5/5.26.0
    /usr/home/cpan/pit/jail/obxiW4Vqnd/lib/perl5/amd64-freebsd
    /usr/home/cpan/pit/jail/obxiW4Vqnd/lib/perl5
    /usr/home/cpan/pit/bare/conf/perl-5.26.0/.cpanplus/5.26.0/build/UUSnqYp4_w/UniEvent-1.2.7/blib/lib
    /usr/home/cpan/pit/bare/conf/perl-5.26.0/.cpanplus/5.26.0/build/UUSnqYp4_w/UniEvent-1.2.7/blib/arch
    /usr/home/cpan/pit/bare/perl-5.26.0/lib/site_perl/5.26.0/amd64-freebsd
    /usr/home/cpan/pit/bare/perl-5.26.0/lib/site_perl/5.26.0
    /usr/home/cpan/pit/bare/perl-5.26.0/lib/5.26.0/amd64-freebsd
    /usr/home/cpan/pit/bare/perl-5.26.0/lib/5.26.0