MooseX-App-Cmd v0.33 Perl 5 v5.26.2 darwin-thread-multi-2level

Status
Fail
From
David Cantrell (DCANTRELL)
Dist
MooseX-App-Cmd v0.33
Platform
Perl 5 v5.26.2 darwin-thread-multi-2level
Date
2021-03-18 00:07:46
ID
f7a08bb2-877d-11eb-a92d-a3b3cd466e06
This distribution has been tested as part of the CPAN Testers
project, supporting the Perl programming language.  See
http://wiki.cpantesters.org/ for more information or email
questions to cpan-testers-discuss@perl.org


--
Dear Karen Etheridge,

This is a computer-generated report for MooseX-App-Cmd-0.33
on perl 5.26.2, created by CPAN-Reporter-1.2018.

Thank you for uploading your work to CPAN.  However, there was a problem
testing your distribution.

If you think this report is invalid, please consult the CPAN Testers Wiki
for suggestions on how to avoid getting FAIL reports for missing library
or binary dependencies, unsupported operating systems, and so on:

http://wiki.cpantesters.org/wiki/CPANAuthorNotes

Sections of this report:

    * Tester comments
    * Program output
    * Prerequisites
    * Environment and other context

------------------------------
TESTER COMMENTS
------------------------------

Additional comments from tester:

this report is from an automated smoke testing program
and was not reviewed by a human for accuracy

------------------------------
PROGRAM OUTPUT
------------------------------

Output from './Build test':

# 
# Versions for all modules listed in MYMETA.json (including optional ones):
# 
# === Configure Requires ===
# 
#     Module               Want  Have
#     ------------------- ----- -----
#     ExtUtils::MakeMaker   any  7.58
#     Module::Build::Tiny 0.034 0.039
# 
# === Test Requires ===
# 
#     Module           Want     Have
#     ---------------- ---- --------
#     Data::Dumper      any    2.167
#     File::Spec        any     3.67
#     Module::Metadata  any 1.000033
#     Test::More        any 1.302183
#     base              any     2.26
#     lib               any     0.64
#     strict            any     1.11
#     warnings          any     1.37
# 
# === Test Recommends ===
# 
#     Module         Want     Have
#     ---------- -------- --------
#     CPAN::Meta 2.120900 2.150010
# 
# === Test Suggests ===
# 
#     Module                 Want    Have
#     ---------------------- ---- -------
#     MooseX::ConfigFromFile  any missing
#     Test::Output            any missing
#     YAML                    any missing
# 
# === Runtime Requires ===
# 
#     Module                     Want   Have
#     ------------------------- ----- ------
#     App::Cmd                  0.321  0.333
#     App::Cmd::Command           any  0.333
#     Getopt::Long::Descriptive 0.091  0.109
#     Moose::Object               any 2.2014
#     MooseX::NonMoose            any   0.26
#     namespace::autoclean        any   0.29
# 
# === Runtime Suggests ===
# 
#     Module         Want    Have
#     -------------- ---- -------
#     Moose           any  2.2014
#     MooseX::Getopt  any missing
# 
# === Other Modules ===
# 
#     Module                Have
#     --------------- ----------
#     Encode                2.88
#     File::Temp          0.2304
#     JSON::PP        2.27400_02
#     Module::Runtime      0.016
#     Pod::Coverage      missing
#     Sub::Name             0.26
#     YAML               missing
#     autodie               2.29
# 
t/00-report-prereqs.t ... ok
You can only consume roles, MooseX::Getopt is not a Moose role at /Users/cpantesting/cpantesting/perl-5.26.2/lib/site_perl/5.26.2/darwin-thread-multi-2level/Moose/Exporter.pm line 419
	Moose::with('MooseX::Getopt') called at /Users/cpantesting/cpantesting/perl-5.26.2/.cpan/build/MooseX-App-Cmd-0.33-0/blib/lib/MooseX/App/Cmd/Command.pm line 9
	require MooseX/App/Cmd/Command.pm at /Users/cpantesting/cpantesting/perl-5.26.2/lib/site_perl/5.26.2/Module/Runtime.pm line 314
	Module::Runtime::require_module('MooseX::App::Cmd::Command') called at /Users/cpantesting/cpantesting/perl-5.26.2/lib/site_perl/5.26.2/Module/Runtime.pm line 391
	eval {...} at /Users/cpantesting/cpantesting/perl-5.26.2/lib/site_perl/5.26.2/Module/Runtime.pm line 391
	Module::Runtime::use_package_optimistically('MooseX::App::Cmd::Command') called at /Users/cpantesting/cpantesting/perl-5.26.2/lib/site_perl/5.26.2/darwin-thread-multi-2level/Moose/Util.pm line 351
	Moose::Util::_load_user_class('MooseX::App::Cmd::Command', undef) called at /Users/cpantesting/cpantesting/perl-5.26.2/lib/site_perl/5.26.2/darwin-thread-multi-2level/Moose/Meta/Class.pm line 569
	Moose::Meta::Class::superclasses(undef, 'MooseX::App::Cmd::Command') called at /Users/cpantesting/cpantesting/perl-5.26.2/lib/site_perl/5.26.2/darwin-thread-multi-2level/Moose.pm line 53
	Moose::extends('Moose::Meta::Class=HASH(0x7fca8f12ba48)', 'MooseX::App::Cmd::Command') called at /Users/cpantesting/cpantesting/perl-5.26.2/lib/site_perl/5.26.2/darwin-thread-multi-2level/Moose/Exporter.pm line 419
	Moose::extends('MooseX::App::Cmd::Command') called at t/lib/Test/MyCmd/Command/bark.pm line 4
	require Test/MyCmd/Command/bark.pm at /Users/cpantesting/cpantesting/perl-5.26.2/lib/site_perl/5.26.2/Module/Runtime.pm line 314
	Module::Runtime::require_module('Test::MyCmd::Command::bark') called at /Users/cpantesting/cpantesting/perl-5.26.2/lib/site_perl/5.26.2/Class/Load.pm line 174
	Class::Load::try {...}  at /Users/cpantesting/cpantesting/perl-5.26.2/lib/site_perl/5.26.2/Try/Tiny.pm line 98
	eval {...} at /Users/cpantesting/cpantesting/perl-5.26.2/lib/site_perl/5.26.2/Try/Tiny.pm line 93
	Try::Tiny::try('CODE(0x7fca8f0e40d0)', 'Try::Tiny::Catch=REF(0x7fcaa95e7a78)') called at /Users/cpantesting/cpantesting/perl-5.26.2/lib/site_perl/5.26.2/Class/Load.pm line 180
	Class::Load::try_load_class('Test::MyCmd::Command::bark', undef) called at /Users/cpantesting/cpantesting/perl-5.26.2/lib/site_perl/5.26.2/Class/Load.pm line 35
	Class::Load::load_class('Test::MyCmd::Command::bark') called at /Users/cpantesting/cpantesting/perl-5.26.2/lib/site_perl/5.26.2/App/Cmd.pm line 199
	App::Cmd::_command('Test::MyCmd=HASH(0x7fca9e81cda0)', 'HASH(0x7fca9e81cd88)') called at /Users/cpantesting/cpantesting/perl-5.26.2/lib/site_perl/5.26.2/App/Cmd.pm line 177
	App::Cmd::new('Test::MyCmd') called at constructor MooseX::App::Cmd::new (defined at /Users/cpantesting/cpantesting/perl-5.26.2/.cpan/build/MooseX-App-Cmd-0.33-0/blib/lib/MooseX/App/Cmd.pm line 12) line 4
	MooseX::App::Cmd::new('Test::MyCmd') called at t/basic.t line 10
Compilation failed in require at /Users/cpantesting/cpantesting/perl-5.26.2/lib/site_perl/5.26.2/Module/Runtime.pm line 314.
Compilation failed in require at t/basic.t line 10.
# Looks like your test exited with 255 before it could output anything.
t/basic.t ............... 
Dubious, test returned 255 (wstat 65280, 0xff00)
Failed 12/12 subtests 
t/build_emulates_new.t .. ok
t/configfile.t .......... skipped: These tests require MooseX::ConfigFromFile and YAML
t/moose.t ............... skipped: Moose and MooseX::Getopt required to test Moose usage
t/zzz-check-breaks.t .... ok

Test Summary Report
-------------------
t/basic.t             (Wstat: 65280 Tests: 0 Failed: 0)
  Non-zero exit status: 255
  Parse errors: Bad plan.  You planned 12 tests but ran 0.
Files=6, Tests=5,  2 wallclock secs ( 0.02 usr  0.01 sys +  1.18 cusr  0.14 csys =  1.35 CPU)
Result: FAIL

------------------------------
PREREQUISITES
------------------------------

Prerequisite modules loaded:

requires:

    Module                    Need     Have    
    ------------------------- -------- --------
    App::Cmd                  0.321    0.333   
    App::Cmd::Command         0        0.333   
    Getopt::Long::Descriptive 0.091    0.109   
    Moose::Object             0        2.2014  
    MooseX::NonMoose          0        0.26    
    namespace::autoclean      0        0.29    
    perl                      5.008005 5.026002

build_requires:

    Module                    Need     Have    
    ------------------------- -------- --------
    base                      0        2.26    
    Data::Dumper              0        2.167   
    File::Spec                0        3.67    
    lib                       0        0.64    
    Module::Metadata          0        1.000033
    perl                      5.008005 5.026002
    strict                    0        1.11    
    Test::More                0        1.302183
    warnings                  0        1.37    

configure_requires:

    Module                    Need     Have    
    ------------------------- -------- --------
    ExtUtils::MakeMaker       0        7.58    
    Module::Build::Tiny       0.034    0.039   
    perl                      5.006    5.026002

opt_build_requires:

    Module                    Need     Have    
    ------------------------- -------- --------
    CPAN::Meta                2.120900 2.150010


------------------------------
ENVIRONMENT AND OTHER CONTEXT
------------------------------

Environment variables:

    AUTOMATED_TESTING = 1
    NONINTERACTIVE_TESTING = 1
    PATH = /usr/local/bin:/Users/cpantesting/perl5/perlbrew/bin:/Users/cpantesting/perl5/perlbrew/perls/perl-5.32.0/bin:/usr/local/bin:/usr/bin:/bin:/usr/sbin:/sbin:/Library/Apple/usr/bin
    PERL = 5.26.2
    PERL5LIB = 
    PERL5OPT = 
    PERL5_CPANPLUS_IS_RUNNING = 73187
    PERL5_CPAN_IS_RUNNING = 73187
    PERLBREW_HOME = /Users/cpantesting/.perlbrew
    PERLBREW_MANPATH = /Users/cpantesting/perl5/perlbrew/perls/perl-5.32.0/man
    PERLBREW_PATH = /Users/cpantesting/perl5/perlbrew/bin:/Users/cpantesting/perl5/perlbrew/perls/perl-5.32.0/bin
    PERLBREW_PERL = perl-5.32.0
    PERLBREW_ROOT = /Users/cpantesting/perl5/perlbrew
    PERLBREW_SHELLRC_VERSION = 0.89
    PERLBREW_VERSION = 0.89
    PERLVER = 5.26.2
    PERL_INLINE_DIRECTORY = /Users/cpantesting/.Inline-5.26.2
    PERL_MM_USE_DEFAULT = 1
    PERL_USE_UNSAFE_INC = 0
    SHELL = /bin/bash
    TERM = screen

Perl special variables (and OS-specific diagnostics, for MSWin32):

    $^X = /Users/cpantesting/cpantesting/perl-5.26.2/bin/perl
    $UID/$EUID = 503 / 503
    $GID = 20 20 12 61 703 702 701 100
    $EGID = 20 20 12 61 703 702 701 100

Perl module toolchain versions installed:

    Module              Have      
    ------------------- ----------
    CPAN                2.18      
    CPAN::Meta          2.150010  
    Cwd                 3.67      
    ExtUtils::CBuilder  0.280235  
    ExtUtils::Command   7.58      
    ExtUtils::Install   2.06      
    ExtUtils::MakeMaker 7.58      
    ExtUtils::Manifest  1.70      
    ExtUtils::ParseXS   3.34      
    File::Spec          3.67      
    JSON                4.03      
    JSON::PP            2.27400_02
    Module::Build       0.4231    
    Module::Signature   n/a       
    Parse::CPAN::Meta   2.150010  
    Test::Harness       3.38      
    Test::More          1.302183  
    YAML                n/a       
    YAML::Syck          n/a       
    version             0.9917    


--

Summary of my perl5 (revision 5 version 26 subversion 2) configuration:
   
  Platform:
    osname=darwin
    osvers=19.6.0
    archname=darwin-thread-multi-2level
    uname='darwin harrow.local 19.6.0 darwin kernel version 19.6.0: thu oct 29 22:56:45 pdt 2020; root:xnu-6153.141.2.2~1release_x86_64 x86_64 '
    config_args='-de -Dusethreads -Dprefix=/Users/cpantesting/cpantesting/perl-5.26.2'
    hint=recommended
    useposix=true
    d_sigaction=define
    useithreads=define
    usemultiplicity=define
    use64bitint=define
    use64bitall=define
    uselongdouble=undef
    usemymalloc=n
    default_inc_excludes_dot=define
    bincompat5005=undef
  Compiler:
    cc='cc'
    ccflags ='-fno-common -DPERL_DARWIN -mmacosx-version-min=10.15 -fno-strict-aliasing -pipe -fstack-protector-strong -I/usr/local/include -DPERL_USE_SAFE_PUTENV'
    optimize='-O3'
    cppflags='-fno-common -DPERL_DARWIN -mmacosx-version-min=10.15 -fno-strict-aliasing -pipe -fstack-protector-strong -I/usr/local/include'
    ccversion=''
    gccversion='Apple LLVM 12.0.0 (clang-1200.0.32.27)'
    gccosandvers=''
    intsize=4
    longsize=8
    ptrsize=8
    doublesize=8
    byteorder=12345678
    doublekind=3
    d_longlong=define
    longlongsize=8
    d_longdbl=define
    longdblsize=16
    longdblkind=3
    ivtype='long'
    ivsize=8
    nvtype='double'
    nvsize=8
    Off_t='off_t'
    lseeksize=8
    alignbytes=8
    prototype=define
  Linker and Libraries:
    ld='cc'
    ldflags =' -mmacosx-version-min=10.15 -fstack-protector-strong -L/usr/local/lib'
    libpth=/usr/local/lib /Library/Developer/CommandLineTools/usr/lib/clang/12.0.0/lib /Library/Developer/CommandLineTools/SDKs/MacOSX10.15.sdk/usr/lib /Library/Developer/CommandLineTools/usr/lib /usr/lib
    libs=-lpthread -lgdbm -ldbm -ldl -lm -lutil -lc
    perllibs=-lpthread -ldl -lm -lutil -lc
    libc=
    so=dylib
    useshrplib=false
    libperl=libperl.a
    gnulibc_version=''
  Dynamic Linking:
    dlsrc=dl_dlopen.xs
    dlext=bundle
    d_dlsymun=undef
    ccdlflags=' '
    cccdlflags=' '
    lddlflags=' -mmacosx-version-min=10.15 -bundle -undefined dynamic_lookup -L/usr/local/lib -fstack-protector-strong'


Characteristics of this binary (from libperl): 
  Compile-time options:
    HAS_TIMES
    MULTIPLICITY
    PERLIO_LAYERS
    PERL_COPY_ON_WRITE
    PERL_DONT_CREATE_GVSV
    PERL_IMPLICIT_CONTEXT
    PERL_MALLOC_WRAP
    PERL_OP_PARENT
    PERL_PRESERVE_IVUV
    PERL_USE_SAFE_PUTENV
    USE_64_BIT_ALL
    USE_64_BIT_INT
    USE_ITHREADS
    USE_LARGE_FILES
    USE_LOCALE
    USE_LOCALE_COLLATE
    USE_LOCALE_CTYPE
    USE_LOCALE_NUMERIC
    USE_LOCALE_TIME
    USE_PERLIO
    USE_PERL_ATOF
    USE_REENTRANT_API
  Built under darwin
  Compiled at Dec 29 2020 22:52:38
  %ENV:
    PERL="5.26.2"
    PERL5LIB=""
    PERL5OPT=""
    PERL5_CPANPLUS_IS_RUNNING="73187"
    PERL5_CPAN_IS_RUNNING="73187"
    PERLBREW_HOME="/Users/cpantesting/.perlbrew"
    PERLBREW_MANPATH="/Users/cpantesting/perl5/perlbrew/perls/perl-5.32.0/man"
    PERLBREW_PATH="/Users/cpantesting/perl5/perlbrew/bin:/Users/cpantesting/perl5/perlbrew/perls/perl-5.32.0/bin"
    PERLBREW_PERL="perl-5.32.0"
    PERLBREW_ROOT="/Users/cpantesting/perl5/perlbrew"
    PERLBREW_SHELLRC_VERSION="0.89"
    PERLBREW_VERSION="0.89"
    PERLVER="5.26.2"
    PERL_INLINE_DIRECTORY="/Users/cpantesting/.Inline-5.26.2"
    PERL_MM_USE_DEFAULT="1"
    PERL_USE_UNSAFE_INC="0"
  @INC:
    /Users/cpantesting/cpantesting/perl-5.26.2/lib/site_perl/5.26.2/darwin-thread-multi-2level
    /Users/cpantesting/cpantesting/perl-5.26.2/lib/site_perl/5.26.2
    /Users/cpantesting/cpantesting/perl-5.26.2/lib/5.26.2/darwin-thread-multi-2level
    /Users/cpantesting/cpantesting/perl-5.26.2/lib/5.26.2