Report for Module-Packaged-0.86

Back
From: metabase:user:314402c4-2aae-11df-837a-5e0a49663a4f
Subject: FAIL Module-Packaged-0.86 v5.10.1 GNU/Linux
Date: 2015-12-07T19:01:49Z

This distribution has been tested as part of the CPAN Testers
project, supporting the Perl programming language.  See
http://wiki.cpantesters.org/ for more information or email
questions to cpan-testers-discuss@perl.org


--
Dear Leon Brocard,

This is a computer-generated report for Module-Packaged-0.86
on perl 5.10.1, created by CPAN-Reporter-1.2015.

Thank you for uploading your work to CPAN.  However, there was a problem
testing your distribution.

If you think this report is invalid, please consult the CPAN Testers Wiki
for suggestions on how to avoid getting FAIL reports for missing library
or binary dependencies, unsupported operating systems, and so on:

http://wiki.cpantesters.org/wiki/CPANAuthorNotes

Sections of this report:

    * Tester comments
    * Program output
    * Prerequisites
    * Environment and other context

------------------------------
TESTER COMMENTS
------------------------------

Additional comments from tester:

none provided

------------------------------
PROGRAM OUTPUT
------------------------------

Output from './Build test':

t/pod.t ........... ok
t/pod_coverage.t .. ok

# These tests take a while to run as we need to mirror a large
# file from the web. Please be patient.
Error fetching http://www.astray.com/tmp/module_packaged.gz: 500 Internal Server Error at /opt/perl-5.10.1/lib/site_perl/5.10.1/App/Cache.pm line 105.
# Looks like you planned 4 tests but ran 1.
# Looks like your test exited with 255 just after 1.
t/simple.t ........ 
Dubious, test returned 255 (wstat 65280, 0xff00)
Failed 3/4 subtests 

Test Summary Report
-------------------
t/simple.t      (Wstat: 65280 Tests: 1 Failed: 0)
  Non-zero exit status: 255
  Parse errors: Bad plan.  You planned 4 tests but ran 1.
Files=3, Tests=5,  1 wallclock secs ( 0.02 usr  0.01 sys +  0.54 cusr  0.10 csys =  0.67 CPU)
Result: FAIL
Failed 1/3 test programs. 0/5 subtests failed.

------------------------------
PREREQUISITES
------------------------------

Prerequisite modules loaded:

requires:

    Module                         Need Have    
    ------------------------------ ---- --------
    App::Cache                     0    0.37    
    Class::Accessor::Chained::Fast 0    0       
    Compress::Zlib                 0    2.064   
    IO::File                       1.08 1.14    
    IO::String                     0    1.08    
    IO::Zlib                       1.01 1.10    
    LWP::Simple                    1.38 6.15    
    Parse::CPAN::Packages          2.20 2.40    
    Parse::Debian::Packages        0.01 0.03    
    Sort::Versions                 1.50 1.60    
    Storable                       0    2.51    
    Test::More                     0.47 1.001014


------------------------------
ENVIRONMENT AND OTHER CONTEXT
------------------------------

Environment variables:

    LANG = C
    PATH = /usr/local/bin:/usr/bin:/bin:/usr/local/sbin:/usr/sbin:/sbin:/home/eserte/bin/linux-gnu:/home/eserte/bin/sh:/home/eserte/bin:/usr/games:/home/eserte/devel:/home/eserte/src/srezic-misc/scripts
    PERL5LIB = /home/eserte/.cpan/build/2015120718/Parse-Debian-Packages-0.03-dG1rgz/blib/arch:/home/eserte/.cpan/build/2015120718/Parse-Debian-Packages-0.03-dG1rgz/blib/lib:/home/eserte/.cpan/build/2015120718/Mail-Audit-DKIM-0.003-tSsOcH/blib/arch:/home/eserte/.cpan/build/2015120718/Mail-Audit-DKIM-0.003-tSsOcH/blib/lib:/home/eserte/.cpan/build/2015120718/Mail-Audit-2.228-i9EAR0/blib/arch:/home/eserte/.cpan/build/2015120718/Mail-Audit-2.228-i9EAR0/blib/lib
    PERL5OPT = 
    PERL5_CPANPLUS_IS_RUNNING = 1234
    PERL5_CPAN_IS_RUNNING = 1234
    PERL5_CPAN_IS_RUNNING_IN_RECURSION = 1160,1234
    PERLDOC = -MPod::Perldoc::ToTextOverstrike
    PERL_BATCH = yes
    PERL_CANARY_STABILITY_NOPROMPT = 1
    PERL_CPAN_REPORTER_CONFIG = /var/tmp/cpansmoker-1001/2015120718/cpanreporter_001_config.ini
    PERL_EXTUTILS_AUTOINSTALL = --defaultdeps
    SHELL = /bin/zsh
    TERM = screen
    TMPDIR = /var/tmp/cpansmoker-1001/2015120718

Perl special variables (and OS-specific diagnostics, for MSWin32):

    $^X = /bbbike/perl-5.10.1/bin/perl
    $UID/$EUID = 1001 / 1001
    $GID = 1001 109 1001
    $EGID = 1001 109 1001

Perl module toolchain versions installed:

    Module              Have    
    ------------------- --------
    CPAN                2.05    
    CPAN::Meta          2.150005
    Cwd                 3.60    
    ExtUtils::CBuilder  0.280223
    ExtUtils::Command   1.16    
    ExtUtils::Install   2.04    
    ExtUtils::MakeMaker 7.04    
    ExtUtils::Manifest  1.68    
    ExtUtils::ParseXS   3.24    
    File::Spec          3.60    
    JSON                2.90    
    JSON::PP            2.27203 
    Module::Build       0.4214  
    Module::Signature   0.78    
    Parse::CPAN::Meta   1.4414  
    Test::Harness       3.35    
    Test::More          1.001014
    YAML                1.15    
    YAML::Syck          1.29    
    version             0.9912  


--

Summary of my perl5 (revision 5 version 10 subversion 1) configuration:
   
  Platform:
    osname=linux, osvers=3.2.0-4-amd64, archname=x86_64-linux
    uname='linux eserte 3.2.0-4-amd64 #1 smp debian 3.2.60-1+deb7u3 x86_64 gnulinux '
    config_args='-ds -e -Dprefix=/opt/perl-5.10.1'
    hint=recommended, useposix=true, d_sigaction=define
    useithreads=undef, usemultiplicity=undef
    useperlio=define, d_sfio=undef, uselargefiles=define, usesocks=undef
    use64bitint=define, use64bitall=define, uselongdouble=undef
    usemymalloc=n, bincompat5005=undef
  Compiler:
    cc='cc', ccflags ='-fno-strict-aliasing -pipe -fstack-protector -I/usr/local/include -D_LARGEFILE_SOURCE -D_FILE_OFFSET_BITS=64',
    optimize='-O2',
    cppflags='-fno-strict-aliasing -pipe -fstack-protector -I/usr/local/include'
    ccversion='', gccversion='4.7.2', gccosandvers=''
    intsize=4, longsize=8, ptrsize=8, doublesize=8, byteorder=12345678
    d_longlong=define, longlongsize=8, d_longdbl=define, longdblsize=16
    ivtype='long', ivsize=8, nvtype='double', nvsize=8, Off_t='off_t', lseeksize=8
    alignbytes=8, prototype=define
  Linker and Libraries:
    ld='cc', ldflags =' -fstack-protector -L/usr/local/lib'
    libpth=/usr/local/lib /lib/x86_64-linux-gnu /lib/../lib /usr/lib/x86_64-linux-gnu /usr/lib/../lib /lib /usr/lib
    libs=-lnsl -ldb -ldl -lm -lcrypt -lutil -lc
    perllibs=-lnsl -ldl -lm -lcrypt -lutil -lc
    libc=libc-2.13.so, so=so, useshrplib=false, libperl=libperl.a
    gnulibc_version='2.13'
  Dynamic Linking:
    dlsrc=dl_dlopen.xs, dlext=so, d_dlsymun=undef, ccdlflags='-Wl,-E'
    cccdlflags='-fPIC', lddlflags='-shared -O2 -L/usr/local/lib -fstack-protector'


Characteristics of this binary (from libperl): 
  Compile-time options: PERL_DONT_CREATE_GVSV PERL_MALLOC_WRAP USE_64_BIT_ALL
                        USE_64_BIT_INT USE_LARGE_FILES USE_PERLIO
  Built under linux
  Compiled at Aug 18 2014 20:38:33
  %ENV:
    PERL5LIB="/home/eserte/.cpan/build/2015120718/Parse-Debian-Packages-0.03-dG1rgz/blib/arch:/home/eserte/.cpan/build/2015120718/Parse-Debian-Packages-0.03-dG1rgz/blib/lib:/home/eserte/.cpan/build/2015120718/Mail-Audit-DKIM-0.003-tSsOcH/blib/arch:/home/eserte/.cpan/build/2015120718/Mail-Audit-DKIM-0.003-tSsOcH/blib/lib:/home/eserte/.cpan/build/2015120718/Mail-Audit-2.228-i9EAR0/blib/arch:/home/eserte/.cpan/build/2015120718/Mail-Audit-2.228-i9EAR0/blib/lib"
    PERL5OPT=""
    PERL5_CPANPLUS_IS_RUNNING="1234"
    PERL5_CPAN_IS_RUNNING="1234"
    PERL5_CPAN_IS_RUNNING_IN_RECURSION="1160,1234"
    PERLDOC="-MPod::Perldoc::ToTextOverstrike"
    PERL_BATCH="yes"
    PERL_CANARY_STABILITY_NOPROMPT="1"
    PERL_CPAN_REPORTER_CONFIG="/var/tmp/cpansmoker-1001/2015120718/cpanreporter_001_config.ini"
    PERL_EXTUTILS_AUTOINSTALL="--defaultdeps"
  @INC:
    /home/eserte/.cpan/build/2015120718/Parse-Debian-Packages-0.03-dG1rgz/blib/arch
    /home/eserte/.cpan/build/2015120718/Parse-Debian-Packages-0.03-dG1rgz/blib/lib
    /home/eserte/.cpan/build/2015120718/Mail-Audit-DKIM-0.003-tSsOcH/blib/arch
    /home/eserte/.cpan/build/2015120718/Mail-Audit-DKIM-0.003-tSsOcH/blib/lib
    /home/eserte/.cpan/build/2015120718/Mail-Audit-2.228-i9EAR0/blib/arch
    /home/eserte/.cpan/build/2015120718/Mail-Audit-2.228-i9EAR0/blib/lib
    /opt/perl-5.10.1/lib/5.10.1/x86_64-linux
    /opt/perl-5.10.1/lib/5.10.1
    /opt/perl-5.10.1/lib/site_perl/5.10.1/x86_64-linux
    /opt/perl-5.10.1/lib/site_perl/5.10.1
    .