Report for Tkx-1.09

Back
From: metabase:user:314402c4-2aae-11df-837a-5e0a49663a4f
Subject: FAIL Tkx-1.09 v5.18.2 Mac OS X
Date: 2016-05-27T16:49:35Z

This distribution has been tested as part of the CPAN Testers
project, supporting the Perl programming language.  See
http://wiki.cpantesters.org/ for more information or email
questions to cpan-testers-discuss@perl.org


--
Dear Gisle Aas,

This is a computer-generated report for Tkx-1.09
on perl 5.18.2, created by CPAN-Reporter-1.2017.

Thank you for uploading your work to CPAN.  However, there was a problem
testing your distribution.

If you think this report is invalid, please consult the CPAN Testers Wiki
for suggestions on how to avoid getting FAIL reports for missing library
or binary dependencies, unsupported operating systems, and so on:

http://wiki.cpantesters.org/wiki/CPANAuthorNotes

Sections of this report:

    * Tester comments
    * Program output
    * Prerequisites
    * Environment and other context

------------------------------
TESTER COMMENTS
------------------------------

Additional comments from tester:

none provided

------------------------------
PROGRAM OUTPUT
------------------------------

Output from '/usr/bin/make test':

PERL_DL_NONLAZY=1 "/usr/local/Cellar/perl518/5.18.2/bin/perl" "-MExtUtils::Command::MM" "-MTest::Harness" "-e" "undef *Test::Harness::Switches; test_harness(0, 'blib/lib', 'blib/arch')" t/*.t
	(in cleanup) Can't call method "DeleteCommand" on an undefined value at /usr/local/Cellar/perl518/5.18.2/lib/site_perl/5.18.2/darwin-thread-multi-2level/Tcl.pm line 655 during global destruction.
t/LabEntry.t ...... ok
t/mega-config.t ... ok
t/mega.t .......... ok
t/nul-char.t ...... ok
t/tcl-callback.t .. ok
# Test 18 got: "Tcl error 'Foo at /usr/local/Cellar/perl518/5.18.2/lib/site_perl/5.18.2/darwin-thread-multi-2level/Tcl.pm line 585.\n' while invoking scalar result call:\n\t\"error Foo\" at /usr/local/Cellar/perl518/5.18.2/lib/site_perl/5.18.2/darwin-thread-multi-2level/Tcl.pm line 588.\n\tTcl::call('Tcl=SCALAR(0x7f8c74834230)', 'error', 'Foo') called at /Users/eserte/.cpan/build/2016052715/Tkx-1.09-nVpZro/blib/lib/Tkx.pm line 329\n\teval {...} called at /Users/eserte/.cpan/build/2016052715/Tkx-1.09-nVpZro/blib/lib/Tkx.pm line 329\n\tTkx::i::call('error', 'Foo') called at /Users/eserte/.cpan/build/2016052715/Tkx-1.09-nVpZro/blib/lib/Tkx.pm line 51\n\tTkx::AUTOLOAD('Foo') called at t/tcl.t line 38\n\teval {...} called at t/tcl.t line 38\n" (t/tcl.t at line 39)
#    Expected: "Foo at t/tcl.t line 38.\n"
#  t/tcl.t line 39 is: ok($@, "Foo at @{[__FILE__]} line @{[__LINE__ - 1]}.\n");
t/tcl.t ........... 
Failed 1/18 subtests 
t/tk.t ............ ok
t/utf8.t .......... ok

Test Summary Report
-------------------
t/tcl.t         (Wstat: 0 Tests: 18 Failed: 1)
  Failed test:  18
Files=8, Tests=54,  8 wallclock secs ( 0.04 usr  0.02 sys +  1.12 cusr  0.48 csys =  1.66 CPU)
Result: FAIL
Failed 1/8 test programs. 1/54 subtests failed.
make: *** [test_dynamic] Error 255

------------------------------
PREREQUISITES
------------------------------

Prerequisite modules loaded:

requires:

    Module              Need  Have    
    ------------------- ----- --------
    perl                5.008 5.018002
    Tcl                 1     1.04    

build_requires:

    Module              Need  Have    
    ------------------- ----- --------
    ExtUtils::MakeMaker 0     7.16    

configure_requires:

    Module              Need  Have    
    ------------------- ----- --------
    ExtUtils::MakeMaker 0     7.16    


------------------------------
ENVIRONMENT AND OTHER CONTEXT
------------------------------

Environment variables:

    LANG = de_DE.UTF-8
    PATH = /Users/eserte/bin/pistachio-perl/bin:/Users/eserte/bin/pistachio-perl:/usr/local/bin:/usr/bin:/bin:/usr/local/sbin:/usr/sbin:/sbin:/Users/eserte/bin/darwin15.0:/Users/eserte/bin/sh:/Users/eserte/bin:/Users/eserte/bin/pistachio-perl/bin:/usr/games:/Users/eserte/devel:/Users/eserte/src/srezic-misc/scripts
    PERL5LIB = 
    PERL5OPT = -Mblib=/Users/eserte/src/CPAN/CPAN-Plugin-Sysdeps
    PERL5_CPANPLUS_IS_RUNNING = 99596
    PERL5_CPAN_IS_RUNNING = 99596
    PERL5_CPAN_IS_RUNNING_IN_RECURSION = 99585,99596
    PERLDOC = -MPod::Perldoc::ToTextOverstrike
    PERL_BATCH = yes
    PERL_CANARY_STABILITY_NOPROMPT = 1
    PERL_CPAN_REPORTER_CONFIG = /var/tmp/cpansmoker-501/2016052715/cpanreporter_000_config.ini
    PERL_EXTUTILS_AUTOINSTALL = --defaultdeps
    SHELL = /bin/zsh
    TERM = xterm-256color
    TMPDIR = /var/tmp/cpansmoker-501/2016052715

Perl special variables (and OS-specific diagnostics, for MSWin32):

    $^X = /usr/local/Cellar/perl518/5.18.2/bin/perl
    $UID/$EUID = 501 / 501
    $GID = 20 20 701 12 61 79 80 81 98 33 100 204 395 398 399
    $EGID = 20 20 701 12 61 79 80 81 98 33 100 204 395 398 399

Perl module toolchain versions installed:

    Module              Have    
    ------------------- --------
    CPAN                2.10    
    CPAN::Meta          2.150005
    Cwd                 3.40    
    ExtUtils::CBuilder  0.280210
    ExtUtils::Command   7.16    
    ExtUtils::Install   1.59    
    ExtUtils::MakeMaker 7.16    
    ExtUtils::Manifest  1.70    
    ExtUtils::ParseXS   3.18    
    File::Spec          3.40    
    JSON                2.90    
    JSON::PP            2.27203 
    Module::Build       0.4218  
    Module::Signature   0.79    
    Parse::CPAN::Meta   1.4417  
    Test::Harness       3.36    
    Test::More          1.302018
    YAML                1.15    
    YAML::Syck          1.29    
    version             0.9902  


--

Summary of my perl5 (revision 5 version 18 subversion 2) configuration:
   
  Platform:
    osname=darwin, osvers=15.4.0, archname=darwin-thread-multi-2level
    uname='darwin slavens-macbook-pro.local 15.4.0 darwin kernel version 15.4.0: fri feb 26 22:08:05 pst 2016; root:xnu-3248.40.184~3release_x86_64 x86_64 '
    config_args='-des -Dprefix=/usr/local/Cellar/perl518/5.18.2 -Dman1dir=/usr/local/Cellar/perl518/5.18.2/share/man/man1 -Dman3dir=/usr/local/Cellar/perl518/5.18.2/share/man/man3 -Duseshrplib -Duselargefiles -Dusethreads'
    hint=recommended, useposix=true, d_sigaction=define
    useithreads=define, usemultiplicity=define
    useperlio=define, d_sfio=undef, uselargefiles=define, usesocks=undef
    use64bitint=define, use64bitall=define, uselongdouble=undef
    usemymalloc=n, bincompat5005=undef
  Compiler:
    cc='cc', ccflags ='-fno-common -DPERL_DARWIN -fno-strict-aliasing -pipe -fstack-protector',
    optimize='-O3',
    cppflags='-fno-common -DPERL_DARWIN -fno-strict-aliasing -pipe -fstack-protector'
    ccversion='', gccversion='4.2.1 Compatible Apple LLVM 7.3.0 (clang-703.0.31)', gccosandvers=''
    intsize=4, longsize=8, ptrsize=8, doublesize=8, byteorder=12345678
    d_longlong=define, longlongsize=8, d_longdbl=define, longdblsize=16
    ivtype='long', ivsize=8, nvtype='double', nvsize=8, Off_t='off_t', lseeksize=8
    alignbytes=8, prototype=define
  Linker and Libraries:
    ld='env MACOSX_DEPLOYMENT_TARGET=10.3 cc', ldflags =' -fstack-protector'
    libpth=/usr/lib
    libs=-ldbm -ldl -lm -lutil -lc
    perllibs=-ldl -lm -lutil -lc
    libc=, so=dylib, useshrplib=true, libperl=libperl.dylib
    gnulibc_version=''
  Dynamic Linking:
    dlsrc=dl_dlopen.xs, dlext=bundle, d_dlsymun=undef, ccdlflags=' '
    cccdlflags=' ', lddlflags=' -bundle -undefined dynamic_lookup -fstack-protector'


Characteristics of this binary (from libperl): 
  Compile-time options: HAS_TIMES MULTIPLICITY PERLIO_LAYERS
                        PERL_DONT_CREATE_GVSV
                        PERL_HASH_FUNC_ONE_AT_A_TIME_HARD
                        PERL_IMPLICIT_CONTEXT PERL_MALLOC_WRAP
                        PERL_PRESERVE_IVUV PERL_SAWAMPERSAND USE_64_BIT_ALL
                        USE_64_BIT_INT USE_ITHREADS USE_LARGE_FILES
                        USE_LOCALE USE_LOCALE_COLLATE USE_LOCALE_CTYPE
                        USE_LOCALE_NUMERIC USE_PERLIO USE_PERL_ATOF
                        USE_REENTRANT_API
  Built under darwin
  Compiled at May 18 2016 19:47:50
  %ENV:
    PERL5LIB=""
    PERL5OPT="-Mblib=/Users/eserte/src/CPAN/CPAN-Plugin-Sysdeps"
    PERL5_CPANPLUS_IS_RUNNING="99596"
    PERL5_CPAN_IS_RUNNING="99596"
    PERL5_CPAN_IS_RUNNING_IN_RECURSION="99585,99596"
    PERLDOC="-MPod::Perldoc::ToTextOverstrike"
    PERL_BATCH="yes"
    PERL_CANARY_STABILITY_NOPROMPT="1"
    PERL_CPAN_REPORTER_CONFIG="/var/tmp/cpansmoker-501/2016052715/cpanreporter_000_config.ini"
    PERL_EXTUTILS_AUTOINSTALL="--defaultdeps"
  @INC:
    /Users/eserte/src/CPAN/CPAN-Plugin-Sysdeps/blib/arch
    /Users/eserte/src/CPAN/CPAN-Plugin-Sysdeps/blib/lib
    /usr/local/Cellar/perl518/5.18.2/lib/site_perl/5.18.2/darwin-thread-multi-2level
    /usr/local/Cellar/perl518/5.18.2/lib/site_perl/5.18.2
    /usr/local/Cellar/perl518/5.18.2/lib/5.18.2/darwin-thread-multi-2level
    /usr/local/Cellar/perl518/5.18.2/lib/5.18.2
    .